{"id":563,"date":"2020-02-16T20:43:31","date_gmt":"2020-02-16T19:43:31","guid":{"rendered":"https:\/\/agora.xtec.cat\/ceipmontserrat\/?page_id=563"},"modified":"2023-06-21T13:56:37","modified_gmt":"2023-06-21T11:56:37","slug":"participacio-educativa-de-la-comunitat","status":"publish","type":"page","link":"https:\/\/agora.xtec.cat\/ceipmontserrat\/projecte-educatiu\/participacio-educativa-de-la-comunitat\/","title":{"rendered":"Participaci\u00f3 Educativa de la Comunitat"},"content":{"rendered":"<p>La participaci\u00f3 de les fam\u00edlies en el dia a dia de l&#8217;escola \u00e9s indispensable. Sense aquesta col\u00b7laboraci\u00f3 i implicaci\u00f3 la nostra Comunitat d&#8217;Aprenentatge no tindria cap sentit i ens costaria molt assolir uns bons \u00e8xits educatius i una bona conviv\u00e8ncia.<\/p>\n<p>\u00c9s per aix\u00f2 que donem molta importancia a les <strong>assemblees d&#8217;escola i d&#8217;aules.<\/strong><\/p>\n<p>Tamb\u00e9 tenen un paper molt important en les <strong>comissions mixtes<\/strong> de l&#8217;escola.<\/p>\n<p><a href=\"https:\/\/agora.xtec.cat\/ceipmontserrat\/wp-content\/uploads\/usu1716\/2020\/06\/EJqYMkZWkAAFZVO.jpg\"><img loading=\"lazy\" decoding=\"async\" class=\"alignleft size-medium wp-image-840\" src=\"https:\/\/agora.xtec.cat\/ceipmontserrat\/wp-content\/uploads\/usu1716\/2020\/06\/EJqYMkZWkAAFZVO-300x225.jpg\" alt=\"\" width=\"300\" height=\"225\" srcset=\"https:\/\/agora.xtec.cat\/ceipmontserrat\/wp-content\/uploads\/usu1716\/2020\/06\/EJqYMkZWkAAFZVO-300x225.jpg 300w, https:\/\/agora.xtec.cat\/ceipmontserrat\/wp-content\/uploads\/usu1716\/2020\/06\/EJqYMkZWkAAFZVO-768x576.jpg 768w, https:\/\/agora.xtec.cat\/ceipmontserrat\/wp-content\/uploads\/usu1716\/2020\/06\/EJqYMkZWkAAFZVO-1024x768.jpg 1024w, https:\/\/agora.xtec.cat\/ceipmontserrat\/wp-content\/uploads\/usu1716\/2020\/06\/EJqYMkZWkAAFZVO-200x150.jpg 200w\" sizes=\"auto, (max-width: 300px) 100vw, 300px\" \/><\/a> <a href=\"https:\/\/agora.xtec.cat\/ceipmontserrat\/wp-content\/uploads\/usu1716\/2020\/06\/ELfwl0EX0AYmp-g.jpg\"><img loading=\"lazy\" decoding=\"async\" class=\"aligncenter size-medium wp-image-841\" src=\"https:\/\/agora.xtec.cat\/ceipmontserrat\/wp-content\/uploads\/usu1716\/2020\/06\/ELfwl0EX0AYmp-g-300x225.jpg\" alt=\"\" width=\"300\" height=\"225\" srcset=\"https:\/\/agora.xtec.cat\/ceipmontserrat\/wp-content\/uploads\/usu1716\/2020\/06\/ELfwl0EX0AYmp-g-300x225.jpg 300w, https:\/\/agora.xtec.cat\/ceipmontserrat\/wp-content\/uploads\/usu1716\/2020\/06\/ELfwl0EX0AYmp-g-768x576.jpg 768w, https:\/\/agora.xtec.cat\/ceipmontserrat\/wp-content\/uploads\/usu1716\/2020\/06\/ELfwl0EX0AYmp-g-1024x768.jpg 1024w, https:\/\/agora.xtec.cat\/ceipmontserrat\/wp-content\/uploads\/usu1716\/2020\/06\/ELfwl0EX0AYmp-g-200x150.jpg 200w, https:\/\/agora.xtec.cat\/ceipmontserrat\/wp-content\/uploads\/usu1716\/2020\/06\/ELfwl0EX0AYmp-g.jpg 2048w\" sizes=\"auto, (max-width: 300px) 100vw, 300px\" \/><\/a><\/p>\n<p>&nbsp;<\/p>\n<p><a href=\"https:\/\/agora.xtec.cat\/ceipmontserrat\/wp-content\/uploads\/usu1716\/2020\/06\/ELfwlznWwAAMsSy.jpg\"><img loading=\"lazy\" decoding=\"async\" class=\"aligncenter wp-image-842 size-large\" src=\"https:\/\/agora.xtec.cat\/ceipmontserrat\/wp-content\/uploads\/usu1716\/2020\/06\/ELfwlznWwAAMsSy-1024x768.jpg\" alt=\"\" width=\"1024\" height=\"768\" srcset=\"https:\/\/agora.xtec.cat\/ceipmontserrat\/wp-content\/uploads\/usu1716\/2020\/06\/ELfwlznWwAAMsSy-1024x768.jpg 1024w, https:\/\/agora.xtec.cat\/ceipmontserrat\/wp-content\/uploads\/usu1716\/2020\/06\/ELfwlznWwAAMsSy-300x225.jpg 300w, https:\/\/agora.xtec.cat\/ceipmontserrat\/wp-content\/uploads\/usu1716\/2020\/06\/ELfwlznWwAAMsSy-768x576.jpg 768w, https:\/\/agora.xtec.cat\/ceipmontserrat\/wp-content\/uploads\/usu1716\/2020\/06\/ELfwlznWwAAMsSy-200x150.jpg 200w, https:\/\/agora.xtec.cat\/ceipmontserrat\/wp-content\/uploads\/usu1716\/2020\/06\/ELfwlznWwAAMsSy.jpg 2048w\" sizes=\"auto, (max-width: 1024px) 100vw, 1024px\" \/><\/a><\/p>\n","protected":false},"excerpt":{"rendered":"<p>La participaci\u00f3 de les fam\u00edlies en el dia a dia de l&#8217;escola \u00e9s indispensable. Sense aquesta col\u00b7laboraci\u00f3 i implicaci\u00f3 la nostra Comunitat d&#8217;Aprenentatge no tindria cap sentit i ens costaria molt assolir uns bons \u00e8xits educatius i una bona conviv\u00e8ncia.<br \/>\n\u00c9s per aix\u00f2 que donem molta&hellip;  <a href=\"https:\/\/agora.xtec.cat\/ceipmontserrat\/projecte-educatiu\/participacio-educativa-de-la-comunitat\/\" title=\"Read Participaci\u00f3 Educativa de la Comunitat\">Llegeix m\u00e9s\u00bb<\/a><\/p>\n","protected":false},"author":1,"featured_media":0,"parent":64,"menu_order":0,"comment_status":"closed","ping_status":"closed","template":"","meta":{"_bbp_topic_count":0,"_bbp_reply_count":0,"_bbp_total_topic_count":0,"_bbp_total_reply_count":0,"_bbp_voice_count":0,"_bbp_anonymous_reply_count":0,"_bbp_topic_count_hidden":0,"_bbp_reply_count_hidden":0,"_bbp_forum_subforum_count":0,"footnotes":""},"class_list":["post-563","page","type-page","status-publish","hentry"],"post_mailing_queue_ids":[],"_links":{"self":[{"href":"https:\/\/agora.xtec.cat\/ceipmontserrat\/wp-json\/wp\/v2\/pages\/563","targetHints":{"allow":["GET"]}}],"collection":[{"href":"https:\/\/agora.xtec.cat\/ceipmontserrat\/wp-json\/wp\/v2\/pages"}],"about":[{"href":"https:\/\/agora.xtec.cat\/ceipmontserrat\/wp-json\/wp\/v2\/types\/page"}],"author":[{"embeddable":true,"href":"https:\/\/agora.xtec.cat\/ceipmontserrat\/wp-json\/wp\/v2\/users\/1"}],"replies":[{"embeddable":true,"href":"https:\/\/agora.xtec.cat\/ceipmontserrat\/wp-json\/wp\/v2\/comments?post=563"}],"version-history":[{"count":3,"href":"https:\/\/agora.xtec.cat\/ceipmontserrat\/wp-json\/wp\/v2\/pages\/563\/revisions"}],"predecessor-version":[{"id":846,"href":"https:\/\/agora.xtec.cat\/ceipmontserrat\/wp-json\/wp\/v2\/pages\/563\/revisions\/846"}],"up":[{"embeddable":true,"href":"https:\/\/agora.xtec.cat\/ceipmontserrat\/wp-json\/wp\/v2\/pages\/64"}],"wp:attachment":[{"href":"https:\/\/agora.xtec.cat\/ceipmontserrat\/wp-json\/wp\/v2\/media?parent=563"}],"curies":[{"name":"wp","href":"https:\/\/api.w.org\/{rel}","templated":true}]}}

Participació Educativa de la Comunitat

<p>La participació de les famílies en el dia a dia de l&#8217;escola és indispensable. Sense aquesta col·laboració i implicació la nostra Comunitat d&#8217;Aprenentatge no tindria cap sentit i ens costaria molt assolir uns bons èxits educatius i una bona convivència.</p>
<p>És per això que donem molta importancia a les <strong>assemblees d&#8217;escola i d&#8217;aules.</strong></p>
<p>També tenen un paper molt important en les <strong>comissions mixtes</strong> de l&#8217;escola.</p>
<p><a href="https://agora.xtec.cat/ceipmontserrat/wp-content/uploads/usu1716/2020/06/EJqYMkZWkAAFZVO.jpg"><img loading="lazy" decoding="async" class="alignleft size-medium wp-image-840" src="https://agora.xtec.cat/ceipmontserrat/wp-content/uploads/usu1716/2020/06/EJqYMkZWkAAFZVO-300x225.jpg" alt="" width="300" height="225" srcset="https://agora.xtec.cat/ceipmontserrat/wp-content/uploads/usu1716/2020/06/EJqYMkZWkAAFZVO-300x225.jpg 300w, https://agora.xtec.cat/ceipmontserrat/wp-content/uploads/usu1716/2020/06/EJqYMkZWkAAFZVO-768x576.jpg 768w, https://agora.xtec.cat/ceipmontserrat/wp-content/uploads/usu1716/2020/06/EJqYMkZWkAAFZVO-1024x768.jpg 1024w, https://agora.xtec.cat/ceipmontserrat/wp-content/uploads/usu1716/2020/06/EJqYMkZWkAAFZVO-200x150.jpg 200w" sizes="auto, (max-width: 300px) 100vw, 300px" /></a> <a href="https://agora.xtec.cat/ceipmontserrat/wp-content/uploads/usu1716/2020/06/ELfwl0EX0AYmp-g.jpg"><img loading="lazy" decoding="async" class="aligncenter size-medium wp-image-841" src="https://agora.xtec.cat/ceipmontserrat/wp-content/uploads/usu1716/2020/06/ELfwl0EX0AYmp-g-300x225.jpg" alt="" width="300" height="225" srcset="https://agora.xtec.cat/ceipmontserrat/wp-content/uploads/usu1716/2020/06/ELfwl0EX0AYmp-g-300x225.jpg 300w, https://agora.xtec.cat/ceipmontserrat/wp-content/uploads/usu1716/2020/06/ELfwl0EX0AYmp-g-768x576.jpg 768w, https://agora.xtec.cat/ceipmontserrat/wp-content/uploads/usu1716/2020/06/ELfwl0EX0AYmp-g-1024x768.jpg 1024w, https://agora.xtec.cat/ceipmontserrat/wp-content/uploads/usu1716/2020/06/ELfwl0EX0AYmp-g-200x150.jpg 200w, https://agora.xtec.cat/ceipmontserrat/wp-content/uploads/usu1716/2020/06/ELfwl0EX0AYmp-g.jpg 2048w" sizes="auto, (max-width: 300px) 100vw, 300px" /></a></p>
<p>&nbsp;</p>
<p><a href="https://agora.xtec.cat/ceipmontserrat/wp-content/uploads/usu1716/2020/06/ELfwlznWwAAMsSy.jpg"><img loading="lazy" decoding="async" class="aligncenter wp-image-842 size-large" src="https://agora.xtec.cat/ceipmontserrat/wp-content/uploads/usu1716/2020/06/ELfwlznWwAAMsSy-1024x768.jpg" alt="" width="1024" height="768" srcset="https://agora.xtec.cat/ceipmontserrat/wp-content/uploads/usu1716/2020/06/ELfwlznWwAAMsSy-1024x768.jpg 1024w, https://agora.xtec.cat/ceipmontserrat/wp-content/uploads/usu1716/2020/06/ELfwlznWwAAMsSy-300x225.jpg 300w, https://agora.xtec.cat/ceipmontserrat/wp-content/uploads/usu1716/2020/06/ELfwlznWwAAMsSy-768x576.jpg 768w, https://agora.xtec.cat/ceipmontserrat/wp-content/uploads/usu1716/2020/06/ELfwlznWwAAMsSy-200x150.jpg 200w, https://agora.xtec.cat/ceipmontserrat/wp-content/uploads/usu1716/2020/06/ELfwlznWwAAMsSy.jpg 2048w" sizes="auto, (max-width: 1024px) 100vw, 1024px" /></a></p>

<p>La participació de les famílies en el dia a dia de l&#8217;escola és indispensable. Sense aquesta col·laboració i implicació la nostra Comunitat d&#8217;Aprenentatge no tindria cap sentit i ens costaria molt assolir uns bons èxits educatius i una bona convivència.<br />
És per això que donem molta&hellip;  <a href="https://agora.xtec.cat/ceipmontserrat/projecte-educatiu/participacio-educativa-de-la-comunitat/" title="Read Participació Educativa de la Comunitat">Llegeix més»</a></p>
