{"id":555,"date":"2020-02-16T20:39:28","date_gmt":"2020-02-16T19:39:28","guid":{"rendered":"https:\/\/agora.xtec.cat\/ceipmontserrat\/?page_id=555"},"modified":"2023-06-21T13:55:36","modified_gmt":"2023-06-21T11:55:36","slug":"formacio-de-familiars","status":"publish","type":"page","link":"https:\/\/agora.xtec.cat\/ceipmontserrat\/projecte-educatiu\/formacio-de-familiars\/","title":{"rendered":"Formaci\u00f3 de familiars"},"content":{"rendered":"<p>La formaci\u00f3 de familiars sorgeix dels somnis de la Comunitat d&#8217;Aprenentatge.<\/p>\n<p>Actualment es realitza:<\/p>\n<ul>\n<li>Alfabetitzaci\u00f3 en llengua catalana<\/li>\n<li>Costura<\/li>\n<li>Tert\u00falies dial\u00f2giques liter\u00e0ries<\/li>\n<li>Tallers i xerrades informatives que les fam\u00edlies ens demanen, per tal de treballar dubtes o inquietuts que puguin tenir en relaci\u00f3 a l&#8217;aprenentatge i la conviv\u00e8ncia dels seus fills i filles.<\/li>\n<\/ul>\n<p><a href=\"https:\/\/agora.xtec.cat\/ceipmontserrat\/wp-content\/uploads\/usu1716\/2020\/06\/DPKdyDYX0AYIDW8.jpg\"><img loading=\"lazy\" decoding=\"async\" class=\"alignleft wp-image-834 size-medium\" src=\"https:\/\/agora.xtec.cat\/ceipmontserrat\/wp-content\/uploads\/usu1716\/2020\/06\/DPKdyDYX0AYIDW8-e1591271661377-300x194.jpg\" alt=\"\" width=\"300\" height=\"194\" srcset=\"https:\/\/agora.xtec.cat\/ceipmontserrat\/wp-content\/uploads\/usu1716\/2020\/06\/DPKdyDYX0AYIDW8-e1591271661377-300x194.jpg 300w, https:\/\/agora.xtec.cat\/ceipmontserrat\/wp-content\/uploads\/usu1716\/2020\/06\/DPKdyDYX0AYIDW8-e1591271661377-768x497.jpg 768w, https:\/\/agora.xtec.cat\/ceipmontserrat\/wp-content\/uploads\/usu1716\/2020\/06\/DPKdyDYX0AYIDW8-e1591271661377-1024x662.jpg 1024w, https:\/\/agora.xtec.cat\/ceipmontserrat\/wp-content\/uploads\/usu1716\/2020\/06\/DPKdyDYX0AYIDW8-e1591271661377.jpg 1392w\" sizes=\"auto, (max-width: 300px) 100vw, 300px\" \/><\/a><a href=\"https:\/\/agora.xtec.cat\/ceipmontserrat\/wp-content\/uploads\/usu1716\/2020\/06\/EHeSK6_XkAAIL7L.jpg\"><img loading=\"lazy\" decoding=\"async\" class=\"aligncenter size-medium wp-image-835\" src=\"https:\/\/agora.xtec.cat\/ceipmontserrat\/wp-content\/uploads\/usu1716\/2020\/06\/EHeSK6_XkAAIL7L-300x225.jpg\" alt=\"\" width=\"300\" height=\"225\" srcset=\"https:\/\/agora.xtec.cat\/ceipmontserrat\/wp-content\/uploads\/usu1716\/2020\/06\/EHeSK6_XkAAIL7L-300x225.jpg 300w, https:\/\/agora.xtec.cat\/ceipmontserrat\/wp-content\/uploads\/usu1716\/2020\/06\/EHeSK6_XkAAIL7L-768x576.jpg 768w, https:\/\/agora.xtec.cat\/ceipmontserrat\/wp-content\/uploads\/usu1716\/2020\/06\/EHeSK6_XkAAIL7L-1024x768.jpg 1024w, https:\/\/agora.xtec.cat\/ceipmontserrat\/wp-content\/uploads\/usu1716\/2020\/06\/EHeSK6_XkAAIL7L-200x150.jpg 200w, https:\/\/agora.xtec.cat\/ceipmontserrat\/wp-content\/uploads\/usu1716\/2020\/06\/EHeSK6_XkAAIL7L.jpg 1600w\" sizes=\"auto, (max-width: 300px) 100vw, 300px\" \/><\/a> <a href=\"https:\/\/agora.xtec.cat\/ceipmontserrat\/wp-content\/uploads\/usu1716\/2020\/06\/EJ6wej0WsAAglnw-e1591271563814.jpg\"><img loading=\"lazy\" decoding=\"async\" class=\"size-medium wp-image-836 alignnone\" src=\"https:\/\/agora.xtec.cat\/ceipmontserrat\/wp-content\/uploads\/usu1716\/2020\/06\/EJ6wej0WsAAglnw-e1591271563814-300x191.jpg\" alt=\"\" width=\"300\" height=\"191\" srcset=\"https:\/\/agora.xtec.cat\/ceipmontserrat\/wp-content\/uploads\/usu1716\/2020\/06\/EJ6wej0WsAAglnw-e1591271563814-300x191.jpg 300w, https:\/\/agora.xtec.cat\/ceipmontserrat\/wp-content\/uploads\/usu1716\/2020\/06\/EJ6wej0WsAAglnw-e1591271563814-768x488.jpg 768w, https:\/\/agora.xtec.cat\/ceipmontserrat\/wp-content\/uploads\/usu1716\/2020\/06\/EJ6wej0WsAAglnw-e1591271563814-1024x651.jpg 1024w, https:\/\/agora.xtec.cat\/ceipmontserrat\/wp-content\/uploads\/usu1716\/2020\/06\/EJ6wej0WsAAglnw-e1591271563814.jpg 1884w\" sizes=\"auto, (max-width: 300px) 100vw, 300px\" \/><\/a><\/p>\n","protected":false},"excerpt":{"rendered":"<p>La formaci\u00f3 de familiars sorgeix dels somnis de la Comunitat d&#8217;Aprenentatge.<br \/>\nActualment es realitza:<\/p>\n<ul>\n<li>Alfabetitzaci\u00f3 en llengua catalana<\/li>\n<li>Costura<\/li>\n<li>Tert\u00falies dial\u00f2giques liter\u00e0ries<\/li>\n<li>Tallers i xerrades informatives que les fam\u00edlies ens demanen, per tal de treballar dubtes o inquietuts que puguin tenir en relaci\u00f3 a l&#8217;aprenentatge i la conviv\u00e8ncia dels seus&hellip;  <a href=\"https:\/\/agora.xtec.cat\/ceipmontserrat\/projecte-educatiu\/formacio-de-familiars\/\" title=\"Read Formaci\u00f3 de familiars\">Llegeix m\u00e9s\u00bb<\/a><br \/>\n","protected":false},"author":1,"featured_media":0,"parent":64,"menu_order":0,"comment_status":"closed","ping_status":"closed","template":"","meta":{"_bbp_topic_count":0,"_bbp_reply_count":0,"_bbp_total_topic_count":0,"_bbp_total_reply_count":0,"_bbp_voice_count":0,"_bbp_anonymous_reply_count":0,"_bbp_topic_count_hidden":0,"_bbp_reply_count_hidden":0,"_bbp_forum_subforum_count":0,"footnotes":""},"class_list":["post-555","page","type-page","status-publish","hentry"],"post_mailing_queue_ids":[],"_links":{"self":[{"href":"https:\/\/agora.xtec.cat\/ceipmontserrat\/wp-json\/wp\/v2\/pages\/555","targetHints":{"allow":["GET"]}}],"collection":[{"href":"https:\/\/agora.xtec.cat\/ceipmontserrat\/wp-json\/wp\/v2\/pages"}],"about":[{"href":"https:\/\/agora.xtec.cat\/ceipmontserrat\/wp-json\/wp\/v2\/types\/page"}],"author":[{"embeddable":true,"href":"https:\/\/agora.xtec.cat\/ceipmontserrat\/wp-json\/wp\/v2\/users\/1"}],"replies":[{"embeddable":true,"href":"https:\/\/agora.xtec.cat\/ceipmontserrat\/wp-json\/wp\/v2\/comments?post=555"}],"version-history":[{"count":2,"href":"https:\/\/agora.xtec.cat\/ceipmontserrat\/wp-json\/wp\/v2\/pages\/555\/revisions"}],"predecessor-version":[{"id":839,"href":"https:\/\/agora.xtec.cat\/ceipmontserrat\/wp-json\/wp\/v2\/pages\/555\/revisions\/839"}],"up":[{"embeddable":true,"href":"https:\/\/agora.xtec.cat\/ceipmontserrat\/wp-json\/wp\/v2\/pages\/64"}],"wp:attachment":[{"href":"https:\/\/agora.xtec.cat\/ceipmontserrat\/wp-json\/wp\/v2\/media?parent=555"}],"curies":[{"name":"wp","href":"https:\/\/api.w.org\/{rel}","templated":true}]}}

Formació de familiars

<p>La formació de familiars sorgeix dels somnis de la Comunitat d&#8217;Aprenentatge.</p>
<p>Actualment es realitza:</p>
<ul>
<li>Alfabetització en llengua catalana</li>
<li>Costura</li>
<li>Tertúlies dialògiques literàries</li>
<li>Tallers i xerrades informatives que les famílies ens demanen, per tal de treballar dubtes o inquietuts que puguin tenir en relació a l&#8217;aprenentatge i la convivència dels seus fills i filles.</li>
</ul>
<p><a href="https://agora.xtec.cat/ceipmontserrat/wp-content/uploads/usu1716/2020/06/DPKdyDYX0AYIDW8.jpg"><img loading="lazy" decoding="async" class="alignleft wp-image-834 size-medium" src="https://agora.xtec.cat/ceipmontserrat/wp-content/uploads/usu1716/2020/06/DPKdyDYX0AYIDW8-e1591271661377-300x194.jpg" alt="" width="300" height="194" srcset="https://agora.xtec.cat/ceipmontserrat/wp-content/uploads/usu1716/2020/06/DPKdyDYX0AYIDW8-e1591271661377-300x194.jpg 300w, https://agora.xtec.cat/ceipmontserrat/wp-content/uploads/usu1716/2020/06/DPKdyDYX0AYIDW8-e1591271661377-768x497.jpg 768w, https://agora.xtec.cat/ceipmontserrat/wp-content/uploads/usu1716/2020/06/DPKdyDYX0AYIDW8-e1591271661377-1024x662.jpg 1024w, https://agora.xtec.cat/ceipmontserrat/wp-content/uploads/usu1716/2020/06/DPKdyDYX0AYIDW8-e1591271661377.jpg 1392w" sizes="auto, (max-width: 300px) 100vw, 300px" /></a><a href="https://agora.xtec.cat/ceipmontserrat/wp-content/uploads/usu1716/2020/06/EHeSK6_XkAAIL7L.jpg"><img loading="lazy" decoding="async" class="aligncenter size-medium wp-image-835" src="https://agora.xtec.cat/ceipmontserrat/wp-content/uploads/usu1716/2020/06/EHeSK6_XkAAIL7L-300x225.jpg" alt="" width="300" height="225" srcset="https://agora.xtec.cat/ceipmontserrat/wp-content/uploads/usu1716/2020/06/EHeSK6_XkAAIL7L-300x225.jpg 300w, https://agora.xtec.cat/ceipmontserrat/wp-content/uploads/usu1716/2020/06/EHeSK6_XkAAIL7L-768x576.jpg 768w, https://agora.xtec.cat/ceipmontserrat/wp-content/uploads/usu1716/2020/06/EHeSK6_XkAAIL7L-1024x768.jpg 1024w, https://agora.xtec.cat/ceipmontserrat/wp-content/uploads/usu1716/2020/06/EHeSK6_XkAAIL7L-200x150.jpg 200w, https://agora.xtec.cat/ceipmontserrat/wp-content/uploads/usu1716/2020/06/EHeSK6_XkAAIL7L.jpg 1600w" sizes="auto, (max-width: 300px) 100vw, 300px" /></a> <a href="https://agora.xtec.cat/ceipmontserrat/wp-content/uploads/usu1716/2020/06/EJ6wej0WsAAglnw-e1591271563814.jpg"><img loading="lazy" decoding="async" class="size-medium wp-image-836 alignnone" src="https://agora.xtec.cat/ceipmontserrat/wp-content/uploads/usu1716/2020/06/EJ6wej0WsAAglnw-e1591271563814-300x191.jpg" alt="" width="300" height="191" srcset="https://agora.xtec.cat/ceipmontserrat/wp-content/uploads/usu1716/2020/06/EJ6wej0WsAAglnw-e1591271563814-300x191.jpg 300w, https://agora.xtec.cat/ceipmontserrat/wp-content/uploads/usu1716/2020/06/EJ6wej0WsAAglnw-e1591271563814-768x488.jpg 768w, https://agora.xtec.cat/ceipmontserrat/wp-content/uploads/usu1716/2020/06/EJ6wej0WsAAglnw-e1591271563814-1024x651.jpg 1024w, https://agora.xtec.cat/ceipmontserrat/wp-content/uploads/usu1716/2020/06/EJ6wej0WsAAglnw-e1591271563814.jpg 1884w" sizes="auto, (max-width: 300px) 100vw, 300px" /></a></p>

<p>La formació de familiars sorgeix dels somnis de la Comunitat d&#8217;Aprenentatge.<br />
Actualment es realitza:</p>
<ul>
<li>Alfabetització en llengua catalana</li>
<li>Costura</li>
<li>Tertúlies dialògiques literàries</li>
<li>Tallers i xerrades informatives que les famílies ens demanen, per tal de treballar dubtes o inquietuts que puguin tenir en relació a l&#8217;aprenentatge i la convivència dels seus&hellip;  <a href="https://agora.xtec.cat/ceipmontserrat/projecte-educatiu/formacio-de-familiars/" title="Read Formació de familiars">Llegeix més»</a><br />
