{"id":4379,"date":"2023-06-19T11:28:10","date_gmt":"2023-06-19T09:28:10","guid":{"rendered":"https:\/\/agora.xtec.cat\/ceipmontserrat\/?page_id=4379"},"modified":"2026-03-25T12:52:55","modified_gmt":"2026-03-25T11:52:55","slug":"estrategia-digital-de-centre-edc","status":"publish","type":"page","link":"https:\/\/agora.xtec.cat\/ceipmontserrat\/documents-de-centre-2\/estrategia-digital-de-centre-edc\/","title":{"rendered":"Estrat\u00e8gia Digital de Centre (EDC)"},"content":{"rendered":"<p><a href=\"https:\/\/agora.xtec.cat\/ceipmontserrat\/wp-content\/uploads\/usu1716\/2025\/01\/EDC.pdf\">EDC<\/a><\/p>\n<h4><b>1. Balan\u00e7 de l\u2019Assoliment d\u2019Objectius i Cultura Digital<\/b><\/h4>\n<p>L\u2019an\u00e0lisi del per\u00edode actual mostra un assoliment parcial de les fites plantejades. Tot i la creaci\u00f3 de recursos inicials com el Symbaloo de cicle o el Site de cultura digital, la manca de manteniment i la\u00a0<b>volatilitat de la documentaci\u00f3<\/b>\u00a0(vinculada a usuaris personals i no de centre) han generat una discontinu\u00eftat important. \u00c9s imperatiu que el centre entomi l&#8217;elaboraci\u00f3 i revisi\u00f3 dels documents de gesti\u00f3 m\u00ednima: el\u00a0<b>Pla d&#8217;Acollida Digital<\/b>, el\u00a0<b>Pla de Comunicaci\u00f3<\/b>\u00a0i la concreci\u00f3 de la\u00a0<b>Cultura Digital de Centre<\/b>, garantint que siguin recursos institucionals, perdurables i accessibles per a tot el claustre.<\/p>\n<h4><b>2. Desplegament de la Compet\u00e8ncia Digital de l\u2019Alumnat<\/b><\/h4>\n<p>L&#8217;experi\u00e8ncia actual ens indica que cal transcendir l&#8217;\u00fas instrumental de la tecnologia per anar cap a una\u00a0<b>programaci\u00f3 de m\u00ednims de compet\u00e8ncia digital<\/b>\u00a0seq\u00fcenciada per nivells i amb criteris d&#8217;avaluaci\u00f3 clars. Els eixos de futur han d&#8217;incloure:<\/p>\n<ul>\n<li><b>Pensament Computacional:<\/b>\u00a0Consolidar l&#8217;aprenentatge mitjan\u00e7ant\u00a0<b>jocs desconnectats<\/b> (especialment a Educaci\u00f3 Infantil i Cicle Inicial) per assentar la base l\u00f2gica, progressant cap a la <b>rob\u00f2tica educativa<\/b>\u00a0de forma sistem\u00e0tica.<\/li>\n<li><b>Cultura Maker i Entorns Immersius:<\/b>\u00a0Introduir i consolidar l&#8217;\u00fas de la\u00a0<b>impressi\u00f3 3D<\/b>\u00a0com a eina de creaci\u00f3 i disseny, aix\u00ed com l&#8217;exploraci\u00f3 de la\u00a0<b>realitat virtual<\/b>\u00a0per enriquir les experi\u00e8ncies d&#8217;aprenentatge. L&#8217;objectiu \u00e9s que l&#8217;alumnat no sigui nom\u00e9s consumidor, sin\u00f3\u00a0<b>creador de tecnologia<\/b>, garantint l&#8217;equitat en l&#8217;adquisici\u00f3 d&#8217;aquestes habilitats a tota l&#8217;escola.<\/li>\n<\/ul>\n<h4><b>3. Infraestructura i Treball Col\u00b7laboratiu Docent<\/b><\/h4>\n<p>El model actual d&#8217;arxiu i protocols d&#8217;\u00fas no facilita l&#8217;<b>autonomia docent<\/b>\u00a0ni el treball s\u00edncron fora del centre. Per tant, la propera estrat\u00e8gia ha de prioritzar una\u00a0<b>transformaci\u00f3 de l&#8217;arxiu digital<\/b>\u00a0que afavoreixi un entorn de treball en l\u00ednia realment col\u00b7laboratiu. Cal passar d&#8217;intercanvis d&#8217;informaci\u00f3 puntuals a un sistema on el\u00a0<b>compartir recursos i coneixements<\/b>\u00a0sigui una pr\u00e0ctica sistem\u00e0tica i integrada en el dia a dia de la comissi\u00f3 i del claustre, eliminant barreres t\u00e8cniques i fomentant una cultura de treball en xarxa eficient.<\/p>\n","protected":false},"excerpt":{"rendered":"<p><a href=\"https:\/\/agora.xtec.cat\/ceipmontserrat\/wp-content\/uploads\/usu1716\/2025\/01\/EDC.pdf\">EDC<\/a><br \/>\n1. Balan\u00e7 de l\u2019Assoliment d\u2019Objectius i Cultura Digital<br \/>\nL\u2019an\u00e0lisi del per\u00edode actual mostra un assoliment parcial de les fites plantejades. Tot i la creaci\u00f3 de recursos inicials com el Symbaloo de cicle o el Site de cultura digital, la manca de manteniment i la\u00a0volatilitat de&hellip;  <a href=\"https:\/\/agora.xtec.cat\/ceipmontserrat\/documents-de-centre-2\/estrategia-digital-de-centre-edc\/\" title=\"Read Estrat\u00e8gia Digital de Centre (EDC)\">Llegeix m\u00e9s\u00bb<\/a><\/p>\n","protected":false},"author":1,"featured_media":0,"parent":4458,"menu_order":0,"comment_status":"closed","ping_status":"closed","template":"","meta":{"_bbp_topic_count":0,"_bbp_reply_count":0,"_bbp_total_topic_count":0,"_bbp_total_reply_count":0,"_bbp_voice_count":0,"_bbp_anonymous_reply_count":0,"_bbp_topic_count_hidden":0,"_bbp_reply_count_hidden":0,"_bbp_forum_subforum_count":0,"footnotes":""},"class_list":["post-4379","page","type-page","status-publish","hentry"],"post_mailing_queue_ids":[],"_links":{"self":[{"href":"https:\/\/agora.xtec.cat\/ceipmontserrat\/wp-json\/wp\/v2\/pages\/4379","targetHints":{"allow":["GET"]}}],"collection":[{"href":"https:\/\/agora.xtec.cat\/ceipmontserrat\/wp-json\/wp\/v2\/pages"}],"about":[{"href":"https:\/\/agora.xtec.cat\/ceipmontserrat\/wp-json\/wp\/v2\/types\/page"}],"author":[{"embeddable":true,"href":"https:\/\/agora.xtec.cat\/ceipmontserrat\/wp-json\/wp\/v2\/users\/1"}],"replies":[{"embeddable":true,"href":"https:\/\/agora.xtec.cat\/ceipmontserrat\/wp-json\/wp\/v2\/comments?post=4379"}],"version-history":[{"count":5,"href":"https:\/\/agora.xtec.cat\/ceipmontserrat\/wp-json\/wp\/v2\/pages\/4379\/revisions"}],"predecessor-version":[{"id":4624,"href":"https:\/\/agora.xtec.cat\/ceipmontserrat\/wp-json\/wp\/v2\/pages\/4379\/revisions\/4624"}],"up":[{"embeddable":true,"href":"https:\/\/agora.xtec.cat\/ceipmontserrat\/wp-json\/wp\/v2\/pages\/4458"}],"wp:attachment":[{"href":"https:\/\/agora.xtec.cat\/ceipmontserrat\/wp-json\/wp\/v2\/media?parent=4379"}],"curies":[{"name":"wp","href":"https:\/\/api.w.org\/{rel}","templated":true}]}}

Estratègia Digital de Centre (EDC)

<p><a href="https://agora.xtec.cat/ceipmontserrat/wp-content/uploads/usu1716/2025/01/EDC.pdf">EDC</a></p>
<h4><b>1. Balanç de l’Assoliment d’Objectius i Cultura Digital</b></h4>
<p>L’anàlisi del període actual mostra un assoliment parcial de les fites plantejades. Tot i la creació de recursos inicials com el Symbaloo de cicle o el Site de cultura digital, la manca de manteniment i la <b>volatilitat de la documentació</b> (vinculada a usuaris personals i no de centre) han generat una discontinuïtat important. És imperatiu que el centre entomi l&#8217;elaboració i revisió dels documents de gestió mínima: el <b>Pla d&#8217;Acollida Digital</b>, el <b>Pla de Comunicació</b> i la concreció de la <b>Cultura Digital de Centre</b>, garantint que siguin recursos institucionals, perdurables i accessibles per a tot el claustre.</p>
<h4><b>2. Desplegament de la Competència Digital de l’Alumnat</b></h4>
<p>L&#8217;experiència actual ens indica que cal transcendir l&#8217;ús instrumental de la tecnologia per anar cap a una <b>programació de mínims de competència digital</b> seqüenciada per nivells i amb criteris d&#8217;avaluació clars. Els eixos de futur han d&#8217;incloure:</p>
<ul>
<li><b>Pensament Computacional:</b> Consolidar l&#8217;aprenentatge mitjançant <b>jocs desconnectats</b> (especialment a Educació Infantil i Cicle Inicial) per assentar la base lògica, progressant cap a la <b>robòtica educativa</b> de forma sistemàtica.</li>
<li><b>Cultura Maker i Entorns Immersius:</b> Introduir i consolidar l&#8217;ús de la <b>impressió 3D</b> com a eina de creació i disseny, així com l&#8217;exploració de la <b>realitat virtual</b> per enriquir les experiències d&#8217;aprenentatge. L&#8217;objectiu és que l&#8217;alumnat no sigui només consumidor, sinó <b>creador de tecnologia</b>, garantint l&#8217;equitat en l&#8217;adquisició d&#8217;aquestes habilitats a tota l&#8217;escola.</li>
</ul>
<h4><b>3. Infraestructura i Treball Col·laboratiu Docent</b></h4>
<p>El model actual d&#8217;arxiu i protocols d&#8217;ús no facilita l&#8217;<b>autonomia docent</b> ni el treball síncron fora del centre. Per tant, la propera estratègia ha de prioritzar una <b>transformació de l&#8217;arxiu digital</b> que afavoreixi un entorn de treball en línia realment col·laboratiu. Cal passar d&#8217;intercanvis d&#8217;informació puntuals a un sistema on el <b>compartir recursos i coneixements</b> sigui una pràctica sistemàtica i integrada en el dia a dia de la comissió i del claustre, eliminant barreres tècniques i fomentant una cultura de treball en xarxa eficient.</p>

<p><a href="https://agora.xtec.cat/ceipmontserrat/wp-content/uploads/usu1716/2025/01/EDC.pdf">EDC</a><br />
1. Balanç de l’Assoliment d’Objectius i Cultura Digital<br />
L’anàlisi del període actual mostra un assoliment parcial de les fites plantejades. Tot i la creació de recursos inicials com el Symbaloo de cicle o el Site de cultura digital, la manca de manteniment i la volatilitat de&hellip;  <a href="https://agora.xtec.cat/ceipmontserrat/documents-de-centre-2/estrategia-digital-de-centre-edc/" title="Read Estratègia Digital de Centre (EDC)">Llegeix més»</a></p>
