{"id":38,"date":"2014-09-18T12:34:08","date_gmt":"2014-09-18T11:34:08","guid":{"rendered":"http:\/\/agora.xtec.cat\/ceipmontserrat\/?page_id=38"},"modified":"2025-01-17T12:33:13","modified_gmt":"2025-01-17T11:33:13","slug":"salut","status":"publish","type":"page","link":"https:\/\/agora.xtec.cat\/ceipmontserrat\/lescola\/salut\/","title":{"rendered":"Salut"},"content":{"rendered":"<p><b>Higiene<\/b><strong>\u00a0i salut escolar<\/strong><\/p>\n<p>\u00c9s molt important que insistiu a casa sobre la necessitat de tenir cura i sentir satisfacci\u00f3 per l&#8217;aspecte i higiene personal, sobretot per la incid\u00e8ncia positiva que t\u00e9 en la pr\u00f2pia personalitat.<\/p>\n<p><strong>Si estem nets i agradem als altres, gaudirem d&#8217;una sensaci\u00f3 personal molt agradable.<\/strong><\/p>\n<p>Nom\u00e9s cal preocupar-se deu minutets en venir a l&#8217;escola amb la <strong>roba ben neta <\/strong>(cal canviar-se-la di\u00e0riament)\u00a0<strong>i estar ben nets i pentinats.<\/strong><\/p>\n<p>Tanmateix com disminuir el\u00a0<strong>risc de contagi\u00a0<\/strong>dins de l&#8217;Escola,\u00a0<strong>No s&#8217;acceptar\u00e0 cap nen o nena que presenti:<\/strong><\/p>\n<p><strong>&#8211; Polls (liendres i\/o piojos)<\/strong><\/p>\n<p><strong>&#8211; Conjuntivitis purulenta sense tractament<\/strong><\/p>\n<p><strong>&#8211; Erupcions i portants o altres alteracions de la pell, llevat el cas que un informe del pediatra indiqui que no hi ha perill de contagi.<\/strong><\/p>\n<p>&nbsp;<\/p>\n<p><strong>Med<\/strong><strong>icaments a l&#8217;escola<\/strong><\/p>\n<p>L&#8217;administraci\u00f3 de medicaments no \u00e9s una activitat pr\u00f2pia ni dels mestres ni de les monitores del servei de menjador. Tot i aix\u00ed, si per indicaci\u00f3 expl\u00edcita d&#8217;un\u00a0<strong>metge\u00a0<\/strong>fos del tot necessari procedir en aquest sentit, cal que les fam\u00edlies es posin en contacte amb <strong>els\/les mestres\u00a0<\/strong>dels seus fills per tal de ser informats sobre el\u00a0<strong>protocol a seguir.<\/strong><\/p>\n<p>&nbsp;<\/p>\n<p>&nbsp;<\/p>\n<p>&nbsp;<\/p>\n<p>&nbsp;<\/p>\n<p>&nbsp;<\/p>\n","protected":false},"excerpt":{"rendered":"<p>Higiene\u00a0i salut escolar<br \/>\n\u00c9s molt important que insistiu a casa sobre la necessitat de tenir cura i sentir satisfacci\u00f3 per l&#8217;aspecte i higiene personal, sobretot per la incid\u00e8ncia positiva que t\u00e9 en la pr\u00f2pia personalitat.<br \/>\nSi estem nets i agradem als altres, gaudirem d&#8217;una sensaci\u00f3 personal molt&hellip;  <a href=\"https:\/\/agora.xtec.cat\/ceipmontserrat\/lescola\/salut\/\" title=\"Read Salut\">Llegeix m\u00e9s\u00bb<\/a><\/p>\n","protected":false},"author":1,"featured_media":0,"parent":22,"menu_order":80,"comment_status":"closed","ping_status":"closed","template":"page-templates\/side-menu.php","meta":{"_bbp_topic_count":0,"_bbp_reply_count":0,"_bbp_total_topic_count":0,"_bbp_total_reply_count":0,"_bbp_voice_count":0,"_bbp_anonymous_reply_count":0,"_bbp_topic_count_hidden":0,"_bbp_reply_count_hidden":0,"_bbp_forum_subforum_count":0,"footnotes":""},"class_list":["post-38","page","type-page","status-publish","hentry"],"post_mailing_queue_ids":[],"_links":{"self":[{"href":"https:\/\/agora.xtec.cat\/ceipmontserrat\/wp-json\/wp\/v2\/pages\/38","targetHints":{"allow":["GET"]}}],"collection":[{"href":"https:\/\/agora.xtec.cat\/ceipmontserrat\/wp-json\/wp\/v2\/pages"}],"about":[{"href":"https:\/\/agora.xtec.cat\/ceipmontserrat\/wp-json\/wp\/v2\/types\/page"}],"author":[{"embeddable":true,"href":"https:\/\/agora.xtec.cat\/ceipmontserrat\/wp-json\/wp\/v2\/users\/1"}],"replies":[{"embeddable":true,"href":"https:\/\/agora.xtec.cat\/ceipmontserrat\/wp-json\/wp\/v2\/comments?post=38"}],"version-history":[{"count":4,"href":"https:\/\/agora.xtec.cat\/ceipmontserrat\/wp-json\/wp\/v2\/pages\/38\/revisions"}],"predecessor-version":[{"id":4554,"href":"https:\/\/agora.xtec.cat\/ceipmontserrat\/wp-json\/wp\/v2\/pages\/38\/revisions\/4554"}],"up":[{"embeddable":true,"href":"https:\/\/agora.xtec.cat\/ceipmontserrat\/wp-json\/wp\/v2\/pages\/22"}],"wp:attachment":[{"href":"https:\/\/agora.xtec.cat\/ceipmontserrat\/wp-json\/wp\/v2\/media?parent=38"}],"curies":[{"name":"wp","href":"https:\/\/api.w.org\/{rel}","templated":true}]}}

<p><b>Higiene</b><strong> i salut escolar</strong></p>
<p>És molt important que insistiu a casa sobre la necessitat de tenir cura i sentir satisfacció per l&#8217;aspecte i higiene personal, sobretot per la incidència positiva que té en la pròpia personalitat.</p>
<p><strong>Si estem nets i agradem als altres, gaudirem d&#8217;una sensació personal molt agradable.</strong></p>
<p>Només cal preocupar-se deu minutets en venir a l&#8217;escola amb la <strong>roba ben neta </strong>(cal canviar-se-la diàriament) <strong>i estar ben nets i pentinats.</strong></p>
<p>Tanmateix com disminuir el <strong>risc de contagi </strong>dins de l&#8217;Escola, <strong>No s&#8217;acceptarà cap nen o nena que presenti:</strong></p>
<p><strong>&#8211; Polls (liendres i/o piojos)</strong></p>
<p><strong>&#8211; Conjuntivitis purulenta sense tractament</strong></p>
<p><strong>&#8211; Erupcions i portants o altres alteracions de la pell, llevat el cas que un informe del pediatra indiqui que no hi ha perill de contagi.</strong></p>
<p>&nbsp;</p>
<p><strong>Med</strong><strong>icaments a l&#8217;escola</strong></p>
<p>L&#8217;administració de medicaments no és una activitat pròpia ni dels mestres ni de les monitores del servei de menjador. Tot i així, si per indicació explícita d&#8217;un <strong>metge </strong>fos del tot necessari procedir en aquest sentit, cal que les famílies es posin en contacte amb <strong>els/les mestres </strong>dels seus fills per tal de ser informats sobre el <strong>protocol a seguir.</strong></p>
<p>&nbsp;</p>
<p>&nbsp;</p>
<p>&nbsp;</p>
<p>&nbsp;</p>
<p>&nbsp;</p>

<p>Higiene i salut escolar<br />
És molt important que insistiu a casa sobre la necessitat de tenir cura i sentir satisfacció per l&#8217;aspecte i higiene personal, sobretot per la incidència positiva que té en la pròpia personalitat.<br />
Si estem nets i agradem als altres, gaudirem d&#8217;una sensació personal molt&hellip;  <a href="https://agora.xtec.cat/ceipmontserrat/lescola/salut/" title="Read Salut">Llegeix més»</a></p>
