{"id":32,"date":"2014-09-18T12:31:33","date_gmt":"2014-09-18T11:31:33","guid":{"rendered":"http:\/\/agora.xtec.cat\/ceipmontserrat\/?page_id=32"},"modified":"2025-11-07T13:48:15","modified_gmt":"2025-11-07T12:48:15","slug":"calendari-del-curs","status":"publish","type":"page","link":"https:\/\/agora.xtec.cat\/ceipmontserrat\/lescola\/calendari-del-curs\/","title":{"rendered":"Calendari del curs"},"content":{"rendered":"<h4><strong>Inici de curs:<\/strong><\/h4>\n<p>8 de setembre 2025<\/p>\n<h4><strong>Vacances:<\/strong><\/h4>\n<ul>\n<li style=\"list-style-type: none\">\n<ul>\n<li>Vacances de Nadal: Del 20 de desembre de 2025 al 7 de gener de 2026 (am<\/li>\n<li>bd\u00f3s inclosos).<\/li>\n<li>Vacances de Setmana Santa: Del 28 de mar\u00e7 de 2026 al 6 d\u2019abril de 2026 (ambd\u00f3s inclosos).<\/li>\n<li>Vacances d&#8217;estiu: A partir del 20 de juny de 2026.<\/li>\n<\/ul>\n<\/li>\n<\/ul>\n<p><strong><img loading=\"lazy\" decoding=\"async\" class=\"wp-image-4585 alignright\" src=\"https:\/\/agora.xtec.cat\/ceipmontserrat\/wp-content\/uploads\/usu1716\/2025\/09\/CALENDARI-25-26_page-0001.jpg\" alt=\"\" width=\"379\" height=\"536\" srcset=\"https:\/\/agora.xtec.cat\/ceipmontserrat\/wp-content\/uploads\/usu1716\/2025\/09\/CALENDARI-25-26_page-0001.jpg 1240w, https:\/\/agora.xtec.cat\/ceipmontserrat\/wp-content\/uploads\/usu1716\/2025\/09\/CALENDARI-25-26_page-0001-212x300.jpg 212w, https:\/\/agora.xtec.cat\/ceipmontserrat\/wp-content\/uploads\/usu1716\/2025\/09\/CALENDARI-25-26_page-0001-724x1024.jpg 724w, https:\/\/agora.xtec.cat\/ceipmontserrat\/wp-content\/uploads\/usu1716\/2025\/09\/CALENDARI-25-26_page-0001-768x1086.jpg 768w, https:\/\/agora.xtec.cat\/ceipmontserrat\/wp-content\/uploads\/usu1716\/2025\/09\/CALENDARI-25-26_page-0001-1086x1536.jpg 1086w\" sizes=\"auto, (max-width: 379px) 100vw, 379px\" \/><\/strong><\/p>\n<h4><strong>Dies festius de lliure disposici\u00f3:<\/strong><\/h4>\n<ul>\n<li>11 de setembre 2025 (festiu)<\/li>\n<li>10 d&#8217;octubre de 2025 (lliure disposici\u00f3)<\/li>\n<li>3 de novembre de 2025 (lliure disposici\u00f3)<\/li>\n<li>5 de desembre de 2025 (lliure disposici\u00f3)<\/li>\n<li>8 de desembre de 2025(festiu)<\/li>\n<li>16 de febrer de 2026 (lliure disposici\u00f3)<\/li>\n<li>30 de abril de 2026 (lliure disposici\u00f3)<\/li>\n<li>1 de maig de 2026 (festiu)<\/li>\n<li>25 de maig de 2026 (lliure disposici\u00f3)<\/li>\n<\/ul>\n<h4><strong>Jornada compactada (horari de 9:00h a 13:00h):<\/strong><\/h4>\n<p>El 19 de desembre de 2025 (\u00faltim dia del primer trimestre), el 13 de febrer de 2025 (Carnestoltes) i del 8 al 19 de juny de 2026 (ambd\u00f3s inclosos).<\/p>\n<p>L\u2019<b>horari lectiu<\/b> del centre \u00e9s de 8:30h a 13:00h i de 15:00 a 16:30h per a tot l&#8217;alumnat del centre.<\/p>\n<p><strong>L&#8217;horari de la jornada intensiva (compactada)<\/strong>\u00a0\u00e9s de 9:00h a 13h i el servei de menjador fins les 15h.<\/p>\n<p>Per l&#8217;alumnat que inicia l\u2019escolaritzaci\u00f3 a I3 s\u2019organitza un breu per\u00edode d\u2019adaptaci\u00f3 que suposa una certa modificaci\u00f3 dels horaris dels tres primers dies de classe (8,9 i 10 de setembre), i que es fa saber a les fam\u00edlies en les reunions pr\u00e8vies corresponents.<\/p>\n<p>&nbsp;<\/p>\n","protected":false},"excerpt":{"rendered":"<p>Inici de curs:<br \/>\n8 de setembre 2025<br \/>\nVacances:<\/p>\n<ul>\n<li style=\"list-style-type: none\">\n<ul>\n<li>Vacances de Nadal: Del 20 de desembre de 2025 al 7 de gener de 2026 (am<\/li>\n<li>bd\u00f3s inclosos).<\/li>\n<li>Vacances de Setmana Santa: Del 28 de mar\u00e7 de 2026 al 6 d\u2019abril de 2026 (ambd\u00f3s inclosos).<\/li>\n<li>Vacances d&#8217;estiu: A partir del 20&hellip;  <a href=\"https:\/\/agora.xtec.cat\/ceipmontserrat\/lescola\/calendari-del-curs\/\" title=\"Read Calendari del curs\">Llegeix m\u00e9s\u00bb<\/a><br \/>\n","protected":false},"author":1,"featured_media":0,"parent":22,"menu_order":50,"comment_status":"closed","ping_status":"closed","template":"page-templates\/side-menu.php","meta":{"_bbp_topic_count":0,"_bbp_reply_count":0,"_bbp_total_topic_count":0,"_bbp_total_reply_count":0,"_bbp_voice_count":0,"_bbp_anonymous_reply_count":0,"_bbp_topic_count_hidden":0,"_bbp_reply_count_hidden":0,"_bbp_forum_subforum_count":0,"footnotes":""},"class_list":["post-32","page","type-page","status-publish","hentry"],"post_mailing_queue_ids":[],"_links":{"self":[{"href":"https:\/\/agora.xtec.cat\/ceipmontserrat\/wp-json\/wp\/v2\/pages\/32","targetHints":{"allow":["GET"]}}],"collection":[{"href":"https:\/\/agora.xtec.cat\/ceipmontserrat\/wp-json\/wp\/v2\/pages"}],"about":[{"href":"https:\/\/agora.xtec.cat\/ceipmontserrat\/wp-json\/wp\/v2\/types\/page"}],"author":[{"embeddable":true,"href":"https:\/\/agora.xtec.cat\/ceipmontserrat\/wp-json\/wp\/v2\/users\/1"}],"replies":[{"embeddable":true,"href":"https:\/\/agora.xtec.cat\/ceipmontserrat\/wp-json\/wp\/v2\/comments?post=32"}],"version-history":[{"count":6,"href":"https:\/\/agora.xtec.cat\/ceipmontserrat\/wp-json\/wp\/v2\/pages\/32\/revisions"}],"predecessor-version":[{"id":4597,"href":"https:\/\/agora.xtec.cat\/ceipmontserrat\/wp-json\/wp\/v2\/pages\/32\/revisions\/4597"}],"up":[{"embeddable":true,"href":"https:\/\/agora.xtec.cat\/ceipmontserrat\/wp-json\/wp\/v2\/pages\/22"}],"wp:attachment":[{"href":"https:\/\/agora.xtec.cat\/ceipmontserrat\/wp-json\/wp\/v2\/media?parent=32"}],"curies":[{"name":"wp","href":"https:\/\/api.w.org\/{rel}","templated":true}]}}

<h4><strong>Inici de curs:</strong></h4>
<p>8 de setembre 2025</p>
<h4><strong>Vacances:</strong></h4>
<ul>
<li style="list-style-type: none">
<ul>
<li>Vacances de Nadal: Del 20 de desembre de 2025 al 7 de gener de 2026 (am</li>
<li>bdós inclosos).</li>
<li>Vacances de Setmana Santa: Del 28 de març de 2026 al 6 d’abril de 2026 (ambdós inclosos).</li>
<li>Vacances d&#8217;estiu: A partir del 20 de juny de 2026.</li>
</ul>
</li>
</ul>
<p><strong><img loading="lazy" decoding="async" class="wp-image-4585 alignright" src="https://agora.xtec.cat/ceipmontserrat/wp-content/uploads/usu1716/2025/09/CALENDARI-25-26_page-0001.jpg" alt="" width="379" height="536" srcset="https://agora.xtec.cat/ceipmontserrat/wp-content/uploads/usu1716/2025/09/CALENDARI-25-26_page-0001.jpg 1240w, https://agora.xtec.cat/ceipmontserrat/wp-content/uploads/usu1716/2025/09/CALENDARI-25-26_page-0001-212x300.jpg 212w, https://agora.xtec.cat/ceipmontserrat/wp-content/uploads/usu1716/2025/09/CALENDARI-25-26_page-0001-724x1024.jpg 724w, https://agora.xtec.cat/ceipmontserrat/wp-content/uploads/usu1716/2025/09/CALENDARI-25-26_page-0001-768x1086.jpg 768w, https://agora.xtec.cat/ceipmontserrat/wp-content/uploads/usu1716/2025/09/CALENDARI-25-26_page-0001-1086x1536.jpg 1086w" sizes="auto, (max-width: 379px) 100vw, 379px" /></strong></p>
<h4><strong>Dies festius de lliure disposició:</strong></h4>
<ul>
<li>11 de setembre 2025 (festiu)</li>
<li>10 d&#8217;octubre de 2025 (lliure disposició)</li>
<li>3 de novembre de 2025 (lliure disposició)</li>
<li>5 de desembre de 2025 (lliure disposició)</li>
<li>8 de desembre de 2025(festiu)</li>
<li>16 de febrer de 2026 (lliure disposició)</li>
<li>30 de abril de 2026 (lliure disposició)</li>
<li>1 de maig de 2026 (festiu)</li>
<li>25 de maig de 2026 (lliure disposició)</li>
</ul>
<h4><strong>Jornada compactada (horari de 9:00h a 13:00h):</strong></h4>
<p>El 19 de desembre de 2025 (últim dia del primer trimestre), el 13 de febrer de 2025 (Carnestoltes) i del 8 al 19 de juny de 2026 (ambdós inclosos).</p>
<p>L’<b>horari lectiu</b> del centre és de 8:30h a 13:00h i de 15:00 a 16:30h per a tot l&#8217;alumnat del centre.</p>
<p><strong>L&#8217;horari de la jornada intensiva (compactada)</strong> és de 9:00h a 13h i el servei de menjador fins les 15h.</p>
<p>Per l&#8217;alumnat que inicia l’escolarització a I3 s’organitza un breu període d’adaptació que suposa una certa modificació dels horaris dels tres primers dies de classe (8,9 i 10 de setembre), i que es fa saber a les famílies en les reunions prèvies corresponents.</p>
<p>&nbsp;</p>

<p>Inici de curs:<br />
8 de setembre 2025<br />
Vacances:</p>
<ul>
<li style="list-style-type: none">
<ul>
<li>Vacances de Nadal: Del 20 de desembre de 2025 al 7 de gener de 2026 (am</li>
<li>bdós inclosos).</li>
<li>Vacances de Setmana Santa: Del 28 de març de 2026 al 6 d’abril de 2026 (ambdós inclosos).</li>
<li>Vacances d&#8217;estiu: A partir del 20&hellip;  <a href="https://agora.xtec.cat/ceipmontserrat/lescola/calendari-del-curs/" title="Read Calendari del curs">Llegeix més»</a><br />
