{"id":26,"date":"2014-09-18T12:24:32","date_gmt":"2014-09-18T11:24:32","guid":{"rendered":"http:\/\/agora.xtec.cat\/ceipmontserrat\/?page_id=26"},"modified":"2019-10-23T09:43:36","modified_gmt":"2019-10-23T07:43:36","slug":"historia","status":"publish","type":"page","link":"https:\/\/agora.xtec.cat\/ceipmontserrat\/lescola\/historia\/","title":{"rendered":"Hist\u00f2ria"},"content":{"rendered":"<p>L&#8217;Escola Mare de D\u00e9u de Montserrat est\u00e0 situada en un barri de la perif\u00e8ria de la ciutat de Terrassa. \u00c9s el barri de Montserrat i s&#8217;ha anat creant a partir de la immigraci\u00f3, primer, dels anys 60, quan moltes fam\u00edlies de diferents llocs d&#8217;Espanya van venir a viure a Catalunya buscant un futur millor i, despr\u00e9s, amb la immigraci\u00f3 dels anys 90, quan va passar el mateix amb les fam\u00edlies provinents del nord d&#8217;\u00c0frica.<\/p>\n<p><strong>COMUNITAT D&#8217;APRENENTATGE<\/strong><\/p>\n<p>A l&#8217;any 2001, vam con\u00e8ixer el projecte de comunitats d&#8217;aprenentatge. Vam organitzar una formaci\u00f3 amb els investigadors i investigadores del CREA (Centre de Recerca de la Universitat de Barcelona), que ens van venir a explicar les bases cient\u00edfiques de les Comunitats d&#8217;Aprenentatge. Vam fer una formaci\u00f3 de 30 hores i vam explicar el projecte a tota la comunitat. Per engegar el projecte i comen\u00e7ar a transformar la nostra escola ens calia un consens del 80% del professorat que hi treballava en aquell moment. Vam aconseguir el 100% i, des d&#8217;aleshores hem fet molt cam\u00ed i hem aconseguit grans transformacions en el centre i en el barri.<\/p>\n<p>Ara, tota la comunitat educativa t\u00e9 molt assumit que porten als seus fills i filles a una escola oberta i participativa on s&#8217;apliquen <strong>actuacions educatives<\/strong> que permeten aconseguir l&#8217;<strong>\u00e8xit educatiu <\/strong>de tots i totes. Aquestes actuacions educatives d&#8217;\u00e8xit (AEE) estan avalades per la comunitat cient\u00edfica internacional i hi ha una s\u00f2lida base cient\u00edfica que les recolza.<\/p>\n<p>&nbsp;<\/p>\n","protected":false},"excerpt":{"rendered":"<p>L&#8217;Escola Mare de D\u00e9u de Montserrat est\u00e0 situada en un barri de la perif\u00e8ria de la ciutat de Terrassa. \u00c9s el barri de Montserrat i s&#8217;ha anat creant a partir de la immigraci\u00f3, primer, dels anys 60, quan moltes fam\u00edlies de diferents llocs d&#8217;Espanya van&hellip;  <a href=\"https:\/\/agora.xtec.cat\/ceipmontserrat\/lescola\/historia\/\" title=\"Read Hist\u00f2ria\">Llegeix m\u00e9s\u00bb<\/a><\/p>\n","protected":false},"author":1,"featured_media":0,"parent":22,"menu_order":20,"comment_status":"closed","ping_status":"closed","template":"page-templates\/side-menu.php","meta":{"_bbp_topic_count":0,"_bbp_reply_count":0,"_bbp_total_topic_count":0,"_bbp_total_reply_count":0,"_bbp_voice_count":0,"_bbp_anonymous_reply_count":0,"_bbp_topic_count_hidden":0,"_bbp_reply_count_hidden":0,"_bbp_forum_subforum_count":0,"footnotes":""},"class_list":["post-26","page","type-page","status-publish","hentry"],"post_mailing_queue_ids":[],"_links":{"self":[{"href":"https:\/\/agora.xtec.cat\/ceipmontserrat\/wp-json\/wp\/v2\/pages\/26","targetHints":{"allow":["GET"]}}],"collection":[{"href":"https:\/\/agora.xtec.cat\/ceipmontserrat\/wp-json\/wp\/v2\/pages"}],"about":[{"href":"https:\/\/agora.xtec.cat\/ceipmontserrat\/wp-json\/wp\/v2\/types\/page"}],"author":[{"embeddable":true,"href":"https:\/\/agora.xtec.cat\/ceipmontserrat\/wp-json\/wp\/v2\/users\/1"}],"replies":[{"embeddable":true,"href":"https:\/\/agora.xtec.cat\/ceipmontserrat\/wp-json\/wp\/v2\/comments?post=26"}],"version-history":[{"count":2,"href":"https:\/\/agora.xtec.cat\/ceipmontserrat\/wp-json\/wp\/v2\/pages\/26\/revisions"}],"predecessor-version":[{"id":481,"href":"https:\/\/agora.xtec.cat\/ceipmontserrat\/wp-json\/wp\/v2\/pages\/26\/revisions\/481"}],"up":[{"embeddable":true,"href":"https:\/\/agora.xtec.cat\/ceipmontserrat\/wp-json\/wp\/v2\/pages\/22"}],"wp:attachment":[{"href":"https:\/\/agora.xtec.cat\/ceipmontserrat\/wp-json\/wp\/v2\/media?parent=26"}],"curies":[{"name":"wp","href":"https:\/\/api.w.org\/{rel}","templated":true}]}}

Història

<p>L&#8217;Escola Mare de Déu de Montserrat està situada en un barri de la perifèria de la ciutat de Terrassa. És el barri de Montserrat i s&#8217;ha anat creant a partir de la immigració, primer, dels anys 60, quan moltes famílies de diferents llocs d&#8217;Espanya van venir a viure a Catalunya buscant un futur millor i, després, amb la immigració dels anys 90, quan va passar el mateix amb les famílies provinents del nord d&#8217;Àfrica.</p>
<p><strong>COMUNITAT D&#8217;APRENENTATGE</strong></p>
<p>A l&#8217;any 2001, vam conèixer el projecte de comunitats d&#8217;aprenentatge. Vam organitzar una formació amb els investigadors i investigadores del CREA (Centre de Recerca de la Universitat de Barcelona), que ens van venir a explicar les bases científiques de les Comunitats d&#8217;Aprenentatge. Vam fer una formació de 30 hores i vam explicar el projecte a tota la comunitat. Per engegar el projecte i començar a transformar la nostra escola ens calia un consens del 80% del professorat que hi treballava en aquell moment. Vam aconseguir el 100% i, des d&#8217;aleshores hem fet molt camí i hem aconseguit grans transformacions en el centre i en el barri.</p>
<p>Ara, tota la comunitat educativa té molt assumit que porten als seus fills i filles a una escola oberta i participativa on s&#8217;apliquen <strong>actuacions educatives</strong> que permeten aconseguir l&#8217;<strong>èxit educatiu </strong>de tots i totes. Aquestes actuacions educatives d&#8217;èxit (AEE) estan avalades per la comunitat científica internacional i hi ha una sòlida base científica que les recolza.</p>
<p>&nbsp;</p>

<p>L&#8217;Escola Mare de Déu de Montserrat està situada en un barri de la perifèria de la ciutat de Terrassa. És el barri de Montserrat i s&#8217;ha anat creant a partir de la immigració, primer, dels anys 60, quan moltes famílies de diferents llocs d&#8217;Espanya van&hellip;  <a href="https://agora.xtec.cat/ceipmontserrat/lescola/historia/" title="Read Història">Llegeix més»</a></p>
