{"id":3605,"date":"2021-06-16T09:45:44","date_gmt":"2021-06-16T07:45:44","guid":{"rendered":"http:\/\/agora.xtec.cat\/ceipmontserrat-ssg\/?page_id=3605"},"modified":"2021-06-16T11:57:58","modified_gmt":"2021-06-16T09:57:58","slug":"carta-de-compromis-educatiu","status":"publish","type":"page","link":"https:\/\/agora.xtec.cat\/ceipmontserrat-ssg\/projecte-educatiu\/pla-de-convivencia\/carta-de-compromis-educatiu\/","title":{"rendered":"Carta de comprom\u00eds educatiu"},"content":{"rendered":"<p>Generalitat de Catalunya<br \/>\nDepartament d&#8217;Ensenyament<br \/>\n<strong>ESCOLA MONTSERRAT<\/strong><\/p>\n<p>&nbsp;<\/p>\n<p><strong>Carta de comprom\u00eds educatiu<\/strong><br \/>\nLes persones sotasignades:<br \/>\nImma Escayola Circuns, directora de l\u2019Escola Montserrat i (pare mare, tutor\/a) de l\u2019alumne\/a reunits a la localitat de Sant Salvador de Guardiola, amb data , conscients que l\u2019educaci\u00f3 d\u2019infants implica l\u2019acci\u00f3 conjunta de la fam\u00edlia i de l\u2019escola, signem aquesta carta de comprom\u00eds educatiu, la qual comporta els seg\u00fcents compromisos:<\/p>\n<p><strong>Per part del centre<\/strong><br \/>\n1. Facilitar una formaci\u00f3 que contribueixi al desenvolupament integral de la personalitat del\u2019alumne o alumna.<br \/>\n2. Vetllar per fer efectius els drets de l\u2019alumne o alumna en l\u2019\u00e0mbit escolar.<br \/>\n3. Informar la fam\u00edlia del projecte educatiu i de les normes d\u2019organitzaci\u00f3 i funcionament delcentre.<br \/>\n4. Oferir una educaci\u00f3 que garanteixi l\u2019assoliment de les capacitats i compet\u00e8ncies b\u00e0siquesdels alumnes.<br \/>\n5. Adoptar les mesures educatives alternatives o complement\u00e0ries adients per atendre lesnecessitats espec\u00edfiques de l\u2019alumne o alumna i mantenir-ne informada la fam\u00edlia.<br \/>\n6. Mantenir comunicaci\u00f3 regular amb la fam\u00edlia per informar-la de l\u2019evoluci\u00f3 acad\u00e8mica i personal de l\u2019alumne o l\u2019alumna:<\/p>\n<p>&#8211; 1a trobada, tutors, pares i alumnes de P3 per tal de portar el material i con\u00e8ixer l\u2019aula.<br \/>\n&#8211; Reunions de cada nivell i per classes abans de l\u2019inici de curs.<br \/>\n&#8211; A Educaci\u00f3 prim\u00e0ria: informes individuals sobre l\u2019evoluci\u00f3 de l\u2019alumne\/a al finalitzar els trimestres. A Educaci\u00f3 infantil al finalitzar el 1r i el 3r trimestres.<br \/>\n&#8211; Entrevista amb les fam\u00edlies el 2n trimestre per tal de comentar l\u2019evoluci\u00f3 del nen\/a.<br \/>\n&#8211; Convocar les fam\u00edlies sempre que sigui necessari per tal d\u2019incidir en l\u2019educaci\u00f3 dels alumnes, per part de tutors, especialistes o direcci\u00f3.<br \/>\n7. Posar-se en contacte amb la fam\u00edlia davant d\u2019abs\u00e8ncies no justificades o qualsevol altra circumst\u00e0ncia rellevant pel seu desenvolupament acad\u00e8mic i personal.<br \/>\n8. Atendre les peticions d\u2019entrevista o de comunicaci\u00f3 que formuli la fam\u00edlia dins un termini raonable.<br \/>\n9. Oferir a les fam\u00edlies la possibilitat de participar en els \u00f2rgans de govern per mitj\u00e0 del Consell Escolar del Centre tot fomentant la participaci\u00f3 de les fam\u00edlies.<br \/>\n10. Revisar conjuntament amb la fam\u00edlia el compliment d\u2019aquests compromisos, si escau.<\/p>\n<p><strong>Per part de la fam\u00edlia<\/strong><br \/>\n1. Respectar el car\u00e0cter propi del centre i recon\u00e8ixer l\u2019autoritat del professorat i la de l\u2019equip directiu i la de la resta de personal del centre.<br \/>\n2. Compartir amb el centre l\u2019educaci\u00f3 del\/la fill\/a desenvolupant, adoptant i afavorint les complicitats que s\u00f3n necess\u00e0ries per aplicar el projecte educatiu i per afavorir el<br \/>\ndesenvolupament personal, social i acad\u00e8mic.<br \/>\n3. Assistir a les reunions informatives d\u2019inici de curs i les entrevistes que es convoquin des de l\u2019escola.<br \/>\n4. Comprometre\u2019s junt amb el\/la fill\/a a respectar les normes de funcionament del centre, en particular les que afecten a la conviv\u00e8ncia escolar i el desenvolupament normal de les classes.<br \/>\n5. Vetllar per tal que el fill o filla compleixi el deure b\u00e0sic de l\u2019estudi i d\u2019assist\u00e8ncia regular i puntual a les activitats acad\u00e8miques, i tamb\u00e9 per que faci les tasques encomanades, ajudant-lo a organitzar el temps d\u2019estudi a casa i a preparar el material per a l\u2019activitat escolar.<br \/>\n6. Adre\u00e7ar-se directament al centre per contrastar les discrep\u00e0ncies, coincid\u00e8ncies o suggeriments en relaci\u00f3 amb l\u2019aplicaci\u00f3 del projecte educatiu en la formaci\u00f3 del fill o filla.<br \/>\n7. Facilitar al centre les informacions del fill o filla que siguin rellevants pel seu proc\u00e9s d\u2019aprenentatge.<br \/>\n8. Atendre en un termini raonable les peticions d\u2019entrevista o de comunicaci\u00f3 que formuli el centre.<br \/>\n9. Comunicar les faltes d\u2019assist\u00e8ncia del\/la fill\/a directament a la tutora, a trav\u00e9s de l\u2019agenda, tel\u00e8fon de l\u2019escola o e-mail del\/la tutor\/a.<br \/>\n10. Respectar els horaris d\u2019entrada i sortida de l\u2019Escola i l\u2019assist\u00e8ncia de tota la jornada lectiva, evitant entrades i sortides fora dels horaris normals.<br \/>\n11. Col\u00b7laborar amb les activitats proposades pel centre que impliquin la participaci\u00f3 de les fam\u00edlies.<br \/>\n12. Vetllar per la salut i la higiene del\/la fill\/a evitant portar-lo a l\u2019escola en cas de malalties contagioses.<br \/>\n13. Tenir activa i actualitzada una adre\u00e7a de correu electr\u00f2nic on rebre informacions.<br \/>\n14. Revisar conjuntament amb el centre educatiu el compliment dels compromisos de la carta,si escau.<\/p>\n<p>I, per a que aix\u00ed consti, signem aquesta carta de comprom\u00eds educatiu.<\/p>\n<p>&nbsp;<\/p>\n<p>La Directora\u00a0 \u00a0 \u00a0 \u00a0 \u00a0 \u00a0 \u00a0 \u00a0 \u00a0 \u00a0 \u00a0 \u00a0 \u00a0 \u00a0 \u00a0 \u00a0 \u00a0 \u00a0 \u00a0 \u00a0 \u00a0 \u00a0 \u00a0 \u00a0 \u00a0 \u00a0 \u00a0 \u00a0 \u00a0 \u00a0 \u00a0 \u00a0 \u00a0 \u00a0 \u00a0 \u00a0 La fam\u00edlia<\/p>\n<p>Signatura\u00a0 \u00a0 \u00a0 \u00a0 \u00a0 \u00a0 \u00a0 \u00a0 \u00a0 \u00a0 \u00a0 \u00a0 \u00a0 \u00a0 \u00a0 \u00a0 \u00a0 \u00a0 \u00a0 \u00a0 \u00a0 \u00a0 \u00a0 \u00a0 \u00a0 \u00a0 \u00a0 \u00a0 \u00a0 \u00a0 \u00a0 \u00a0 \u00a0 \u00a0 \u00a0 \u00a0 \u00a0 \u00a0 \u00a0Signatura<\/p>\n<p><a href=\"https:\/\/agora.xtec.cat\/ceipmontserrat-ssg\/wp-content\/uploads\/usu725\/2021\/06\/Carta_de_comprom\u00eds_educatiu.pdf\">Carta_de_comprom\u00eds_educatiu<\/a><\/p>\n<p>&nbsp;<\/p>\n<p>&nbsp;<\/p>\n","protected":false},"excerpt":{"rendered":"<p>Generalitat de Catalunya<br \/>\nDepartament d&#8217;Ensenyament<br \/>\nESCOLA MONTSERRAT<br \/>\n&nbsp;<br \/>\nCarta de comprom\u00eds educatiu<br \/>\nLes persones sotasignades:<br \/>\nImma Escayola Circuns, directora de l\u2019Escola Montserrat i (pare mare, tutor\/a) de l\u2019alumne\/a reunits a la localitat de Sant Salvador de Guardiola, amb data , conscients que l\u2019educaci\u00f3 d\u2019infants implica l\u2019acci\u00f3 conjunta de la fam\u00edlia i&hellip;  <a href=\"https:\/\/agora.xtec.cat\/ceipmontserrat-ssg\/projecte-educatiu\/pla-de-convivencia\/carta-de-compromis-educatiu\/\" title=\"Read Carta de comprom\u00eds educatiu\">Llegeix m\u00e9s\u00bb<\/a><\/p>\n","protected":false},"author":1,"featured_media":0,"parent":3367,"menu_order":0,"comment_status":"closed","ping_status":"closed","template":"","meta":{"_bbp_topic_count":0,"_bbp_reply_count":0,"_bbp_total_topic_count":0,"_bbp_total_reply_count":0,"_bbp_voice_count":0,"_bbp_anonymous_reply_count":0,"_bbp_topic_count_hidden":0,"_bbp_reply_count_hidden":0,"_bbp_forum_subforum_count":0,"footnotes":""},"class_list":["post-3605","page","type-page","status-publish","hentry"],"post_mailing_queue_ids":[],"_links":{"self":[{"href":"https:\/\/agora.xtec.cat\/ceipmontserrat-ssg\/wp-json\/wp\/v2\/pages\/3605","targetHints":{"allow":["GET"]}}],"collection":[{"href":"https:\/\/agora.xtec.cat\/ceipmontserrat-ssg\/wp-json\/wp\/v2\/pages"}],"about":[{"href":"https:\/\/agora.xtec.cat\/ceipmontserrat-ssg\/wp-json\/wp\/v2\/types\/page"}],"author":[{"embeddable":true,"href":"https:\/\/agora.xtec.cat\/ceipmontserrat-ssg\/wp-json\/wp\/v2\/users\/1"}],"replies":[{"embeddable":true,"href":"https:\/\/agora.xtec.cat\/ceipmontserrat-ssg\/wp-json\/wp\/v2\/comments?post=3605"}],"version-history":[{"count":4,"href":"https:\/\/agora.xtec.cat\/ceipmontserrat-ssg\/wp-json\/wp\/v2\/pages\/3605\/revisions"}],"predecessor-version":[{"id":3608,"href":"https:\/\/agora.xtec.cat\/ceipmontserrat-ssg\/wp-json\/wp\/v2\/pages\/3605\/revisions\/3608"}],"up":[{"embeddable":true,"href":"https:\/\/agora.xtec.cat\/ceipmontserrat-ssg\/wp-json\/wp\/v2\/pages\/3367"}],"wp:attachment":[{"href":"https:\/\/agora.xtec.cat\/ceipmontserrat-ssg\/wp-json\/wp\/v2\/media?parent=3605"}],"curies":[{"name":"wp","href":"https:\/\/api.w.org\/{rel}","templated":true}]}}