{"id":26,"date":"2014-09-18T12:24:32","date_gmt":"2014-09-18T11:24:32","guid":{"rendered":"http:\/\/agora.xtec.cat\/ceipmontserrat-ssg\/?page_id=26"},"modified":"2016-12-23T18:07:13","modified_gmt":"2016-12-23T17:07:13","slug":"historia","status":"publish","type":"page","link":"https:\/\/agora.xtec.cat\/ceipmontserrat-ssg\/lescola\/historia\/","title":{"rendered":"Hist\u00f2ria"},"content":{"rendered":"<p><img loading=\"lazy\" decoding=\"async\" style=\"float: left; margin: 5px;\" src=\"http:\/\/xtec.cat\/ceipmontserrat-ssg\/escola37.gif\" alt=\"escola1937\" width=\"144\" height=\"206\" \/>A Sant Salvador de Guardiola, com a molts altres pobles de Catalunya, abans de la Guerra Civil, ja hi havia una escola. La ubicaci\u00f3 de l&#8217;edifici escolar, per\u00f2, ha anat canviant al llarg dels anys.<\/p>\n<p>Algun temps, s&#8217;havia fet classe en uns locals situats al carrer Josep Pesarrodona. Tamb\u00e9, en els locals que ara ocupa el restaurant Sant Salvador.<\/p>\n<p>El 1959 es construeix un edifici definitiu en els n\u00fameros 17 i 19 del carrer de Dalt. En un principi, aquest edifici escolar constava de dues aules: una pels nens i una altra per les nenes. Hi havia un professor pels nens i una mestra per les nenes. Les classes eren grans i espaioses. <img loading=\"lazy\" decoding=\"async\" style=\"float: right; margin: 5px;\" src=\"http:\/\/xtec.cat\/ceipmontserrat-ssg\/escola59.gif\" alt=\"escola 1959\" width=\"283\" height=\"202\" \/>Tots els alumnes, independentment de la seva edat estudiaven a la mateixa aula. Aix\u00f2 s\u00ed, els nens en una i les nenes a l&#8217;altra. Fins i tot a l&#8217;hora del pati estaven en zones separades. La dels nens la vigilava el professor i la de nenes la mestra, no fos cas que es barregessin !!.<\/p>\n<p>L&#8217;arribada de l&#8217;E.G.B amb les &#8220;concentracions escolars&#8221; va representar un cop dur per a l&#8217;escola del poble. Primer els alumnes del Cicle Superior van haver de despla\u00e7ar-se a l&#8217;escola del &#8220;Xup&#8221; per fer el 6\u00e8, 7\u00e8 i 8\u00e8. Es deia que l&#8217;escola de Manresa tenia m\u00e9s bona dotaci\u00f3 de recursos i materials i, per tant, podia oferir un millor servei als alumnes. Mica en mica, la majoria de fam\u00edlies de Sant Salvador van anar a matricular els seus fill i filles a l&#8217;escola de Manresa i l&#8217;escola del poble va estar a punt de tancar.<\/p>\n<p><img loading=\"lazy\" decoding=\"async\" style=\"margin: 5px; float: left;\" src=\"http:\/\/agora.xtec.cat\/ceipmontserrat-ssg\/moodle\/draftfile.php\/21\/user\/draft\/237637805\/escolaclasse.png\" width=\"300\" height=\"201\" \/>El curs 84-85 l&#8217;escola de Sant Salvador nom\u00e9s tenia 12 alumnes matriculats. \u00c9s una escola &#8220;rural&#8221; d&#8217;una aula. Era molt probable que el curs seg\u00fcent deix\u00e9s d&#8217;obrir-se, tal com va succeir a nombroses escoles rurals de la comarca en aquells anys.<\/p>\n<p>Vet aqu\u00ed, per\u00f2, que un canvi en el Consistori municipal comporta que, tot i no tenir compet\u00e8ncies directes en l&#8217;\u00e0mbit escolar, es decid\u00eds portar a terme una tasca que facilit\u00e9s la continu\u00eftat del Centre i millor\u00e9s les condicions de treball dels alumnes i professors: Es va posar un autob\u00fas que port\u00e9s gratu\u00eftament els alumnes des de les urbanitzacions fins a l&#8217;escola i es va oferir el servei de Menjador Escolar. L&#8217;escola, en aquesta <img loading=\"lazy\" decoding=\"async\" style=\"float: right; margin: 5px;\" src=\"http:\/\/agora.xtec.cat\/ceipmontserrat-ssg\/moodle\/draftfile.php\/21\/user\/draft\/237637805\/escolaqporta.png\" width=\"300\" height=\"201\" \/>\u00e8poca comparteix espais amb les oficines de l&#8217;Ajuntament i el despatx del metge. Tot i aix\u00f2, hi havia una clara intenci\u00f3 de solucionar els inconvenients.<\/p>\n<p>El curs 86-87, torna a ser nom\u00e9s edifici escolar ja que es busquen altres locals per a les oficines municipals i pel metge. Es fan les primeres reformes que deixaran una escola amb tres aules, un despatx i serveis sanitaris. S&#8217;arriba als quaranta alumnes i tres mestres. L&#8217;any 1989 es fa una nova ampliaci\u00f3 que dotar\u00e0 l&#8217;escola amb una nova aula.<\/p>\n<p><img loading=\"lazy\" decoding=\"async\" style=\"margin: 5px; float: left;\" src=\"http:\/\/agora.xtec.cat\/ceipmontserrat-ssg\/moodle\/draftfile.php\/21\/user\/draft\/237637805\/escolanens.png\" width=\"300\" height=\"201\" \/>L&#8217;equip de professors s&#8217;amplia a mesura que creix el nombre d&#8217;alumnes matriculats. El centre adopta com a nom oficial el d'&#8221;Escola Montserrat&#8221; en clara refer\u00e8ncia a les muntanyes que es veuen des dels seus finestrals.<\/p>\n<p>La poblaci\u00f3 del municipi va augmentant i, al mateix ritme, els alumnes que assisteixen a l&#8217;escola. Arriba un moment que no s&#8217;hi cap: Cal fer una gran ampliaci\u00f3 que permeti donar ensenyament a tots els nens i nenes de Sant Salvador.<\/p>\n<p>El 21 de gener de 1995 s&#8217;inaugura un nou edifici per a de l&#8217;escola Montserrat. \u00c9s el resultat d&#8217;una remodelaci\u00f3 i ampliaci\u00f3 de l&#8217;edifici que ja hi havia.<img loading=\"lazy\" decoding=\"async\" style=\"float: right; margin: 5px;\" src=\"http:\/\/agora.xtec.cat\/ceipmontserrat-ssg\/moodle\/draftfile.php\/21\/user\/draft\/237637805\/escola1995.png\" width=\"352\" height=\"264\" \/><\/p>\n<p>El que havia de ser una ampliaci\u00f3 \u00e9s en realitat tota una escola nova. Cinc aules de Prim\u00e0ria, una aula d&#8217;Educaci\u00f3 Infantil, una sala d&#8217;usos m\u00faltiples i petits espais eren una bona soluci\u00f3 per a l&#8217;escola de l&#8217;any <img loading=\"lazy\" decoding=\"async\" style=\"margin: 5px; float: left;\" src=\"http:\/\/agora.xtec.cat\/ceipmontserrat-ssg\/moodle\/draftfile.php\/21\/user\/draft\/237637805\/escola19952.png\" width=\"273\" height=\"238\" \/>1990 per\u00f2 el 1995 ja \u00e9s una escola massa petita per les necessitats educatives del municipi.<\/p>\n<p>L&#8217;any 2000 queda clar que els alumnes no hi caben a l&#8217;edifici i s&#8217;instal.len dues aules prefabricades al pati de l&#8217;escola. Els cursos seg\u00fcents es van afegint cargoleres fins a arribar a tenir-ne 4 que es fan servir com a aulari. Una m\u00e9s s&#8217;ha de fer servir com a menjador escolar.<\/p>\n<p>El curs 2009-2010 el CEIP MONTSERRAT estrena un nou edifici. \u00c9s una construcci\u00f3 pensada per encabir tots els alumnes i serveis d&#8217;una escola de doble l\u00ednia.<\/p>\n<p>El nou edifici consta de quatre plantes.<\/p>\n<p>En la inferior hi ha el pati d&#8217;educaci\u00f3 prim\u00e0ria, l&#8217;hort escolar, el gimn\u00e0s\/espai d&#8217;usos m\u00faltiples, uns vestuaris i els serveis.<\/p>\n<p>En el primer pis, que per la fa\u00e7ana principal queda a\u00a0 nivell de carrer, hi ha els serveis administratius i del professorat, el menjador, la biblioteca i sis aules d&#8217;educaci\u00f3 infantil amb espais annexes (tutoria, aula de desdoblament i aula de psicomotricitat).<\/p>\n<p>En el segon pis hi ha sis aules d&#8217;educaci\u00f3 prim\u00e0ria, aula d&#8217;ordinadors, aula de m\u00fasica, aula de pl\u00e0stica i aula d&#8217;audiovisuals. Tamb\u00e9 hi ha espais annexes que encabeixen tutories i aules de desdoblament. En una d&#8217;aquestes s&#8217;ha situat l&#8217;aula d&#8217;educaci\u00f3 especial i, en una altra, la luduteca que fa les funcions d&#8217;aula d&#8217;acollida pels nens i nenes que arriben a l&#8217;escola abans de les 9 del mat\u00ed.<\/p>\n<p>Al tercer pis hi ha sis aules m\u00e9s d&#8217;educaci\u00f3 prim\u00e0ria.<\/p>\n<p>L&#8217;edifici \u00e9s prou ampli per encabir el nombre d&#8217;alumnes que previsiblement,\u00a0 el terme municipal pot arribar a tenir en els propers anys.<\/p>\n<p>El nombre de mestres i personal auxiliar que treballa al centre tamb\u00e9 ha anat creixent al llarg dels anys i,\u00a0 &#8220;del mestre de nens&#8221; i &#8220;la mestra de les nenes&#8221; que eren dos, en l&#8217;actualitat s&#8217;ha passat a la trentena de mestres que amb\u00a0 monitors, netejadores i personal auxiliar fa que el personal que atengui els nens i nenes de l&#8217;escola s&#8217;apropi al mig centenar.<\/p>\n","protected":false},"excerpt":{"rendered":"<p>A Sant Salvador de Guardiola, com a molts altres pobles de Catalunya, abans de la Guerra Civil, ja hi havia una escola. La ubicaci\u00f3 de l&#8217;edifici escolar, per\u00f2, ha anat canviant al llarg dels anys.<br \/>\nAlgun temps, s&#8217;havia fet classe en uns locals situats al carrer&hellip;  <a href=\"https:\/\/agora.xtec.cat\/ceipmontserrat-ssg\/lescola\/historia\/\" title=\"Read Hist\u00f2ria\">Llegeix m\u00e9s\u00bb<\/a><\/p>\n","protected":false},"author":1,"featured_media":0,"parent":22,"menu_order":20,"comment_status":"closed","ping_status":"closed","template":"page-templates\/side-menu.php","meta":{"_bbp_topic_count":0,"_bbp_reply_count":0,"_bbp_total_topic_count":0,"_bbp_total_reply_count":0,"_bbp_voice_count":0,"_bbp_anonymous_reply_count":0,"_bbp_topic_count_hidden":0,"_bbp_reply_count_hidden":0,"_bbp_forum_subforum_count":0,"footnotes":""},"class_list":["post-26","page","type-page","status-publish","hentry"],"post_mailing_queue_ids":[],"_links":{"self":[{"href":"https:\/\/agora.xtec.cat\/ceipmontserrat-ssg\/wp-json\/wp\/v2\/pages\/26","targetHints":{"allow":["GET"]}}],"collection":[{"href":"https:\/\/agora.xtec.cat\/ceipmontserrat-ssg\/wp-json\/wp\/v2\/pages"}],"about":[{"href":"https:\/\/agora.xtec.cat\/ceipmontserrat-ssg\/wp-json\/wp\/v2\/types\/page"}],"author":[{"embeddable":true,"href":"https:\/\/agora.xtec.cat\/ceipmontserrat-ssg\/wp-json\/wp\/v2\/users\/1"}],"replies":[{"embeddable":true,"href":"https:\/\/agora.xtec.cat\/ceipmontserrat-ssg\/wp-json\/wp\/v2\/comments?post=26"}],"version-history":[{"count":3,"href":"https:\/\/agora.xtec.cat\/ceipmontserrat-ssg\/wp-json\/wp\/v2\/pages\/26\/revisions"}],"predecessor-version":[{"id":240,"href":"https:\/\/agora.xtec.cat\/ceipmontserrat-ssg\/wp-json\/wp\/v2\/pages\/26\/revisions\/240"}],"up":[{"embeddable":true,"href":"https:\/\/agora.xtec.cat\/ceipmontserrat-ssg\/wp-json\/wp\/v2\/pages\/22"}],"wp:attachment":[{"href":"https:\/\/agora.xtec.cat\/ceipmontserrat-ssg\/wp-json\/wp\/v2\/media?parent=26"}],"curies":[{"name":"wp","href":"https:\/\/api.w.org\/{rel}","templated":true}]}}