{"id":2718,"date":"2020-01-29T14:48:10","date_gmt":"2020-01-29T13:48:10","guid":{"rendered":"https:\/\/agora.xtec.cat\/ceipmontserrat-castellbisbal\/?page_id=2718"},"modified":"2020-02-14T20:04:12","modified_gmt":"2020-02-14T19:04:12","slug":"inclusio-educativa-i-coeducacio","status":"publish","type":"page","link":"https:\/\/agora.xtec.cat\/ceipmontserrat-castellbisbal\/lescola\/projecte-educatiu-de-centre\/inclusio-educativa-i-coeducacio\/","title":{"rendered":"Inclusi\u00f3 educativa i coeducaci\u00f3"},"content":{"rendered":"<p style=\"text-align: justify;\">INCLUSI\u00d3 EDUCATIVA I COEDUCACI\u00d3<\/p>\n<p style=\"text-align: justify;\">L\u2019Escola Montserrat inclou com a principi fonamental l\u2019educaci\u00f3 inclusiva com a base d\u2019una\u00a0 escola per a tothom.<\/p>\n<p style=\"text-align: justify;\">L\u2019educaci\u00f3 inclusiva \u00e9s la que ofereix a tots els infants i joves altes expectatives d\u2019\u00e8xit educatiu, independentment de les seves caracter\u00edstiques, necessitats o capacitats i l&#8217;oportunitat de cr\u00e9ixer conjuntament compartint experi\u00e8ncies i situacions d\u2019aprenentatge.<\/p>\n<p style=\"text-align: justify;\">La inclusi\u00f3 suposa una millora evolutiva respecte a la idea d\u2019integraci\u00f3. Quan es parla d\u2019integraci\u00f3, es pret\u00e9n facilitar a l\u2019alumnat els suports necessaris perqu\u00e8 pugui participar en el programa del centre educatiu. Es posa l\u2019accent, doncs, en l\u2019adaptaci\u00f3 dels infants al centre i a l\u2019entorn. L\u2019Escola Montserrat s\u2019adapta a la diversitat de l\u2019alumnat que t\u00e9 escolaritzat. Aix\u00f2 implica identificar les barreres que dificulten l\u2019aprenentatge, la socialitzaci\u00f3 i la participaci\u00f3 del nen\/a i cercar-les, eliminar-les o minimitzar-les. Un model d\u2019escola inclusiva \u00e9s el requisit previ i indispensable per a la construcci\u00f3 d\u2019una societat inclusiva.<\/p>\n<p style=\"text-align: justify;\">Un dels reptes de les societats del segle XXI \u00e9s avan\u00e7ar, col\u00b7lectivament, en la igualtat de drets i oportunitats de totes les persones, sense discriminacions per raons d&#8217;origen, de sexe o capacitat.<\/p>\n<p style=\"text-align: justify;\">La inclusi\u00f3, m\u00e9s enll\u00e0 de la provisi\u00f3 de serveis, implica un canvi en les expectatives d&#8217;aprenentatge de\u00a0 l&#8217;alumnat,\u00a0 un\u00a0 reconeixement\u00a0 de\u00a0 les\u00a0 possibilitats d&#8217;aprendre\u00a0 els\u00a0 uns\u00a0 dels altres\u00a0 i\u00a0 un treball interactiu\u00a0 dels\u00a0 professionals\u00a0 per\u00a0 donar\u00a0 respostes\u00a0 adequades\u00a0 a\u00a0 les\u00a0 necessitats\u00a0 de\u00a0 l&#8217;alumnat.<\/p>\n<p style=\"text-align: justify;\">L&#8217;educaci\u00f3 inclusiva de tot l&#8217;alumnat crea nous marcs de conviv\u00e8ncia i genera noves complicitats que afavoreixen l&#8217;equitat i la cohesi\u00f3 social. Per aix\u00f2 la nostra escola promou l\u2019equitat, afavorint la igualtat d\u2019oportunitats per al ple desenvolupament de les potencialitats de cada alumne i reduint el risc de qualsevol tipus de marginaci\u00f3 i exclusi\u00f3. El nostre centre crea les condicions necess\u00e0ries que fan possible que tothom accedeixi a una educaci\u00f3 de qualitat:<\/p>\n<ul style=\"text-align: justify;\">\n<li>Es detecten\u00a0 les\u00a0 necessitats\u00a0 espec\u00edfiques\u00a0 dels\u00a0 alumnes\u00a0 (f\u00edsiques,\u00a0 cognitives, afectives, relacionals i socials),\u00a0 es preveu\u00a0 la\u00a0 tutoria\u00a0 adequada\u00a0 i\u00a0 es\u00a0 vetlla\u00a0 pels\u00a0 aspectes\u00a0 afectius, emocionals i relacionals, fent un \u00e8mfasi especial en els alumnes m\u00e9s vulnerables o amb risc d&#8217;exclusi\u00f3.<\/li>\n<li>S\u2019adopten mesures\u00a0 preventives\u00a0 respecte\u00a0 a\u00a0 l&#8217;absentisme\u00a0 escolar\u00a0 i\u00a0 es\u00a0 fa\u00a0\u00a0\u00a0 un\u00a0 seguiment acurat. Aquestes mesures poden fer refer\u00e8ncia tant a les estrat\u00e8gies del centre per acollir els alumnes amb dificultats o amb risc d&#8217;exclusi\u00f3, com a les expectatives dels professors envers aquests alumnes i a la capacitat del centre d&#8217;activar accions positives. Aquestes mesures normalment s\u00f3n fruit d&#8217;un treball coordinat entre els responsables del centre i els agents de l&#8217;entorn implicats. Es fomenta la integraci\u00f3 escolar i social de tots els alumnes i de les fam\u00edlies.<\/li>\n<li>Es col\u00b7labora\u00a0 amb\u00a0 els\u00a0 agents\u00a0 i\u00a0 entitats\u00a0 educatives\u00a0 de\u00a0 l&#8217;entorn\u00a0 per\u00a0 tal\u00a0 de\u00a0 promoure\u00a0 la participaci\u00f3 i l&#8217;arrelament al territori.<\/li>\n<li>Es promou\u00a0 i\u00a0 es\u00a0 col\u00b7labora\u00a0 en\u00a0 projectes\u00a0 educatius\u00a0 d&#8217;\u00e0mbit\u00a0 comunitari\u00a0 per\u00a0 millorar\u00a0 la continu\u00eftat i coher\u00e8ncia entre l&#8217;educaci\u00f3 formal, no formal i informal, i la integraci\u00f3 i la cohesi\u00f3 social.<\/li>\n<\/ul>\n<p style=\"text-align: justify;\">Dins el principi de la coeducaci\u00f3 i seguint els principis rectors de la Llei d\u2019Educaci\u00f3\u00a0la nostra escola defensa i promou:<\/p>\n<ul style=\"text-align: justify;\">\n<li>La coeducaci\u00f3 i el foment de la igualtat real i efectiva entre dones i homes.<\/li>\n<li>El principi de coeducaci\u00f3 per mitj\u00e0 de l&#8217;escolaritzaci\u00f3 mixta, que ser\u00e0 objecte d&#8217;atenci\u00f3 preferent. La coeducaci\u00f3, per afavorir la igualtat entre l&#8217;alumnat.<\/li>\n<li>El respecte\u00a0 i\u00a0 el\u00a0 compliment\u00a0 de\u00a0 les\u00a0 normes\u00a0 reguladores\u00a0 del\u00a0 sistema\u00a0 educatiu i\u00a0 l&#8217;aplicaci\u00f3\u00a0 dels principis i valors que s&#8217;hi recullen, inclosos els destinats a fomentar la igualtat de g\u00e8nere.<\/li>\n<li>La coeducaci\u00f3 comporta la promoci\u00f3 d&#8217;una educaci\u00f3 que potencia la igualtat real d\u2019oportunitats i l\u2019eliminaci\u00f3 de tota mena de discriminaci\u00f3 per ra\u00f3 de sexe, aix\u00ed com la integraci\u00f3 de forma expl\u00edcita i amb continguts d\u2019aprenentatge de la perspectiva de g\u00e8nere.<\/li>\n<li>Llenguatge igualitari per eliminar els estereotips de g\u00e8nere<\/li>\n<\/ul>\n<p style=\"text-align: justify;\">\n","protected":false},"excerpt":{"rendered":"<p>INCLUSI\u00d3 EDUCATIVA I COEDUCACI\u00d3 L\u2019Escola Montserrat inclou com a principi fonamental l\u2019educaci\u00f3 inclusiva com a base d\u2019una\u00a0 escola per a tothom. L\u2019educaci\u00f3 inclusiva \u00e9s la que ofereix a tots els infants i joves altes expectatives d\u2019\u00e8xit educatiu, independentment de les seves caracter\u00edstiques, necessitats o capacitats i l&#8217;oportunitat de cr\u00e9ixer conjuntament compartint experi\u00e8ncies i situacions d\u2019aprenentatge. [&hellip;]<\/p>\n","protected":false},"author":1,"featured_media":0,"parent":2736,"menu_order":40,"comment_status":"closed","ping_status":"closed","template":"page-templates\/side-menu.php","meta":{"_bbp_topic_count":0,"_bbp_reply_count":0,"_bbp_total_topic_count":0,"_bbp_total_reply_count":0,"_bbp_voice_count":0,"_bbp_anonymous_reply_count":0,"_bbp_topic_count_hidden":0,"_bbp_reply_count_hidden":0,"_bbp_forum_subforum_count":0,"site-sidebar-layout":"default","site-content-layout":"","ast-site-content-layout":"","site-content-style":"default","site-sidebar-style":"default","ast-global-header-display":"","ast-banner-title-visibility":"","ast-main-header-display":"","ast-hfb-above-header-display":"","ast-hfb-below-header-display":"","ast-hfb-mobile-header-display":"","site-post-title":"","ast-breadcrumbs-content":"","ast-featured-img":"","footer-sml-layout":"","theme-transparent-header-meta":"","adv-header-id-meta":"","stick-header-meta":"","header-above-stick-meta":"","header-main-stick-meta":"","header-below-stick-meta":"","astra-migrate-meta-layouts":"default","ast-page-background-enabled":"default","ast-page-background-meta":{"desktop":{"background-color":"var(--ast-global-color-4)","background-image":"","background-repeat":"repeat","background-position":"center center","background-size":"auto","background-attachment":"scroll","background-type":"","background-media":"","overlay-type":"","overlay-color":"","overlay-opacity":"","overlay-gradient":""},"tablet":{"background-color":"","background-image":"","background-repeat":"repeat","background-position":"center center","background-size":"auto","background-attachment":"scroll","background-type":"","background-media":"","overlay-type":"","overlay-color":"","overlay-opacity":"","overlay-gradient":""},"mobile":{"background-color":"","background-image":"","background-repeat":"repeat","background-position":"center center","background-size":"auto","background-attachment":"scroll","background-type":"","background-media":"","overlay-type":"","overlay-color":"","overlay-opacity":"","overlay-gradient":""}},"ast-content-background-meta":{"desktop":{"background-color":"var(--ast-global-color-5)","background-image":"","background-repeat":"repeat","background-position":"center center","background-size":"auto","background-attachment":"scroll","background-type":"","background-media":"","overlay-type":"","overlay-color":"","overlay-opacity":"","overlay-gradient":""},"tablet":{"background-color":"var(--ast-global-color-5)","background-image":"","background-repeat":"repeat","background-position":"center center","background-size":"auto","background-attachment":"scroll","background-type":"","background-media":"","overlay-type":"","overlay-color":"","overlay-opacity":"","overlay-gradient":""},"mobile":{"background-color":"var(--ast-global-color-5)","background-image":"","background-repeat":"repeat","background-position":"center center","background-size":"auto","background-attachment":"scroll","background-type":"","background-media":"","overlay-type":"","overlay-color":"","overlay-opacity":"","overlay-gradient":""}},"footnotes":""},"class_list":["post-2718","page","type-page","status-publish","hentry"],"post_mailing_queue_ids":[],"_links":{"self":[{"href":"https:\/\/agora.xtec.cat\/ceipmontserrat-castellbisbal\/wp-json\/wp\/v2\/pages\/2718","targetHints":{"allow":["GET"]}}],"collection":[{"href":"https:\/\/agora.xtec.cat\/ceipmontserrat-castellbisbal\/wp-json\/wp\/v2\/pages"}],"about":[{"href":"https:\/\/agora.xtec.cat\/ceipmontserrat-castellbisbal\/wp-json\/wp\/v2\/types\/page"}],"author":[{"embeddable":true,"href":"https:\/\/agora.xtec.cat\/ceipmontserrat-castellbisbal\/wp-json\/wp\/v2\/users\/1"}],"replies":[{"embeddable":true,"href":"https:\/\/agora.xtec.cat\/ceipmontserrat-castellbisbal\/wp-json\/wp\/v2\/comments?post=2718"}],"version-history":[{"count":3,"href":"https:\/\/agora.xtec.cat\/ceipmontserrat-castellbisbal\/wp-json\/wp\/v2\/pages\/2718\/revisions"}],"predecessor-version":[{"id":2754,"href":"https:\/\/agora.xtec.cat\/ceipmontserrat-castellbisbal\/wp-json\/wp\/v2\/pages\/2718\/revisions\/2754"}],"up":[{"embeddable":true,"href":"https:\/\/agora.xtec.cat\/ceipmontserrat-castellbisbal\/wp-json\/wp\/v2\/pages\/2736"}],"wp:attachment":[{"href":"https:\/\/agora.xtec.cat\/ceipmontserrat-castellbisbal\/wp-json\/wp\/v2\/media?parent=2718"}],"curies":[{"name":"wp","href":"https:\/\/api.w.org\/{rel}","templated":true}]}}

Inclusió educativa i coeducació

<p style="text-align: justify;">INCLUSIÓ EDUCATIVA I COEDUCACIÓ</p>
<p style="text-align: justify;">L’Escola Montserrat inclou com a principi fonamental l’educació inclusiva com a base d’una  escola per a tothom.</p>
<p style="text-align: justify;">L’educació inclusiva és la que ofereix a tots els infants i joves altes expectatives d’èxit educatiu, independentment de les seves característiques, necessitats o capacitats i l&#8217;oportunitat de créixer conjuntament compartint experiències i situacions d’aprenentatge.</p>
<p style="text-align: justify;">La inclusió suposa una millora evolutiva respecte a la idea d’integració. Quan es parla d’integració, es pretén facilitar a l’alumnat els suports necessaris perquè pugui participar en el programa del centre educatiu. Es posa l’accent, doncs, en l’adaptació dels infants al centre i a l’entorn. L’Escola Montserrat s’adapta a la diversitat de l’alumnat que té escolaritzat. Això implica identificar les barreres que dificulten l’aprenentatge, la socialització i la participació del nen/a i cercar-les, eliminar-les o minimitzar-les. Un model d’escola inclusiva és el requisit previ i indispensable per a la construcció d’una societat inclusiva.</p>
<p style="text-align: justify;">Un dels reptes de les societats del segle XXI és avançar, col·lectivament, en la igualtat de drets i oportunitats de totes les persones, sense discriminacions per raons d&#8217;origen, de sexe o capacitat.</p>
<p style="text-align: justify;">La inclusió, més enllà de la provisió de serveis, implica un canvi en les expectatives d&#8217;aprenentatge de  l&#8217;alumnat,  un  reconeixement  de  les  possibilitats d&#8217;aprendre  els  uns  dels altres  i  un treball interactiu  dels  professionals  per  donar  respostes  adequades  a  les  necessitats  de  l&#8217;alumnat.</p>
<p style="text-align: justify;">L&#8217;educació inclusiva de tot l&#8217;alumnat crea nous marcs de convivència i genera noves complicitats que afavoreixen l&#8217;equitat i la cohesió social. Per això la nostra escola promou l’equitat, afavorint la igualtat d’oportunitats per al ple desenvolupament de les potencialitats de cada alumne i reduint el risc de qualsevol tipus de marginació i exclusió. El nostre centre crea les condicions necessàries que fan possible que tothom accedeixi a una educació de qualitat:</p>
<ul style="text-align: justify;">
<li>Es detecten  les  necessitats  específiques  dels  alumnes  (físiques,  cognitives, afectives, relacionals i socials),  es preveu  la  tutoria  adequada  i  es  vetlla  pels  aspectes  afectius, emocionals i relacionals, fent un èmfasi especial en els alumnes més vulnerables o amb risc d&#8217;exclusió.</li>
<li>S’adopten mesures  preventives  respecte  a  l&#8217;absentisme  escolar  i  es  fa    un  seguiment acurat. Aquestes mesures poden fer referència tant a les estratègies del centre per acollir els alumnes amb dificultats o amb risc d&#8217;exclusió, com a les expectatives dels professors envers aquests alumnes i a la capacitat del centre d&#8217;activar accions positives. Aquestes mesures normalment són fruit d&#8217;un treball coordinat entre els responsables del centre i els agents de l&#8217;entorn implicats. Es fomenta la integració escolar i social de tots els alumnes i de les famílies.</li>
<li>Es col·labora  amb  els  agents  i  entitats  educatives  de  l&#8217;entorn  per  tal  de  promoure  la participació i l&#8217;arrelament al territori.</li>
<li>Es promou  i  es  col·labora  en  projectes  educatius  d&#8217;àmbit  comunitari  per  millorar  la continuïtat i coherència entre l&#8217;educació formal, no formal i informal, i la integració i la cohesió social.</li>
</ul>
<p style="text-align: justify;">Dins el principi de la coeducació i seguint els principis rectors de la Llei d’Educació la nostra escola defensa i promou:</p>
<ul style="text-align: justify;">
<li>La coeducació i el foment de la igualtat real i efectiva entre dones i homes.</li>
<li>El principi de coeducació per mitjà de l&#8217;escolarització mixta, que serà objecte d&#8217;atenció preferent. La coeducació, per afavorir la igualtat entre l&#8217;alumnat.</li>
<li>El respecte  i  el  compliment  de  les  normes  reguladores  del  sistema  educatiu i  l&#8217;aplicació  dels principis i valors que s&#8217;hi recullen, inclosos els destinats a fomentar la igualtat de gènere.</li>
<li>La coeducació comporta la promoció d&#8217;una educació que potencia la igualtat real d’oportunitats i l’eliminació de tota mena de discriminació per raó de sexe, així com la integració de forma explícita i amb continguts d’aprenentatge de la perspectiva de gènere.</li>
<li>Llenguatge igualitari per eliminar els estereotips de gènere</li>
</ul>
<p style="text-align: justify;">

<p>INCLUSIÓ EDUCATIVA I COEDUCACIÓ L’Escola Montserrat inclou com a principi fonamental l’educació inclusiva com a base d’una  escola per a tothom. L’educació inclusiva és la que ofereix a tots els infants i joves altes expectatives d’èxit educatiu, independentment de les seves característiques, necessitats o capacitats i l&#8217;oportunitat de créixer conjuntament compartint experiències i situacions d’aprenentatge. [&hellip;]</p>
