{"id":2711,"date":"2020-01-29T14:37:58","date_gmt":"2020-01-29T13:37:58","guid":{"rendered":"https:\/\/agora.xtec.cat\/ceipmontserrat-castellbisbal\/?page_id=2711"},"modified":"2020-02-14T20:02:37","modified_gmt":"2020-02-14T19:02:37","slug":"qui-som-i-que-ens-defineix","status":"publish","type":"page","link":"https:\/\/agora.xtec.cat\/ceipmontserrat-castellbisbal\/lescola\/projecte-educatiu-de-centre\/qui-som-i-que-ens-defineix\/","title":{"rendered":"Qui som i qu\u00e8 ens defineix"},"content":{"rendered":"<p style=\"text-align: justify;\">ALL\u00d2 QUE ENS DEFINEIX I ENS FA SER QUI SOM.<\/p>\n<ul style=\"text-align: justify;\">\n<li style=\"text-align: justify;\"><strong>Una escola per a tothom<\/strong>. Partim del principi que totes les persones som diferents i que la diversitat de caracter\u00edstiques de les persones no nom\u00e9s forma part inherent de les mateixes, sin\u00f3 que \u00e9s un aspecte que cal potenciar com a font d\u2019enriquiment individual i col\u00b7lectiu.<\/li>\n<\/ul>\n<p style=\"text-align: justify;\">Cada nen o nena t\u00e9 moltes <strong>capacitats i habilitats<\/strong> i, tots\/es tenen, tamb\u00e9, alguns aspectes que necessiten de l\u2019acompanyament dels altres (iguals, fam\u00edlies i mestres) per a seguir construir-se com a individu i \u00e9sser social. Per tant, tots els nens i nenes necessiten de la mirada, escolta i acompanyament de llur tutor\/a i d\u2019aquells educadors\/es que interactu\u00efn amb ell\/es.<\/p>\n<p style=\"text-align: justify;\">La inclusi\u00f3 fa refer\u00e8ncia al respecte i atenci\u00f3 a les qualitats i capacitats de totes les persones per igual. De manera expl\u00edcita l\u2019escola est\u00e0 oberta i vol poder acollir tots els nens i nenes, siguin quines siguin les seves caracter\u00edstiques i proced\u00e8ncies, des de la perspectiva d\u2019una educaci\u00f3 per a la diversitat. Entenem la diversitat des d\u2019una concepci\u00f3 oberta, \u00e0mplia i com a font d\u2019enriquiment mutu.<\/p>\n<p style=\"text-align: justify;\">\n<ul style=\"text-align: justify;\">\n<li>Una escola que contempla les persones des de <strong>totes les seves dimensions<\/strong>. Entenem el fet educatiu com un concepte ampli que considera els diferents aspectes que integren la personalitat dels infants: el desenvolupament intel\u00b7lectual i del coneixement, l\u2019educaci\u00f3 del pensament, del cos, de l\u2019expressi\u00f3, el creixement emocional i social. Entenem que la persona \u00e9s poli\u00e8drica, amb moltes dimensions, i fem nostra l\u2019afirmaci\u00f3 que s\u00f3n <strong>m\u00faltiples les intel\u00b7lig\u00e8ncies<\/strong> que configuren la persona.<\/li>\n<\/ul>\n<p style=\"text-align: justify;\">\n<ul style=\"text-align: justify;\">\n<li>Una escola a favor de la <strong>igualtat<\/strong> i en contra de la desigualtat. Entenem la diversitat com una font de riquesa i com a concepte oposat a la desigualtat. L\u2019escola adquireix el comprom\u00eds de minimitzar els efectes de la desigualtat tant dins del marc escolar com fora d\u2019aquest. Des de la perspectiva del respecte i la potenciaci\u00f3 de la diversitat, entenem que tots els alumnes han de ser integrats dins el context global del grup, sense exclusions ni divisions per raons de capacitats, habilitats, etc&#8230; entenem que cal que prenguin una actitud cr\u00edtica envers all\u00f2 que els envolta<\/li>\n<\/ul>\n<p style=\"text-align: justify;\">\n<ul style=\"text-align: justify;\">\n<li>Una escola amb una <strong>mirada amorosa<\/strong> envers l\u2019infant, tractant-lo d\u2019igual i acollint-lo.<\/li>\n<\/ul>\n<p style=\"text-align: justify;\">\n<p style=\"text-align: justify;\">Una escola <strong>coeducativa<\/strong>, respectant les difer\u00e8ncies per\u00f2 sense discriminar per raons de g\u00e8nere ni imposar rols preestablerts en funci\u00f3 del mateix. Ens regim pel principi<\/p>\n","protected":false},"excerpt":{"rendered":"<p>ALL\u00d2 QUE ENS DEFINEIX I ENS FA SER QUI SOM. Una escola per a tothom. Partim del principi que totes les persones som diferents i que la diversitat de caracter\u00edstiques de les persones no nom\u00e9s forma part inherent de les mateixes, sin\u00f3 que \u00e9s un aspecte que cal potenciar com a font d\u2019enriquiment individual i [&hellip;]<\/p>\n","protected":false},"author":1,"featured_media":0,"parent":2736,"menu_order":10,"comment_status":"closed","ping_status":"closed","template":"page-templates\/side-menu.php","meta":{"_bbp_topic_count":0,"_bbp_reply_count":0,"_bbp_total_topic_count":0,"_bbp_total_reply_count":0,"_bbp_voice_count":0,"_bbp_anonymous_reply_count":0,"_bbp_topic_count_hidden":0,"_bbp_reply_count_hidden":0,"_bbp_forum_subforum_count":0,"site-sidebar-layout":"default","site-content-layout":"","ast-site-content-layout":"","site-content-style":"default","site-sidebar-style":"default","ast-global-header-display":"","ast-banner-title-visibility":"","ast-main-header-display":"","ast-hfb-above-header-display":"","ast-hfb-below-header-display":"","ast-hfb-mobile-header-display":"","site-post-title":"","ast-breadcrumbs-content":"","ast-featured-img":"","footer-sml-layout":"","theme-transparent-header-meta":"","adv-header-id-meta":"","stick-header-meta":"","header-above-stick-meta":"","header-main-stick-meta":"","header-below-stick-meta":"","astra-migrate-meta-layouts":"default","ast-page-background-enabled":"default","ast-page-background-meta":{"desktop":{"background-color":"var(--ast-global-color-4)","background-image":"","background-repeat":"repeat","background-position":"center center","background-size":"auto","background-attachment":"scroll","background-type":"","background-media":"","overlay-type":"","overlay-color":"","overlay-opacity":"","overlay-gradient":""},"tablet":{"background-color":"","background-image":"","background-repeat":"repeat","background-position":"center center","background-size":"auto","background-attachment":"scroll","background-type":"","background-media":"","overlay-type":"","overlay-color":"","overlay-opacity":"","overlay-gradient":""},"mobile":{"background-color":"","background-image":"","background-repeat":"repeat","background-position":"center center","background-size":"auto","background-attachment":"scroll","background-type":"","background-media":"","overlay-type":"","overlay-color":"","overlay-opacity":"","overlay-gradient":""}},"ast-content-background-meta":{"desktop":{"background-color":"var(--ast-global-color-5)","background-image":"","background-repeat":"repeat","background-position":"center center","background-size":"auto","background-attachment":"scroll","background-type":"","background-media":"","overlay-type":"","overlay-color":"","overlay-opacity":"","overlay-gradient":""},"tablet":{"background-color":"var(--ast-global-color-5)","background-image":"","background-repeat":"repeat","background-position":"center center","background-size":"auto","background-attachment":"scroll","background-type":"","background-media":"","overlay-type":"","overlay-color":"","overlay-opacity":"","overlay-gradient":""},"mobile":{"background-color":"var(--ast-global-color-5)","background-image":"","background-repeat":"repeat","background-position":"center center","background-size":"auto","background-attachment":"scroll","background-type":"","background-media":"","overlay-type":"","overlay-color":"","overlay-opacity":"","overlay-gradient":""}},"footnotes":""},"class_list":["post-2711","page","type-page","status-publish","hentry"],"post_mailing_queue_ids":[],"_links":{"self":[{"href":"https:\/\/agora.xtec.cat\/ceipmontserrat-castellbisbal\/wp-json\/wp\/v2\/pages\/2711","targetHints":{"allow":["GET"]}}],"collection":[{"href":"https:\/\/agora.xtec.cat\/ceipmontserrat-castellbisbal\/wp-json\/wp\/v2\/pages"}],"about":[{"href":"https:\/\/agora.xtec.cat\/ceipmontserrat-castellbisbal\/wp-json\/wp\/v2\/types\/page"}],"author":[{"embeddable":true,"href":"https:\/\/agora.xtec.cat\/ceipmontserrat-castellbisbal\/wp-json\/wp\/v2\/users\/1"}],"replies":[{"embeddable":true,"href":"https:\/\/agora.xtec.cat\/ceipmontserrat-castellbisbal\/wp-json\/wp\/v2\/comments?post=2711"}],"version-history":[{"count":3,"href":"https:\/\/agora.xtec.cat\/ceipmontserrat-castellbisbal\/wp-json\/wp\/v2\/pages\/2711\/revisions"}],"predecessor-version":[{"id":2750,"href":"https:\/\/agora.xtec.cat\/ceipmontserrat-castellbisbal\/wp-json\/wp\/v2\/pages\/2711\/revisions\/2750"}],"up":[{"embeddable":true,"href":"https:\/\/agora.xtec.cat\/ceipmontserrat-castellbisbal\/wp-json\/wp\/v2\/pages\/2736"}],"wp:attachment":[{"href":"https:\/\/agora.xtec.cat\/ceipmontserrat-castellbisbal\/wp-json\/wp\/v2\/media?parent=2711"}],"curies":[{"name":"wp","href":"https:\/\/api.w.org\/{rel}","templated":true}]}}

Qui som i què ens defineix

<p style="text-align: justify;">ALLÒ QUE ENS DEFINEIX I ENS FA SER QUI SOM.</p>
<ul style="text-align: justify;">
<li style="text-align: justify;"><strong>Una escola per a tothom</strong>. Partim del principi que totes les persones som diferents i que la diversitat de característiques de les persones no només forma part inherent de les mateixes, sinó que és un aspecte que cal potenciar com a font d’enriquiment individual i col·lectiu.</li>
</ul>
<p style="text-align: justify;">Cada nen o nena té moltes <strong>capacitats i habilitats</strong> i, tots/es tenen, també, alguns aspectes que necessiten de l’acompanyament dels altres (iguals, famílies i mestres) per a seguir construir-se com a individu i ésser social. Per tant, tots els nens i nenes necessiten de la mirada, escolta i acompanyament de llur tutor/a i d’aquells educadors/es que interactuïn amb ell/es.</p>
<p style="text-align: justify;">La inclusió fa referència al respecte i atenció a les qualitats i capacitats de totes les persones per igual. De manera explícita l’escola està oberta i vol poder acollir tots els nens i nenes, siguin quines siguin les seves característiques i procedències, des de la perspectiva d’una educació per a la diversitat. Entenem la diversitat des d’una concepció oberta, àmplia i com a font d’enriquiment mutu.</p>
<p style="text-align: justify;">
<ul style="text-align: justify;">
<li>Una escola que contempla les persones des de <strong>totes les seves dimensions</strong>. Entenem el fet educatiu com un concepte ampli que considera els diferents aspectes que integren la personalitat dels infants: el desenvolupament intel·lectual i del coneixement, l’educació del pensament, del cos, de l’expressió, el creixement emocional i social. Entenem que la persona és polièdrica, amb moltes dimensions, i fem nostra l’afirmació que són <strong>múltiples les intel·ligències</strong> que configuren la persona.</li>
</ul>
<p style="text-align: justify;">
<ul style="text-align: justify;">
<li>Una escola a favor de la <strong>igualtat</strong> i en contra de la desigualtat. Entenem la diversitat com una font de riquesa i com a concepte oposat a la desigualtat. L’escola adquireix el compromís de minimitzar els efectes de la desigualtat tant dins del marc escolar com fora d’aquest. Des de la perspectiva del respecte i la potenciació de la diversitat, entenem que tots els alumnes han de ser integrats dins el context global del grup, sense exclusions ni divisions per raons de capacitats, habilitats, etc&#8230; entenem que cal que prenguin una actitud crítica envers allò que els envolta</li>
</ul>
<p style="text-align: justify;">
<ul style="text-align: justify;">
<li>Una escola amb una <strong>mirada amorosa</strong> envers l’infant, tractant-lo d’igual i acollint-lo.</li>
</ul>
<p style="text-align: justify;">
<p style="text-align: justify;">Una escola <strong>coeducativa</strong>, respectant les diferències però sense discriminar per raons de gènere ni imposar rols preestablerts en funció del mateix. Ens regim pel principi</p>

<p>ALLÒ QUE ENS DEFINEIX I ENS FA SER QUI SOM. Una escola per a tothom. Partim del principi que totes les persones som diferents i que la diversitat de característiques de les persones no només forma part inherent de les mateixes, sinó que és un aspecte que cal potenciar com a font d’enriquiment individual i [&hellip;]</p>
