{"id":26,"date":"2014-09-18T12:24:32","date_gmt":"2014-09-18T12:24:32","guid":{"rendered":"http:\/\/agora.xtec.cat\/ceipmontserrat-castellbisbal\/\/?page_id=26"},"modified":"2025-10-24T12:58:04","modified_gmt":"2025-10-24T10:58:04","slug":"historia","status":"publish","type":"page","link":"https:\/\/agora.xtec.cat\/ceipmontserrat-castellbisbal\/lescola\/historia\/","title":{"rendered":"\ud83c\udfdb\ufe0fHist\u00f2ria"},"content":{"rendered":"<p>L\u2019escola Montserrat \u00e9s el primer centre educatiu del municipi de Castellbisbal i,\u00a0 per tant, t\u00e9 una llarga hist\u00f2ria. Per\u00f2 no fou fins\u00a0 l\u2019any 1981 que es va construir el nou edifici escolar de prim\u00e0ria, amb capacitat per a 400 alumnes, degut al creixement de poblaci\u00f3 i la necessitat d\u2019escolaritzaci\u00f3 dels nous infants. Va comen\u00e7ar a funcionar al curs 1982-83 i durant els anys seg\u00fcents s\u2019han anat realitzant diferents obres de millora fins arribar a on estem ara.<\/p>\n<p>El parvulari es mant\u00e9 a l\u2019edifici actual amb les obres de restauraci\u00f3 i millora que es van realitzar en el seu moment i posteriorment el manteniment i millora de les aules.<\/p>\n<p>Durant l\u2019estiu de 1999 l\u2019Ajuntament de Castellbisbal va cobrir una de les dues pistes del pati, per tal de poder gaudir-ne els dies de pluja i trobar ombra en \u00e8poques d\u2019estiu.<\/p>\n<p>L\u2019any 2000 es va fer l\u2019ampliaci\u00f3 de l\u2019edifici de prim\u00e0ria amb 4 aules m\u00e9s per donar cabuda a\u00a0 tot l\u2019alumnat.\u00a0La\u00a0 renovaci\u00f3 de\u00a0 la cuina i el menjador del centre es va realitzar al 2008 i al gener de 2009 es va comen\u00e7ar la construcci\u00f3 del pavell\u00f3 poliesportiu. Les obres van finalitzar el mar\u00e7 de 2010 i el curs 2010-2011 va entrar en funcionament.<\/p>\n<p>Com escola que ha passat per diferents etapes i amb una gran hist\u00f2ria s\u2019ha anat adaptant en tot moment\u00a0 als canvis generalitzats d\u2019\u00e8poques i de pa\u00eds vetllant en tot moment per una educaci\u00f3 p\u00fablica, en xarxa amb les noves metodologies, amb principis de catalanitat i d\u2019escola inclusiva.<\/p>\n<p>La diversitat que caracteritza l\u2019alumnat de l\u2019escola es mant\u00e9 des dels seus\u00a0inicis. Aquest fet ha marcat una manera d\u2019entendre el tractament de la diversitat\u00a0i buscar maneres d\u2019ensenyar i aprendre molt obertes i amb una metodologia\u00a0 que permet els infants gaudir alhora que desperten el seu\u00a0inter\u00e8s per con\u00e8ixer i entendre el m\u00f3n que els envolta.<\/p>\n<p>L\u2019any 2010 s\u2019incorpora al centre una SIEI (Suport Intensiu per a l\u2019Escolaritzaci\u00f3 Inclusiva). Aquest fet va implicar uns canvis importants relacionats amb la\u00a0metodologia, la gesti\u00f3 del centre, la projecci\u00f3 exterior de l\u2019escola\u2026<\/p>\n<p>Com escola inclusiva valorem la diversitat com a reflex del que \u00e9s la nostra\u00a0societat, en la que conviuen persones de diferent posici\u00f3 social i econ\u00f2mica\u00a0o amb difer\u00e8ncies de tipus cognitiu, f\u00edsic, \u00e8tnic i cultural, de religi\u00f3\u2026<\/p>\n<p>A m\u00e9s, fem el possible per atendre les necessitats de cadascun dels\u00a0nens i les nenes fent \u00fas de diferents recursos i metodologies.<\/p>\n<p>El significat de la paraula inclusiu\/va \u00e9s, segons l\u2019enciclop\u00e8dia catalana: \u201cadj.Que inclou, compr\u00e8n\u201d. \u00c9s a dir, un lloc o una cosa que compr\u00e8n o que integra\u00a0una diversitat d\u2019elements. En els centres educatius, aquesta diversitat ens la\u00a0dona la difer\u00e8ncia que existeix entre les fam\u00edlies, entre els mateixos\u00a0professionals i, la m\u00e9s determinant, la que existeix entre els mateixos nens i nenes.<\/p>\n<p><strong>Una escola inclusiva \u00e9s una escola per a tothom<\/strong><strong>.<\/strong><\/p>\n<p>Ens basem en la creen\u00e7a\u00a0 que les persones treballem en una comunitat\u00a0inclusiva i pretenem que tots els alumnes obtinguin respostes a les seves\u00a0necessitats i arribin a assolir uns aprenentatges significatius. La inclusi\u00f3\u00a0educativa vol anar m\u00e9s enll\u00e0 de la integraci\u00f3 escolar o de les escolaritats\u00a0compartides, converteix tots els nens i nenes en membres de ple dret de tota\u00a0la comunitat: escola, institut, barri, poble, ciutat&#8230;<\/p>\n<p>En aquest sentit es fomenten pr\u00e0ctiques de treball cooperatiu, treball entre\u00a0diferents grups d\u2019edat, col\u00b7laboraci\u00f3 entre mestres i monitors&#8230; que fan viure el\u00a0sentit d\u2019una comunitat educativa.<\/p>\n<p>L\u2019escola ofereix una educaci\u00f3 permanent que incideix en el coneixement,\u00a0\u00a0estima, respecte i conservaci\u00f3 de l\u2019entorn.<\/p>\n<p>Volem aconseguir que aquest coneixement d\u2019un espai f\u00edsic concret sigui\u00a0traslladable a tot el planeta.\u00a0Busquem aquest coneixement mitjan\u00e7ant un treball cient\u00edfic on els nens i nenes\u00a0puguin aprendre a partir de l\u2019observaci\u00f3 i fent-se preguntes sobre el seu entorn i\u00a0 com mantenir\u00a0 i cuidar el planeta en el que vivim\u00a0 formant part del programa d\u2019 Escoles Verdes.<\/p>\n","protected":false},"excerpt":{"rendered":"<p>L\u2019escola Montserrat \u00e9s el primer centre educatiu del municipi de Castellbisbal i,\u00a0 per tant, t\u00e9 una llarga hist\u00f2ria. Per\u00f2 no fou fins\u00a0 l\u2019any 1981 que es va construir el nou edifici escolar de prim\u00e0ria, amb capacitat per a 400 alumnes, degut al creixement de poblaci\u00f3 i la necessitat d\u2019escolaritzaci\u00f3 dels nous infants. Va comen\u00e7ar a [&hellip;]<\/p>\n","protected":false},"author":2,"featured_media":0,"parent":22,"menu_order":20,"comment_status":"closed","ping_status":"closed","template":"","meta":{"_bbp_topic_count":0,"_bbp_reply_count":0,"_bbp_total_topic_count":0,"_bbp_total_reply_count":0,"_bbp_voice_count":0,"_bbp_anonymous_reply_count":0,"_bbp_topic_count_hidden":0,"_bbp_reply_count_hidden":0,"_bbp_forum_subforum_count":0,"site-sidebar-layout":"default","site-content-layout":"","ast-site-content-layout":"default","site-content-style":"default","site-sidebar-style":"default","ast-global-header-display":"","ast-banner-title-visibility":"","ast-main-header-display":"","ast-hfb-above-header-display":"","ast-hfb-below-header-display":"","ast-hfb-mobile-header-display":"","site-post-title":"","ast-breadcrumbs-content":"","ast-featured-img":"","footer-sml-layout":"","theme-transparent-header-meta":"","adv-header-id-meta":"","stick-header-meta":"","header-above-stick-meta":"","header-main-stick-meta":"","header-below-stick-meta":"","astra-migrate-meta-layouts":"set","ast-page-background-enabled":"default","ast-page-background-meta":{"desktop":{"background-color":"var(--ast-global-color-4)","background-image":"","background-repeat":"repeat","background-position":"center center","background-size":"auto","background-attachment":"scroll","background-type":"","background-media":"","overlay-type":"","overlay-color":"","overlay-opacity":"","overlay-gradient":""},"tablet":{"background-color":"","background-image":"","background-repeat":"repeat","background-position":"center center","background-size":"auto","background-attachment":"scroll","background-type":"","background-media":"","overlay-type":"","overlay-color":"","overlay-opacity":"","overlay-gradient":""},"mobile":{"background-color":"","background-image":"","background-repeat":"repeat","background-position":"center center","background-size":"auto","background-attachment":"scroll","background-type":"","background-media":"","overlay-type":"","overlay-color":"","overlay-opacity":"","overlay-gradient":""}},"ast-content-background-meta":{"desktop":{"background-color":"var(--ast-global-color-5)","background-image":"","background-repeat":"repeat","background-position":"center center","background-size":"auto","background-attachment":"scroll","background-type":"","background-media":"","overlay-type":"","overlay-color":"","overlay-opacity":"","overlay-gradient":""},"tablet":{"background-color":"var(--ast-global-color-5)","background-image":"","background-repeat":"repeat","background-position":"center center","background-size":"auto","background-attachment":"scroll","background-type":"","background-media":"","overlay-type":"","overlay-color":"","overlay-opacity":"","overlay-gradient":""},"mobile":{"background-color":"var(--ast-global-color-5)","background-image":"","background-repeat":"repeat","background-position":"center center","background-size":"auto","background-attachment":"scroll","background-type":"","background-media":"","overlay-type":"","overlay-color":"","overlay-opacity":"","overlay-gradient":""}},"footnotes":""},"class_list":["post-26","page","type-page","status-publish","hentry"],"post_mailing_queue_ids":[],"_links":{"self":[{"href":"https:\/\/agora.xtec.cat\/ceipmontserrat-castellbisbal\/wp-json\/wp\/v2\/pages\/26","targetHints":{"allow":["GET"]}}],"collection":[{"href":"https:\/\/agora.xtec.cat\/ceipmontserrat-castellbisbal\/wp-json\/wp\/v2\/pages"}],"about":[{"href":"https:\/\/agora.xtec.cat\/ceipmontserrat-castellbisbal\/wp-json\/wp\/v2\/types\/page"}],"author":[{"embeddable":true,"href":"https:\/\/agora.xtec.cat\/ceipmontserrat-castellbisbal\/wp-json\/wp\/v2\/users\/2"}],"replies":[{"embeddable":true,"href":"https:\/\/agora.xtec.cat\/ceipmontserrat-castellbisbal\/wp-json\/wp\/v2\/comments?post=26"}],"version-history":[{"count":4,"href":"https:\/\/agora.xtec.cat\/ceipmontserrat-castellbisbal\/wp-json\/wp\/v2\/pages\/26\/revisions"}],"predecessor-version":[{"id":4659,"href":"https:\/\/agora.xtec.cat\/ceipmontserrat-castellbisbal\/wp-json\/wp\/v2\/pages\/26\/revisions\/4659"}],"up":[{"embeddable":true,"href":"https:\/\/agora.xtec.cat\/ceipmontserrat-castellbisbal\/wp-json\/wp\/v2\/pages\/22"}],"wp:attachment":[{"href":"https:\/\/agora.xtec.cat\/ceipmontserrat-castellbisbal\/wp-json\/wp\/v2\/media?parent=26"}],"curies":[{"name":"wp","href":"https:\/\/api.w.org\/{rel}","templated":true}]}}