{"id":73,"date":"2014-09-18T14:01:51","date_gmt":"2014-09-18T13:01:51","guid":{"rendered":"http:\/\/agora.xtec.cat\/ceipmontseny-barcelona\/?page_id=73"},"modified":"2024-08-28T10:45:51","modified_gmt":"2024-08-28T08:45:51","slug":"menjador-escolar","status":"publish","type":"page","link":"https:\/\/agora.xtec.cat\/ceipmontseny-barcelona\/informacio\/serveis\/menjador-escolar\/","title":{"rendered":"Menjador escolar"},"content":{"rendered":"<h2>Men\u00fas<\/h2>\n<p>En aquest enlla\u00e7 podeu consultar els\u00a0<strong>men\u00fas de cada m\u00e9s<\/strong>:\u00a0<a href=\"https:\/\/afamontseny.com\/menu\/\">Men\u00fas menjador<\/a>.<\/p>\n<p>Les fam\u00edlies dels i les alumnes inscrites, tamb\u00e9 podeu consultar l&#8217;espai web de <a href=\"https:\/\/9naturalcuina.cat\/\">9naturalcuina.cat<\/a>.<\/p>\n<div class=\"wpcnt\">Si voleu saber m\u00e9s informaci\u00f3, la podeu trobar al web de l&#8217;AFA, en el seg\u00fcent enlla\u00e7 <a href=\"https:\/\/afamontseny.com\/\">AFA Escola Montseny<\/a>.<\/div>\n<div id=\"jp-post-flair\" class=\"sharedaddy sd-like-enabled sd-sharing-enabled\">\n<div class=\"sharedaddy sd-sharing-enabled\">\n<div class=\"robots-nocontent sd-block sd-social sd-social-icon sd-sharing\">\n<h3 class=\"sd-title\"><\/h3>\n<\/div>\n<\/div>\n<\/div>\n","protected":false},"excerpt":{"rendered":"<p>Men\u00fas<br \/>\nEn aquest enlla\u00e7 podeu consultar els\u00a0men\u00fas de cada m\u00e9s:\u00a0<a href=\"https:\/\/afamontseny.com\/menu\/\">Men\u00fas menjador<\/a>.<br \/>\nLes fam\u00edlies dels i les alumnes inscrites, tamb\u00e9 podeu consultar l&#8217;espai web de <a href=\"https:\/\/9naturalcuina.cat\/\">9naturalcuina.cat<\/a>.<br \/>\nSi voleu saber m\u00e9s informaci\u00f3, la podeu trobar al web de l&#8217;AFA, en el seg\u00fcent enlla\u00e7 <a href=\"https:\/\/afamontseny.com\/\">AFA Escola Montseny<\/a>.<\/p>\n","protected":false},"author":1,"featured_media":0,"parent":66,"menu_order":30,"comment_status":"closed","ping_status":"closed","template":"page-templates\/side-menu.php","meta":{"_bbp_topic_count":0,"_bbp_reply_count":0,"_bbp_total_topic_count":0,"_bbp_total_reply_count":0,"_bbp_voice_count":0,"_bbp_anonymous_reply_count":0,"_bbp_topic_count_hidden":0,"_bbp_reply_count_hidden":0,"_bbp_forum_subforum_count":0,"footnotes":""},"class_list":["post-73","page","type-page","status-publish","hentry"],"post_mailing_queue_ids":[],"_links":{"self":[{"href":"https:\/\/agora.xtec.cat\/ceipmontseny-barcelona\/wp-json\/wp\/v2\/pages\/73","targetHints":{"allow":["GET"]}}],"collection":[{"href":"https:\/\/agora.xtec.cat\/ceipmontseny-barcelona\/wp-json\/wp\/v2\/pages"}],"about":[{"href":"https:\/\/agora.xtec.cat\/ceipmontseny-barcelona\/wp-json\/wp\/v2\/types\/page"}],"author":[{"embeddable":true,"href":"https:\/\/agora.xtec.cat\/ceipmontseny-barcelona\/wp-json\/wp\/v2\/users\/1"}],"replies":[{"embeddable":true,"href":"https:\/\/agora.xtec.cat\/ceipmontseny-barcelona\/wp-json\/wp\/v2\/comments?post=73"}],"version-history":[{"count":9,"href":"https:\/\/agora.xtec.cat\/ceipmontseny-barcelona\/wp-json\/wp\/v2\/pages\/73\/revisions"}],"predecessor-version":[{"id":7600,"href":"https:\/\/agora.xtec.cat\/ceipmontseny-barcelona\/wp-json\/wp\/v2\/pages\/73\/revisions\/7600"}],"up":[{"embeddable":true,"href":"https:\/\/agora.xtec.cat\/ceipmontseny-barcelona\/wp-json\/wp\/v2\/pages\/66"}],"wp:attachment":[{"href":"https:\/\/agora.xtec.cat\/ceipmontseny-barcelona\/wp-json\/wp\/v2\/media?parent=73"}],"curies":[{"name":"wp","href":"https:\/\/api.w.org\/{rel}","templated":true}]}}