{"id":6848,"date":"2023-11-23T15:18:13","date_gmt":"2023-11-23T14:18:13","guid":{"rendered":"https:\/\/agora.xtec.cat\/ceipmontseny-barcelona\/?page_id=6848"},"modified":"2024-01-18T15:54:09","modified_gmt":"2024-01-18T14:54:09","slug":"xarxes-pel-canvi","status":"publish","type":"page","link":"https:\/\/agora.xtec.cat\/ceipmontseny-barcelona\/xarxes\/xarxes-pel-canvi\/","title":{"rendered":"Xarxes pel canvi"},"content":{"rendered":"<p style=\"text-align: justify;\">Des de l\u2019any 2017 el Consorci d\u2019Educaci\u00f3 de Barcelona ha liderat el programa Xarxes per al Canvi amb l\u2019objectiu de contribuir a l&#8217;impuls de la transformaci\u00f3 educativa de la ciutat.<\/p>\n<p style=\"text-align: justify;\">La finalitat \u00e9s avan\u00e7ar cap un sistema educatiu equitatiu i de qualitat. Les xarxes com a context d\u2019aprenentatge professional i entre iguals s\u00f3n una estrat\u00e8gia per impulsar aquesta orientaci\u00f3 al canvi dels centres de Barcelona. L\u2019acci\u00f3 de les xarxes es basa en la reflexi\u00f3 profunda sobre les pr\u00e0ctiques des dels marcs te\u00f2rics de la recerca actualitzada.<\/p>\n<p>Formem part de la\u00a0<span style=\"color: #008080;\"><strong>Xarxa de Gr\u00e0cia<\/strong><\/span> i aquesta reflexi\u00f3 la compartim amb les seg\u00fcents escoles:<\/p>\n<p>Escola Baldiri Reixac<br \/>\nEscola Josep Maria de Sagarra<br \/>\nEscola Pare Poveda<br \/>\nEscola Pau Casals-Gr\u00e0cia<br \/>\nGravi<br \/>\nInsitut La Sedeta<br \/>\nNou Patufet<br \/>\nSant Josep<br \/>\nVedruna-Gr\u00e0cia<\/p>\n<p>Al seg\u00fcent enlla\u00e7 podeu trobar m\u00e9s informaci\u00f3 sobre el qu\u00e8 s\u00f3n les <a href=\"https:\/\/www.edubcn.cat\/ca\/suport_educatiu_recursos\/plans_programes\/xarxes_per_al_canvi\">Xarxes pel Canvi<\/a>.<\/p>\n","protected":false},"excerpt":{"rendered":"<p>Des de l\u2019any 2017 el Consorci d\u2019Educaci\u00f3 de Barcelona ha liderat el programa Xarxes per al Canvi amb l\u2019objectiu de contribuir a l&#8217;impuls de la transformaci\u00f3 educativa de la ciutat.<br \/>\nLa finalitat \u00e9s avan\u00e7ar cap un sistema educatiu equitatiu i de qualitat. Les xarxes com a&hellip;  <a href=\"https:\/\/agora.xtec.cat\/ceipmontseny-barcelona\/xarxes\/xarxes-pel-canvi\/\" title=\"Read Xarxes pel canvi\">Llegeix m\u00e9s\u00bb<\/a><\/p>\n","protected":false},"author":1,"featured_media":0,"parent":6838,"menu_order":2,"comment_status":"closed","ping_status":"closed","template":"page-templates\/side-menu.php","meta":{"_bbp_topic_count":0,"_bbp_reply_count":0,"_bbp_total_topic_count":0,"_bbp_total_reply_count":0,"_bbp_voice_count":0,"_bbp_anonymous_reply_count":0,"_bbp_topic_count_hidden":0,"_bbp_reply_count_hidden":0,"_bbp_forum_subforum_count":0,"footnotes":""},"class_list":["post-6848","page","type-page","status-publish","hentry"],"post_mailing_queue_ids":[],"_links":{"self":[{"href":"https:\/\/agora.xtec.cat\/ceipmontseny-barcelona\/wp-json\/wp\/v2\/pages\/6848","targetHints":{"allow":["GET"]}}],"collection":[{"href":"https:\/\/agora.xtec.cat\/ceipmontseny-barcelona\/wp-json\/wp\/v2\/pages"}],"about":[{"href":"https:\/\/agora.xtec.cat\/ceipmontseny-barcelona\/wp-json\/wp\/v2\/types\/page"}],"author":[{"embeddable":true,"href":"https:\/\/agora.xtec.cat\/ceipmontseny-barcelona\/wp-json\/wp\/v2\/users\/1"}],"replies":[{"embeddable":true,"href":"https:\/\/agora.xtec.cat\/ceipmontseny-barcelona\/wp-json\/wp\/v2\/comments?post=6848"}],"version-history":[{"count":5,"href":"https:\/\/agora.xtec.cat\/ceipmontseny-barcelona\/wp-json\/wp\/v2\/pages\/6848\/revisions"}],"predecessor-version":[{"id":7076,"href":"https:\/\/agora.xtec.cat\/ceipmontseny-barcelona\/wp-json\/wp\/v2\/pages\/6848\/revisions\/7076"}],"up":[{"embeddable":true,"href":"https:\/\/agora.xtec.cat\/ceipmontseny-barcelona\/wp-json\/wp\/v2\/pages\/6838"}],"wp:attachment":[{"href":"https:\/\/agora.xtec.cat\/ceipmontseny-barcelona\/wp-json\/wp\/v2\/media?parent=6848"}],"curies":[{"name":"wp","href":"https:\/\/api.w.org\/{rel}","templated":true}]}}