{"id":5873,"date":"2022-11-08T13:43:50","date_gmt":"2022-11-08T12:43:50","guid":{"rendered":"https:\/\/agora.xtec.cat\/ceipmontseny-barcelona\/?page_id=5873"},"modified":"2024-08-28T11:19:42","modified_gmt":"2024-08-28T09:19:42","slug":"documentacio-basica","status":"publish","type":"page","link":"https:\/\/agora.xtec.cat\/ceipmontseny-barcelona\/estrategia-digital-de-centre\/cultura-digital\/documentacio-basica\/","title":{"rendered":"Documentaci\u00f3"},"content":{"rendered":"<header class=\"entry-header\">\n<p class=\"entry-title\"><span style=\"font-family: inherit; font-size: 1em; font-weight: normal; text-align: justify;\">La cultura digital apareix en pr\u00e0cticament a tots els documents b\u00e0sics del centre. A continuaci\u00f3 es remarquen els aspectes m\u00e9s importants de cada un d\u2019ells.<\/span><\/p>\n<\/header>\n<div class=\"entry-content\">\n<section id=\"h.33f495f2bfe93db2_220\" class=\"yaqOZd lQAHbd\">\n<div class=\"IFuOkc\"><strong style=\"font-size: 1.6875em;\"><a href=\"https:\/\/agora.xtec.cat\/ceipmontseny-barcelona\/wp-content\/uploads\/usu1707\/2021\/06\/PEC.docx.pdf\">PEC<\/a><\/strong><\/div>\n<\/section>\n<section id=\"h.33f495f2bfe93db2_224\" class=\"yaqOZd\">\n<div class=\"IFuOkc\"><\/div>\n<div><\/div>\n<div class=\"mYVXT\">\n<div class=\"LS81yb VICjCf\" tabindex=\"-1\">\n<div class=\"hJDwNd-AhqUyc-uQSCkd purZT-AhqUyc-II5mzb pSzOP-AhqUyc-qWD73c JNdkSc\">\n<div class=\"JNdkSc-SmKAyb\">\n<div class=\"\">\n<div class=\"oKdM2c Kzv0Me\">\n<div id=\"h.33f495f2bfe93db2_227\" class=\"hJDwNd-AhqUyc-uQSCkd jXK9ad D2fZ2 OjCsFc wHaque GNzUNc\">\n<div class=\"jXK9ad-SmKAyb\">\n<div class=\"tyJCtd mGzaTb baZpAe\">\n<ul class=\"n8H08c UVNKR\">\n<li class=\"TYR86d wXCUfe zfr3Q\" dir=\"ltr\">\n<p class=\"CDt4Ke zfr3Q\" dir=\"ltr\" style=\"text-align: justify;\">Un dels\u00a0<strong>plantejaments educatius<\/strong> del centre \u00e9s: L&#8217;\u00fas responsable de la tecnologia. Per poder treballar i avaluar per compet\u00e8ncies, \u00e9s imprescindible que l\u2019alumne utilitzi una \u00e0mplia diversitat de recursos i de tecnologies, especialment per cercar i contrastar informaci\u00f3. Tamb\u00e9 cal que tingui criteris per classificar-la, ordenar-la, sintetitzar-la i processar-la. Nom\u00e9s aix\u00ed podr\u00e0 arribar a conclusions i presentar resultats. Les TIC, sens dubte, permeten que aquest proc\u00e9s sigui r\u00e0pid, per\u00f2 cal fer-ne un \u00fas responsable. El centre est\u00e0 totalment digitalitzat i el professorat vetlla per l&#8217;\u00fas correcte, per\u00f2 tenint molt clar que les TIC s\u00f3n una eina m\u00e9s per al proc\u00e9s d\u2019aprenentatge dels i les alumnes.<\/p>\n<\/li>\n<li class=\"TYR86d wXCUfe zfr3Q\" dir=\"ltr\">\n<p class=\"CDt4Ke zfr3Q\" dir=\"ltr\" style=\"text-align: justify;\">L\u2019objectiu 4 del PEC \u00e9s: <em>OP1. Desenvolupar les compet\u00e8ncies de l\u2019alumnat i les habilitats socials a trav\u00e9s de metodologies actives d\u2019aula i de l\u2019\u00fas habitual de les TIC\/TAC.<\/em><\/p>\n<\/li>\n<li class=\"TYR86d wXCUfe zfr3Q\" dir=\"ltr\">\n<p class=\"CDt4Ke zfr3Q\" dir=\"ltr\" style=\"text-align: justify;\">Definici\u00f3 de perfils professionals. A partir dels plantejaments educatius i dels objectius anomenats anteriorment, els seg\u00fcents perfils professionals s\u00f3n necessaris per a l\u2019acompliment d\u2019aquest projecte: Pluriling\u00fcisme, Diversitat, Treball per projectes, <strong>TIC\/TAC<\/strong>, Coordinaci\u00f3 tutorial.<\/p>\n<\/li>\n<\/ul>\n<\/div>\n<\/div>\n<\/div>\n<\/div>\n<\/div>\n<\/div>\n<\/div>\n<\/div>\n<\/div>\n<\/section>\n<section id=\"h.33f495f2bfe93db2_228\" class=\"yaqOZd lQAHbd\">\n<h3 class=\"IFuOkc\"><a href=\"https:\/\/agora.xtec.cat\/ceipmontseny-barcelona\/wp-content\/uploads\/usu1707\/2023\/04\/NOFC-REVISADES.pdf\"><strong>NOFC<\/strong><\/a><\/h3>\n<div><\/div>\n<\/section>\n<section id=\"h.33f495f2bfe93db2_232\" class=\"yaqOZd\">\n<div><\/div>\n<div class=\"mYVXT\">\n<div class=\"LS81yb VICjCf\" tabindex=\"-1\">\n<div class=\"hJDwNd-AhqUyc-OwsYgb purZT-AhqUyc-II5mzb pSzOP-AhqUyc-qWD73c JNdkSc\">\n<div class=\"JNdkSc-SmKAyb\">\n<div class=\"\">\n<div class=\"oKdM2c Kzv0Me\">\n<div id=\"h.33f495f2bfe93db2_235\" class=\"hJDwNd-AhqUyc-OwsYgb jXK9ad D2fZ2 OjCsFc wHaque GNzUNc\">\n<div class=\"jXK9ad-SmKAyb\">\n<div class=\"tyJCtd mGzaTb baZpAe\">\n<ul class=\"n8H08c UVNKR\">\n<li class=\"TYR86d wXCUfe zfr3Q\" dir=\"ltr\">\n<p class=\"CDt4Ke zfr3Q\" dir=\"ltr\">Detalla les funcions del\/la coordinador\/a de cultura digital del centre i de la comissi\u00f3 digital del centre.<\/p>\n<\/li>\n<li class=\"TYR86d wXCUfe zfr3Q\" dir=\"ltr\">\n<p class=\"CDt4Ke zfr3Q\" dir=\"ltr\">Detalla el projecte de cultura digital com a projecte d\u2019innovaci\u00f3 al centre.<\/p>\n<\/li>\n<li class=\"TYR86d wXCUfe zfr3Q\" dir=\"ltr\">\n<p class=\"CDt4Ke zfr3Q\" dir=\"ltr\">Designa la cultura digital com a \u00e0mbit prioritari de formaci\u00f3 del professorat.<\/p>\n<\/li>\n<li class=\"TYR86d wXCUfe zfr3Q\" dir=\"ltr\">\n<p class=\"CDt4Ke zfr3Q\" dir=\"ltr\">Introdueix la normativa de conviv\u00e8ncia, especialment pel que fa als m\u00f2bils i a l&#8217;\u00fas dels materials tecnol\u00f2gics o digitals que s&#8217;utilitzen a l&#8217;escola.<\/p>\n<\/li>\n<\/ul>\n<p><a href=\"https:\/\/agora.xtec.cat\/ceipmontseny-barcelona\/projecte-educatiu\/\"><strong style=\"font-size: 1.6875em;\"><span style=\"font-family: inherit; font-size: 1em;\">PROJECTE DE DIRECCI\u00d3<\/span><\/strong><\/a><\/p>\n<\/div>\n<\/div>\n<\/div>\n<\/div>\n<\/div>\n<\/div>\n<\/div>\n<\/div>\n<\/div>\n<\/section>\n<section id=\"h.33f495f2bfe93db2_247\" class=\"yaqOZd\">\n<p class=\"IFuOkc\"><span style=\"font-family: inherit; font-size: 1em;\">El projecte de direcci\u00f3, cita l\u2019objectiu del PEC respecte a la cultura digital del centre i assumeix els objectius, accions i planificaci\u00f3 que ja estan detallats a l&#8217;<\/span><a style=\"font-family: inherit; font-size: 1em;\" href=\"https:\/\/agora.xtec.cat\/ceipmontseny-barcelona\/wp-content\/uploads\/usu1707\/2024\/01\/08002204-Escola-Montseny-Resum-de-lEDC.pdf\">Estrat\u00e8gia Digital de Centre<\/a><span style=\"font-family: inherit; font-size: 1em;\"> (EDC).<\/span><\/p>\n<div class=\"mYVXT\">\n<div class=\"LS81yb VICjCf\" tabindex=\"-1\">\n<div class=\"hJDwNd-AhqUyc-zQtlcf purZT-AhqUyc-II5mzb pSzOP-AhqUyc-qWD73c JNdkSc\">\n<div class=\"JNdkSc-SmKAyb\">\n<div class=\"\">\n<div class=\"oKdM2c Kzv0Me\">\n<div id=\"h.33f495f2bfe93db2_244\" class=\"hJDwNd-AhqUyc-zQtlcf jXK9ad D2fZ2 OjCsFc wHaque GNzUNc\">\n<div class=\"jXK9ad-SmKAyb\">\n<div class=\"tyJCtd mGzaTb baZpAe\">\n<p dir=\"ltr\">Cada curs la <a href=\"https:\/\/agora.xtec.cat\/ceipmontseny-barcelona\/projecte-educatiu\/pga\/\">PGA<\/a> tamb\u00e9 s\u2019inclou l\u2019\u00e0mbit digital, en concret el curs 2022-2023 es van establir <span style=\"font-family: inherit; font-size: 1em;\">els seg\u00fcents objectius:<\/span><\/p>\n<p dir=\"ltr\">1. Coordinar-se amb el mentor digital per establir la cultura digital i EDC.<br \/>\n2. Potenciar l\u2019\u00fas de la web entre el professorat.<br \/>\n3. Continuar implementant el pla pilot de <a href=\"https:\/\/agora.xtec.cat\/ceipmontseny-barcelona\/xarxes\/digital-democratic-dd\/\">Digital Democr\u00e0tic<\/a>.<br \/>\n4. Dinamitzar l\u2019\u00fas pedag\u00f2gic de la dotaci\u00f3 de port\u00e0tils de cicle superior.<\/p>\n<p dir=\"ltr\">Anualment es revisa i es vetlla per complir els objectius de l\u2019EDC temporitzats al llarg dels quatre cursos incloent-los a la PGA de cada curs.<\/p>\n<\/div>\n<\/div>\n<\/div>\n<\/div>\n<\/div>\n<\/div>\n<\/div>\n<\/div>\n<\/div>\n<\/section>\n<\/div>\n","protected":false},"excerpt":{"rendered":"<p>La cultura digital apareix en pr\u00e0cticament a tots els documents b\u00e0sics del centre. A continuaci\u00f3 es remarquen els aspectes m\u00e9s importants de cada un d\u2019ells. PEC Un dels\u00a0plantejaments educatius del centre \u00e9s: L&#8217;\u00fas responsable de la tecnologia. Per poder treballar i avaluar per compet\u00e8ncies, \u00e9s imprescindible que l\u2019alumne utilitzi una \u00e0mplia diversitat de recursos i [&hellip;]<\/p>\n","protected":false},"author":1,"featured_media":0,"parent":5871,"menu_order":1,"comment_status":"closed","ping_status":"closed","template":"page-templates\/side-menu.php","meta":{"_bbp_topic_count":0,"_bbp_reply_count":0,"_bbp_total_topic_count":0,"_bbp_total_reply_count":0,"_bbp_voice_count":0,"_bbp_anonymous_reply_count":0,"_bbp_topic_count_hidden":0,"_bbp_reply_count_hidden":0,"_bbp_forum_subforum_count":0,"site-sidebar-layout":"default","site-content-layout":"","ast-site-content-layout":"","site-content-style":"default","site-sidebar-style":"default","ast-global-header-display":"","ast-banner-title-visibility":"","ast-main-header-display":"","ast-hfb-above-header-display":"","ast-hfb-below-header-display":"","ast-hfb-mobile-header-display":"","site-post-title":"","ast-breadcrumbs-content":"","ast-featured-img":"","footer-sml-layout":"","theme-transparent-header-meta":"","adv-header-id-meta":"","stick-header-meta":"","header-above-stick-meta":"","header-main-stick-meta":"","header-below-stick-meta":"","astra-migrate-meta-layouts":"default","ast-page-background-enabled":"default","ast-page-background-meta":{"desktop":{"background-color":"var(--ast-global-color-4)","background-image":"","background-repeat":"repeat","background-position":"center center","background-size":"auto","background-attachment":"scroll","background-type":"","background-media":"","overlay-type":"","overlay-color":"","overlay-opacity":"","overlay-gradient":""},"tablet":{"background-color":"","background-image":"","background-repeat":"repeat","background-position":"center center","background-size":"auto","background-attachment":"scroll","background-type":"","background-media":"","overlay-type":"","overlay-color":"","overlay-opacity":"","overlay-gradient":""},"mobile":{"background-color":"","background-image":"","background-repeat":"repeat","background-position":"center center","background-size":"auto","background-attachment":"scroll","background-type":"","background-media":"","overlay-type":"","overlay-color":"","overlay-opacity":"","overlay-gradient":""}},"ast-content-background-meta":{"desktop":{"background-color":"var(--ast-global-color-5)","background-image":"","background-repeat":"repeat","background-position":"center center","background-size":"auto","background-attachment":"scroll","background-type":"","background-media":"","overlay-type":"","overlay-color":"","overlay-opacity":"","overlay-gradient":""},"tablet":{"background-color":"var(--ast-global-color-5)","background-image":"","background-repeat":"repeat","background-position":"center center","background-size":"auto","background-attachment":"scroll","background-type":"","background-media":"","overlay-type":"","overlay-color":"","overlay-opacity":"","overlay-gradient":""},"mobile":{"background-color":"var(--ast-global-color-5)","background-image":"","background-repeat":"repeat","background-position":"center center","background-size":"auto","background-attachment":"scroll","background-type":"","background-media":"","overlay-type":"","overlay-color":"","overlay-opacity":"","overlay-gradient":""}},"footnotes":""},"class_list":["post-5873","page","type-page","status-publish","hentry"],"post_mailing_queue_ids":[],"_links":{"self":[{"href":"https:\/\/agora.xtec.cat\/ceipmontseny-barcelona\/wp-json\/wp\/v2\/pages\/5873","targetHints":{"allow":["GET"]}}],"collection":[{"href":"https:\/\/agora.xtec.cat\/ceipmontseny-barcelona\/wp-json\/wp\/v2\/pages"}],"about":[{"href":"https:\/\/agora.xtec.cat\/ceipmontseny-barcelona\/wp-json\/wp\/v2\/types\/page"}],"author":[{"embeddable":true,"href":"https:\/\/agora.xtec.cat\/ceipmontseny-barcelona\/wp-json\/wp\/v2\/users\/1"}],"replies":[{"embeddable":true,"href":"https:\/\/agora.xtec.cat\/ceipmontseny-barcelona\/wp-json\/wp\/v2\/comments?post=5873"}],"version-history":[{"count":6,"href":"https:\/\/agora.xtec.cat\/ceipmontseny-barcelona\/wp-json\/wp\/v2\/pages\/5873\/revisions"}],"predecessor-version":[{"id":7605,"href":"https:\/\/agora.xtec.cat\/ceipmontseny-barcelona\/wp-json\/wp\/v2\/pages\/5873\/revisions\/7605"}],"up":[{"embeddable":true,"href":"https:\/\/agora.xtec.cat\/ceipmontseny-barcelona\/wp-json\/wp\/v2\/pages\/5871"}],"wp:attachment":[{"href":"https:\/\/agora.xtec.cat\/ceipmontseny-barcelona\/wp-json\/wp\/v2\/media?parent=5873"}],"curies":[{"name":"wp","href":"https:\/\/api.w.org\/{rel}","templated":true}]}}