{"id":26,"date":"2017-09-18T12:24:32","date_gmt":"2017-09-18T10:24:32","guid":{"rendered":"http:\/\/agora.xtec.cat\/ceipmontseny-barcelona\/?page_id=26"},"modified":"2024-01-19T11:08:23","modified_gmt":"2024-01-19T10:08:23","slug":"historia","status":"publish","type":"page","link":"https:\/\/agora.xtec.cat\/ceipmontseny-barcelona\/informacio-general\/historia\/","title":{"rendered":"Hist\u00f2ria"},"content":{"rendered":"<p style=\"text-align: justify;\">L&#8217;escola Montseny es va\u00a0inaugurar\u00a0l&#8217;any 1973 per tal de poder atendre\u00a0els\u00a0fills i filles de tota la gent que va arribar al barri durant aquests anys, principalment treballadors i treballadores de l&#8217;editorial Bruguera. El centre deu el seu nom a la popular &#8220;Font del Montseny&#8221;, que brollava a l&#8217;espai ocupat actualment per la pista esportiva i tamb\u00e9 va donar nom a un berenador on els barcelonins i barcelonines acostumaven a anar d&#8217;excursi\u00f3 els caps de setmana.<\/p>\n<p style=\"text-align: justify;\"><img loading=\"lazy\" decoding=\"async\" class=\"aligncenter\" src=\"http:\/\/4.bp.blogspot.com\/-oVjarN9O1H0\/TykPdM9d4bI\/AAAAAAAABM4\/JOxPbu9jG58\/s640\/IMG_PAG-53.png\" width=\"400\" height=\"266\" border=\"0\" \/><\/p>\n<table>\n<tbody>\n<tr>\n<td style=\"text-align: center;\">\u00a0El conjunt dispers de poblaci\u00f3 que ocupava el vessant occidental del tur\u00f3 M\u00f3ra, o tur\u00f3 del Carmel, creuat pel cam\u00ed de can M\u00f3ra. Entre els arbres de l&#8217;esquerra hi havia la font del Coll.<br \/>\n<i>(Bar Ramon.)<\/i><\/td>\n<\/tr>\n<\/tbody>\n<\/table>\n<p style=\"text-align: justify;\">L&#8217;escola Montseny s&#8217;ubica al districte de Gr\u00e0cia concretament al barri del Coll-Vallcarca. Com a curiositat, mencionarem que les famoses &#8220;Tres Bessones&#8221; que van inspirar els populars personatges de la Roser Capdevila van estudiar a la nostra escola.<\/p>\n<p style=\"text-align: justify;\">Vallcarca \u00e9s un barri amagat entre dos turons, el del Putxet i el del Coll, i que s\u2019est\u00e9n seguint el curs de la riera que li dona nom. Els seus nuclis primigenis van ser l\u2019hostal de la Farigola, Can Falc\u00f3, Can Mas i Can Gomis. Els jardins de Can Gomis van ser destru\u00efts amb la construcci\u00f3 de l\u2019Hospital Militar. L\u2019antic hostal de la Farigola, sobre la riera del mateix nom, es va enderrocar i s\u2019hi va fer una escola. Als terrenys del Mas Falc\u00f3 hi ha una petita urbanitzaci\u00f3 de torres a\u00efllades.<\/p>\n<p style=\"text-align: justify;\">En els seus inicis, Vallcarca formava part d\u2019Horta. Era un barri d\u2019estiuejants i de gent amb interessos diferents que vivia a la vall.\u00a0El barri del Coll pren el nom del santuari de Nostra Senyora del Coll, que es remunta a l&#8217;any 1099. \u00c9s un barri de muntanya, que compta amb molts punts d\u2019inter\u00e8s; el Parc de la Creueta del Coll, reivindicat pels ve\u00efns i constru\u00eft l\u2019any 1987 que cont\u00e9 l\u2019Elogi a l\u2019aigua, obra d\u2019Eduardo Chillida, l\u2019antiga f\u00e0brica de l\u2019editorial Bruguera \u00e9s la seu del Centre C\u00edvic del Barri, centre neur\u00e0lgic d\u2019un actiu moviment social, cultural i juvenil. Tamb\u00e9 s\u2019hi troben tres edificis de l\u2019arquitecte modernista Josep Maria Jujol, entre els quals la Casa Sansalvador.<\/p>\n<p style=\"text-align: justify;\">A comen\u00e7ament del segle XX el barri es va anar omplint de masies i cases. Cap als anys seixanta la febre urban\u00edstica va estendre l&#8217;edificaci\u00f3, sovint de forma poc endre\u00e7ada en els espais lliures que quedaven, fins a ocupar completament els dos vessants de la vall. L&#8217;avinguda de la Mare de D\u00e9u del Coll \u00e9s el principal eix vertebrador, en un barri de trama urbana castigada pels forts pendents. Vallcarca \u00e9s un top\u00f2nim, l&#8217;origen del qual \u00e9s Vallc\u00e0rquera que significa encaixonat. La barriada de Vallcarca-Coll est\u00e0 situada dins l&#8217;antic terme municipal d&#8217;Horta. A finals del segle XIX les cases eren de planta baixa i entre elles s&#8217;afegia alguna petita ind\u00fastria i bastants camps de conreu. A partir de la segona meitat del segle XX es comen\u00e7a a produir un gran proc\u00e9s d&#8217;urbanitzaci\u00f3, el qual despr\u00e9s de no poder ocupar m\u00e9s espai en amplada, comen\u00e7a a construir-se verticalment, en blocs de pisos. Els carrers sovint s\u00f3n for\u00e7a estrets i conserven l&#8217;aire t\u00edpic dels pobles.<\/p>\n<p style=\"text-align: justify;\">El 1976 es va reivindicar la construcci\u00f3 d&#8217;un parc. La pedrera de la Creueta estava abandonada i s&#8217;hi volien construir pisos. Finalment, es va evitar, i el 1986 van inaugurar el parc de la Creueta del Coll.<\/p>\n<p style=\"text-align: justify;\">El barri del Coll ha viscut una important transformaci\u00f3 de l&#8217;espai p\u00fablic arran de l&#8217;obtenci\u00f3 dels recursos de la Llei de Barris. Als projectes de la llei de barris, cal sumar la millora de les comunicacions que ha suposat l&#8217;estaci\u00f3 de metro el Coll-Teixonera, que ha modificat alguns dels h\u00e0bits i costums de la ciutadania i ha propiciat una reactivaci\u00f3 comercial i un nou acc\u00e9s al Parc G\u00fcell per a la ciutat de Barcelona. A m\u00e9s a m\u00e9s, el cam\u00ed del Coll fou, en els anys setanta un enlla\u00e7 de comunicaci\u00f3 entre Vallcarca i Horta.<\/p>\n<p style=\"text-align: justify;\">La nostra escola, l&#8217;escola Montseny, est\u00e0 a les portes d\u2019un dels parcs m\u00e9s bonics i emblem\u00e0tics de Barcelona, el Parc G\u00fcell. Des de les nostres aules tenim la immensa sort de poder contemplar una gran diversitat d\u2019arbres, arbustos, plantes, flors i tamb\u00e9 ocells. Comptem doncs amb un entorn diferenciat, \u00fanic i privilegiat.<\/p>\n","protected":false},"excerpt":{"rendered":"<p>L&#8217;escola Montseny es va\u00a0inaugurar\u00a0l&#8217;any 1973 per tal de poder atendre\u00a0els\u00a0fills i filles de tota la gent que va arribar al barri durant aquests anys, principalment treballadors i treballadores de l&#8217;editorial Bruguera. El centre deu el seu nom a la popular &#8220;Font del Montseny&#8221;, que brollava&hellip;  <a href=\"https:\/\/agora.xtec.cat\/ceipmontseny-barcelona\/informacio-general\/historia\/\" title=\"Read Hist\u00f2ria\">Llegeix m\u00e9s\u00bb<\/a><\/p>\n","protected":false},"author":1,"featured_media":0,"parent":6005,"menu_order":1,"comment_status":"closed","ping_status":"closed","template":"page-templates\/side-menu.php","meta":{"_bbp_topic_count":0,"_bbp_reply_count":0,"_bbp_total_topic_count":0,"_bbp_total_reply_count":0,"_bbp_voice_count":0,"_bbp_anonymous_reply_count":0,"_bbp_topic_count_hidden":0,"_bbp_reply_count_hidden":0,"_bbp_forum_subforum_count":0,"footnotes":""},"class_list":["post-26","page","type-page","status-publish","hentry"],"post_mailing_queue_ids":[],"_links":{"self":[{"href":"https:\/\/agora.xtec.cat\/ceipmontseny-barcelona\/wp-json\/wp\/v2\/pages\/26","targetHints":{"allow":["GET"]}}],"collection":[{"href":"https:\/\/agora.xtec.cat\/ceipmontseny-barcelona\/wp-json\/wp\/v2\/pages"}],"about":[{"href":"https:\/\/agora.xtec.cat\/ceipmontseny-barcelona\/wp-json\/wp\/v2\/types\/page"}],"author":[{"embeddable":true,"href":"https:\/\/agora.xtec.cat\/ceipmontseny-barcelona\/wp-json\/wp\/v2\/users\/1"}],"replies":[{"embeddable":true,"href":"https:\/\/agora.xtec.cat\/ceipmontseny-barcelona\/wp-json\/wp\/v2\/comments?post=26"}],"version-history":[{"count":6,"href":"https:\/\/agora.xtec.cat\/ceipmontseny-barcelona\/wp-json\/wp\/v2\/pages\/26\/revisions"}],"predecessor-version":[{"id":7112,"href":"https:\/\/agora.xtec.cat\/ceipmontseny-barcelona\/wp-json\/wp\/v2\/pages\/26\/revisions\/7112"}],"up":[{"embeddable":true,"href":"https:\/\/agora.xtec.cat\/ceipmontseny-barcelona\/wp-json\/wp\/v2\/pages\/6005"}],"wp:attachment":[{"href":"https:\/\/agora.xtec.cat\/ceipmontseny-barcelona\/wp-json\/wp\/v2\/media?parent=26"}],"curies":[{"name":"wp","href":"https:\/\/api.w.org\/{rel}","templated":true}]}}