{"id":30,"date":"2014-09-18T12:30:23","date_gmt":"2014-09-18T10:30:23","guid":{"rendered":"http:\/\/agora.xtec.cat\/ceipmontoliu\/?page_id=30"},"modified":"2026-03-12T19:43:00","modified_gmt":"2026-03-12T18:43:00","slug":"instal%c2%b7lacions","status":"publish","type":"page","link":"https:\/\/agora.xtec.cat\/ceipmontoliu\/lescola\/instal%c2%b7lacions\/","title":{"rendered":"Instal\u00b7lacions"},"content":{"rendered":"\n<p>L\u2019escola Montoliu est\u00e0 situada al capdamunt de la Riera de Gai\u00e0.&nbsp;<\/p>\n\n\n\n<p style=\"line-height:0\">L\u2019edifici \u00e9s relativament nou, ja que es va construir l\u2019any 2011, i \u00e9s for\u00e7a ampli.<\/p>\n\n\n\n<p>Disposa de dos patis: un destinat a Educaci\u00f3 Infantil i l\u2019altre a Educaci\u00f3 Prim\u00e0ria.<\/p>\n\n\n\n<p>L\u2019escola t\u00e9 tres plantes.<\/p>\n\n\n\n<figure class=\"wp-block-table\"><table class=\"has-fixed-layout\"><tbody><tr><td>Planta baixa<\/td><td>Aquesta planta est\u00e0 a l\u2019al\u00e7ada inferior, a peu dels patis.<br>\u00c9s on s\u2019ubiquen les 3 aules d\u2019educaci\u00f3 infantil, una aula amb PDI, una aula d\u2019angl\u00e8s i una de psicomotricitat. Davant de les aules d\u2019infantil hi ha un magatzem de material, dues aules per a grups redu\u00efts. Tamb\u00e9 hi ha el menjador, el gimn\u00e0s i lavabos (tant per mestres com per alumnes).<br><\/td><\/tr><tr><td>Primera planta<\/td><td>Aquesta planta est\u00e0 a l\u2019al\u00e7ada del carrer, i \u00e9s per on s\u2019entra a l\u2019escola.<br>Hi ha 3 aules de prim\u00e0ria, 2 per a desdoblaments, la biblioteca de l\u2019escola, la secretaria del centre, la sala de mestres i els 3 despatxos de l\u2019equip directiu m\u00e9s 3 despatxos per a reunions de pares o per a l\u2019EAP i un magatzem de material. Tamb\u00e9 hi ha els serveis dels mestres i dels alumnes.<br><\/td><\/tr><tr><td>Segona planta<\/td><td><br>\u00c9s on s\u2019ubiquen les altres 3 aules d\u2019educaci\u00f3 prim\u00e0ria, tamb\u00e9 l\u2019aula d\u2019inform\u00e0tica, la de m\u00fasica i la de pl\u00e0stica. Tamb\u00e9 hi ha dos magatzems i tutories per CM i CS. En aquesta planta tamb\u00e9 hi ha lavabos tant per alumnes com per mestres.<br><\/td><\/tr><\/tbody><\/table><\/figure>\n\n\n\n<p>&nbsp;<\/p>\n","protected":false},"excerpt":{"rendered":"<p>L\u2019escola Montoliu est\u00e0 situada al capdamunt de la Riera de Gai\u00e0.&nbsp; L\u2019edifici \u00e9s relativament nou, ja que es va construir l\u2019any 2011, i \u00e9s for\u00e7a ampli. Disposa de dos patis: un destinat a Educaci\u00f3 Infantil i l\u2019altre a Educaci\u00f3 Prim\u00e0ria. L\u2019escola t\u00e9 tres plantes. Planta baixa Aquesta planta est\u00e0 a l\u2019al\u00e7ada inferior, a peu dels [&hellip;]<\/p>\n","protected":false},"author":1,"featured_media":0,"parent":22,"menu_order":6,"comment_status":"closed","ping_status":"closed","template":"","meta":{"_bbp_topic_count":0,"_bbp_reply_count":0,"_bbp_total_topic_count":0,"_bbp_total_reply_count":0,"_bbp_voice_count":0,"_bbp_anonymous_reply_count":0,"_bbp_topic_count_hidden":0,"_bbp_reply_count_hidden":0,"_bbp_forum_subforum_count":0,"site-sidebar-layout":"default","site-content-layout":"","ast-site-content-layout":"default","site-content-style":"default","site-sidebar-style":"default","ast-global-header-display":"","ast-banner-title-visibility":"","ast-main-header-display":"","ast-hfb-above-header-display":"","ast-hfb-below-header-display":"","ast-hfb-mobile-header-display":"","site-post-title":"","ast-breadcrumbs-content":"","ast-featured-img":"","footer-sml-layout":"","theme-transparent-header-meta":"","adv-header-id-meta":"","stick-header-meta":"","header-above-stick-meta":"","header-main-stick-meta":"","header-below-stick-meta":"","astra-migrate-meta-layouts":"set","ast-page-background-enabled":"default","ast-page-background-meta":{"desktop":{"background-color":"var(--ast-global-color-4)","background-image":"","background-repeat":"repeat","background-position":"center center","background-size":"auto","background-attachment":"scroll","background-type":"","background-media":"","overlay-type":"","overlay-color":"","overlay-opacity":"","overlay-gradient":""},"tablet":{"background-color":"","background-image":"","background-repeat":"repeat","background-position":"center center","background-size":"auto","background-attachment":"scroll","background-type":"","background-media":"","overlay-type":"","overlay-color":"","overlay-opacity":"","overlay-gradient":""},"mobile":{"background-color":"","background-image":"","background-repeat":"repeat","background-position":"center center","background-size":"auto","background-attachment":"scroll","background-type":"","background-media":"","overlay-type":"","overlay-color":"","overlay-opacity":"","overlay-gradient":""}},"ast-content-background-meta":{"desktop":{"background-color":"var(--ast-global-color-5)","background-image":"","background-repeat":"repeat","background-position":"center center","background-size":"auto","background-attachment":"scroll","background-type":"","background-media":"","overlay-type":"","overlay-color":"","overlay-opacity":"","overlay-gradient":""},"tablet":{"background-color":"var(--ast-global-color-5)","background-image":"","background-repeat":"repeat","background-position":"center center","background-size":"auto","background-attachment":"scroll","background-type":"","background-media":"","overlay-type":"","overlay-color":"","overlay-opacity":"","overlay-gradient":""},"mobile":{"background-color":"var(--ast-global-color-5)","background-image":"","background-repeat":"repeat","background-position":"center center","background-size":"auto","background-attachment":"scroll","background-type":"","background-media":"","overlay-type":"","overlay-color":"","overlay-opacity":"","overlay-gradient":""}},"footnotes":""},"class_list":["post-30","page","type-page","status-publish","hentry"],"post_mailing_queue_ids":[],"_links":{"self":[{"href":"https:\/\/agora.xtec.cat\/ceipmontoliu\/wp-json\/wp\/v2\/pages\/30","targetHints":{"allow":["GET"]}}],"collection":[{"href":"https:\/\/agora.xtec.cat\/ceipmontoliu\/wp-json\/wp\/v2\/pages"}],"about":[{"href":"https:\/\/agora.xtec.cat\/ceipmontoliu\/wp-json\/wp\/v2\/types\/page"}],"author":[{"embeddable":true,"href":"https:\/\/agora.xtec.cat\/ceipmontoliu\/wp-json\/wp\/v2\/users\/1"}],"replies":[{"embeddable":true,"href":"https:\/\/agora.xtec.cat\/ceipmontoliu\/wp-json\/wp\/v2\/comments?post=30"}],"version-history":[{"count":2,"href":"https:\/\/agora.xtec.cat\/ceipmontoliu\/wp-json\/wp\/v2\/pages\/30\/revisions"}],"predecessor-version":[{"id":3098,"href":"https:\/\/agora.xtec.cat\/ceipmontoliu\/wp-json\/wp\/v2\/pages\/30\/revisions\/3098"}],"up":[{"embeddable":true,"href":"https:\/\/agora.xtec.cat\/ceipmontoliu\/wp-json\/wp\/v2\/pages\/22"}],"wp:attachment":[{"href":"https:\/\/agora.xtec.cat\/ceipmontoliu\/wp-json\/wp\/v2\/media?parent=30"}],"curies":[{"name":"wp","href":"https:\/\/api.w.org\/{rel}","templated":true}]}}

<p>L’escola Montoliu està situada al capdamunt de la Riera de Gaià.&nbsp;</p>



<p style="line-height:0">L’edifici és relativament nou, ja que es va construir l’any 2011, i és força ampli.</p>



<p>Disposa de dos patis: un destinat a Educació Infantil i l’altre a Educació Primària.</p>



<p>L’escola té tres plantes.</p>



<figure class="wp-block-table"><table class="has-fixed-layout"><tbody><tr><td>Planta baixa</td><td>Aquesta planta està a l’alçada inferior, a peu dels patis.<br>És on s’ubiquen les 3 aules d’educació infantil, una aula amb PDI, una aula d’anglès i una de psicomotricitat. Davant de les aules d’infantil hi ha un magatzem de material, dues aules per a grups reduïts. També hi ha el menjador, el gimnàs i lavabos (tant per mestres com per alumnes).<br></td></tr><tr><td>Primera planta</td><td>Aquesta planta està a l’alçada del carrer, i és per on s’entra a l’escola.<br>Hi ha 3 aules de primària, 2 per a desdoblaments, la biblioteca de l’escola, la secretaria del centre, la sala de mestres i els 3 despatxos de l’equip directiu més 3 despatxos per a reunions de pares o per a l’EAP i un magatzem de material. També hi ha els serveis dels mestres i dels alumnes.<br></td></tr><tr><td>Segona planta</td><td><br>És on s’ubiquen les altres 3 aules d’educació primària, també l’aula d’informàtica, la de música i la de plàstica. També hi ha dos magatzems i tutories per CM i CS. En aquesta planta també hi ha lavabos tant per alumnes com per mestres.<br></td></tr></tbody></table></figure>



<p>&nbsp;</p>

<p>L’escola Montoliu està situada al capdamunt de la Riera de Gaià.&nbsp; L’edifici és relativament nou, ja que es va construir l’any 2011, i és força ampli. Disposa de dos patis: un destinat a Educació Infantil i l’altre a Educació Primària. L’escola té tres plantes. Planta baixa Aquesta planta està a l’alçada inferior, a peu dels [&hellip;]</p>
