{"id":1254,"date":"2020-08-28T16:07:22","date_gmt":"2020-08-28T14:07:22","guid":{"rendered":"http:\/\/agora.xtec.cat\/ceipmontoliu\/?page_id=1254"},"modified":"2025-07-24T18:16:49","modified_gmt":"2025-07-24T16:16:49","slug":"calendari-curs","status":"publish","type":"page","link":"https:\/\/agora.xtec.cat\/ceipmontoliu\/lescola\/calendari-curs\/","title":{"rendered":"Calendari"},"content":{"rendered":"<h4>CALENDARI 25\/26<\/h4>\n<p><img loading=\"lazy\" decoding=\"async\" class=\"aligncenter size-full wp-image-2741\" src=\"https:\/\/agora.xtec.cat\/ceipmontoliu\/wp-content\/uploads\/usu1868\/2025\/07\/Calendari-2025-26-web.png\" alt=\"\" width=\"520\" height=\"765\" srcset=\"https:\/\/agora.xtec.cat\/ceipmontoliu\/wp-content\/uploads\/usu1868\/2025\/07\/Calendari-2025-26-web.png 520w, https:\/\/agora.xtec.cat\/ceipmontoliu\/wp-content\/uploads\/usu1868\/2025\/07\/Calendari-2025-26-web-204x300.png 204w\" sizes=\"auto, (max-width: 520px) 100vw, 520px\" \/><\/p>\n<h4><\/h4>\n<h4><\/h4>\n<h4><strong>Inici de curs:<\/strong><\/h4>\n<p>8 de setembre de 2025<\/p>\n<h4><strong>Vacances:<\/strong><\/h4>\n<p>Del 22 de desembre de 2025 al 7 de gener de 2026 (ambd\u00f3s inclosos)<\/p>\n<p>Del 30 de mar\u00e7 de 2026 al 6 d&#8217;abril de 2026 (ambd\u00f3s inclosos)<\/p>\n<p>A partir del 19 de juny de 2026<\/p>\n<h4><strong>Dies festius:<\/strong><\/h4>\n<p>11 de setembre de 2025<\/p>\n<p>15 de setembre de 2025<\/p>\n<p>1 de novembre de 2025<\/p>\n<p>6 i 8 de desembre de 2025<\/p>\n<p>1 de maig de 2026<\/p>\n<h4><strong>Dies festius de lliure disposici\u00f3:<\/strong><\/h4>\n<p>31 d&#8217;octubre de 2025<\/p>\n<p>17 de novembre de 2025<\/p>\n<p>23 de febrer de 2026<\/p>\n<p>30 d&#8217;abril de 2026<\/p>\n<p>18 de maig de 2026<\/p>\n<h4><strong>Jornada continuada:<\/strong><\/h4>\n<p><span style=\"font-family: inherit; font-size: 1em;\">19 de desembre de 2025<\/span><\/p>\n<p>Del 8 al 19 de juny de 2026 (ambd\u00f3s inclosos).<\/p>\n<p>&nbsp;<\/p>\n<p>L\u2019<b>horari lectiu<\/b> del centre \u00e9s de 8.30 a 12.00 h i de 14.30 a 16.00 h per als alumnes d&#8217;educaci\u00f3 infantil i prim\u00e0ria.<\/p>\n<p><strong>L&#8217;horari de la jornada continuada \u00e9s de 8.30 a 12.30 h.<\/strong><\/p>\n<p>&nbsp;<\/p>\n","protected":false},"excerpt":{"rendered":"<p>CALENDARI 25\/26 Inici de curs: 8 de setembre de 2025 Vacances: Del 22 de desembre de 2025 al 7 de gener de 2026 (ambd\u00f3s inclosos) Del 30 de mar\u00e7 de 2026 al 6 d&#8217;abril de 2026 (ambd\u00f3s inclosos) A partir del 19 de juny de 2026 Dies festius: 11 de setembre de 2025 15 de [&hellip;]<\/p>\n","protected":false},"author":1,"featured_media":0,"parent":22,"menu_order":4,"comment_status":"closed","ping_status":"closed","template":"page-templates\/side-menu.php","meta":{"_bbp_topic_count":0,"_bbp_reply_count":0,"_bbp_total_topic_count":0,"_bbp_total_reply_count":0,"_bbp_voice_count":0,"_bbp_anonymous_reply_count":0,"_bbp_topic_count_hidden":0,"_bbp_reply_count_hidden":0,"_bbp_forum_subforum_count":0,"site-sidebar-layout":"default","site-content-layout":"","ast-site-content-layout":"","site-content-style":"default","site-sidebar-style":"default","ast-global-header-display":"","ast-banner-title-visibility":"","ast-main-header-display":"","ast-hfb-above-header-display":"","ast-hfb-below-header-display":"","ast-hfb-mobile-header-display":"","site-post-title":"","ast-breadcrumbs-content":"","ast-featured-img":"","footer-sml-layout":"","theme-transparent-header-meta":"","adv-header-id-meta":"","stick-header-meta":"","header-above-stick-meta":"","header-main-stick-meta":"","header-below-stick-meta":"","astra-migrate-meta-layouts":"default","ast-page-background-enabled":"default","ast-page-background-meta":{"desktop":{"background-color":"var(--ast-global-color-4)","background-image":"","background-repeat":"repeat","background-position":"center center","background-size":"auto","background-attachment":"scroll","background-type":"","background-media":"","overlay-type":"","overlay-color":"","overlay-opacity":"","overlay-gradient":""},"tablet":{"background-color":"","background-image":"","background-repeat":"repeat","background-position":"center center","background-size":"auto","background-attachment":"scroll","background-type":"","background-media":"","overlay-type":"","overlay-color":"","overlay-opacity":"","overlay-gradient":""},"mobile":{"background-color":"","background-image":"","background-repeat":"repeat","background-position":"center center","background-size":"auto","background-attachment":"scroll","background-type":"","background-media":"","overlay-type":"","overlay-color":"","overlay-opacity":"","overlay-gradient":""}},"ast-content-background-meta":{"desktop":{"background-color":"var(--ast-global-color-5)","background-image":"","background-repeat":"repeat","background-position":"center center","background-size":"auto","background-attachment":"scroll","background-type":"","background-media":"","overlay-type":"","overlay-color":"","overlay-opacity":"","overlay-gradient":""},"tablet":{"background-color":"var(--ast-global-color-5)","background-image":"","background-repeat":"repeat","background-position":"center center","background-size":"auto","background-attachment":"scroll","background-type":"","background-media":"","overlay-type":"","overlay-color":"","overlay-opacity":"","overlay-gradient":""},"mobile":{"background-color":"var(--ast-global-color-5)","background-image":"","background-repeat":"repeat","background-position":"center center","background-size":"auto","background-attachment":"scroll","background-type":"","background-media":"","overlay-type":"","overlay-color":"","overlay-opacity":"","overlay-gradient":""}},"footnotes":""},"class_list":["post-1254","page","type-page","status-publish","hentry"],"post_mailing_queue_ids":[],"_links":{"self":[{"href":"https:\/\/agora.xtec.cat\/ceipmontoliu\/wp-json\/wp\/v2\/pages\/1254","targetHints":{"allow":["GET"]}}],"collection":[{"href":"https:\/\/agora.xtec.cat\/ceipmontoliu\/wp-json\/wp\/v2\/pages"}],"about":[{"href":"https:\/\/agora.xtec.cat\/ceipmontoliu\/wp-json\/wp\/v2\/types\/page"}],"author":[{"embeddable":true,"href":"https:\/\/agora.xtec.cat\/ceipmontoliu\/wp-json\/wp\/v2\/users\/1"}],"replies":[{"embeddable":true,"href":"https:\/\/agora.xtec.cat\/ceipmontoliu\/wp-json\/wp\/v2\/comments?post=1254"}],"version-history":[{"count":6,"href":"https:\/\/agora.xtec.cat\/ceipmontoliu\/wp-json\/wp\/v2\/pages\/1254\/revisions"}],"predecessor-version":[{"id":2742,"href":"https:\/\/agora.xtec.cat\/ceipmontoliu\/wp-json\/wp\/v2\/pages\/1254\/revisions\/2742"}],"up":[{"embeddable":true,"href":"https:\/\/agora.xtec.cat\/ceipmontoliu\/wp-json\/wp\/v2\/pages\/22"}],"wp:attachment":[{"href":"https:\/\/agora.xtec.cat\/ceipmontoliu\/wp-json\/wp\/v2\/media?parent=1254"}],"curies":[{"name":"wp","href":"https:\/\/api.w.org\/{rel}","templated":true}]}}

<h4>CALENDARI 25/26</h4>
<p><img loading="lazy" decoding="async" class="aligncenter size-full wp-image-2741" src="https://agora.xtec.cat/ceipmontoliu/wp-content/uploads/usu1868/2025/07/Calendari-2025-26-web.png" alt="" width="520" height="765" srcset="https://agora.xtec.cat/ceipmontoliu/wp-content/uploads/usu1868/2025/07/Calendari-2025-26-web.png 520w, https://agora.xtec.cat/ceipmontoliu/wp-content/uploads/usu1868/2025/07/Calendari-2025-26-web-204x300.png 204w" sizes="auto, (max-width: 520px) 100vw, 520px" /></p>
<h4></h4>
<h4></h4>
<h4><strong>Inici de curs:</strong></h4>
<p>8 de setembre de 2025</p>
<h4><strong>Vacances:</strong></h4>
<p>Del 22 de desembre de 2025 al 7 de gener de 2026 (ambdós inclosos)</p>
<p>Del 30 de març de 2026 al 6 d&#8217;abril de 2026 (ambdós inclosos)</p>
<p>A partir del 19 de juny de 2026</p>
<h4><strong>Dies festius:</strong></h4>
<p>11 de setembre de 2025</p>
<p>15 de setembre de 2025</p>
<p>1 de novembre de 2025</p>
<p>6 i 8 de desembre de 2025</p>
<p>1 de maig de 2026</p>
<h4><strong>Dies festius de lliure disposició:</strong></h4>
<p>31 d&#8217;octubre de 2025</p>
<p>17 de novembre de 2025</p>
<p>23 de febrer de 2026</p>
<p>30 d&#8217;abril de 2026</p>
<p>18 de maig de 2026</p>
<h4><strong>Jornada continuada:</strong></h4>
<p><span style="font-family: inherit; font-size: 1em;">19 de desembre de 2025</span></p>
<p>Del 8 al 19 de juny de 2026 (ambdós inclosos).</p>
<p>&nbsp;</p>
<p>L’<b>horari lectiu</b> del centre és de 8.30 a 12.00 h i de 14.30 a 16.00 h per als alumnes d&#8217;educació infantil i primària.</p>
<p><strong>L&#8217;horari de la jornada continuada és de 8.30 a 12.30 h.</strong></p>
<p>&nbsp;</p>

<p>CALENDARI 25/26 Inici de curs: 8 de setembre de 2025 Vacances: Del 22 de desembre de 2025 al 7 de gener de 2026 (ambdós inclosos) Del 30 de març de 2026 al 6 d&#8217;abril de 2026 (ambdós inclosos) A partir del 19 de juny de 2026 Dies festius: 11 de setembre de 2025 15 de [&hellip;]</p>
