{"id":34,"date":"2014-09-18T12:32:18","date_gmt":"2014-09-18T11:32:18","guid":{"rendered":"http:\/\/agora.xtec.cat\/ceipmontfalgars\/?page_id=34"},"modified":"2023-09-23T06:34:44","modified_gmt":"2023-09-23T04:34:44","slug":"oferta-educativa","status":"publish","type":"page","link":"https:\/\/agora.xtec.cat\/ceipmontfalgars\/lescola\/oferta-educativa\/","title":{"rendered":"Oferta educativa"},"content":{"rendered":"<div style=\"text-align: justify;\" align=\"right\"><\/div>\n<ul>\n<li class=\"verdana\" style=\"text-align: justify;\">\n<h6>L&#8217;escola ent\u00e9n l&#8217;educaci\u00f3 com un proc\u00e9s integral que desenvolupa en els nens i les nenes les seves capacitats cognitives, motrius, d&#8217;equilibri personal, d&#8217;autoestima i d&#8217;autoconcepte. Procura desenvolupar-les harm\u00f2nicament tot considerant que unes no s\u00f3n m\u00e9s importants que les altres.<\/h6>\n<\/li>\n<li class=\"verdana\" style=\"text-align: justify;\">\n<h6>L&#8217;escola \u00e9s integradora i oberta a la diversitat i opta per anar construint un context escolar capa\u00e7 d&#8217;acollir tots els nens i nenes.<\/h6>\n<\/li>\n<li class=\"verdana\" style=\"text-align: justify;\">\n<h6>L&#8217;escola practica la coeducaci\u00f3, educa per la igualtat sense cap mena de discriminaci\u00f3 per ra\u00f3 de sexe.<\/h6>\n<\/li>\n<li class=\"verdana\" style=\"text-align: justify;\">\n<h6>Entenem la coeducaci\u00f3 com un proc\u00e9s intencionat d&#8217;intervenci\u00f3 a trav\u00e9s del qual es potencia el desenvolupament dels nens i les nenes partint de la realitat dels dos sexes diferents cap a un desenvolupament personal i una construcci\u00f3 social comunes i no enfrontades.<\/h6>\n<\/li>\n<li class=\"verdana\" style=\"text-align: justify;\">\n<h6>L&#8217;escola potencia l&#8217;educaci\u00f3 intercultural, entesa com un intent d&#8217;afavorir les relacions entre les diferents cultures des del respecte i la solidaritat, i fer efectiu el dret a la difer\u00e8ncia com a valor personal i social.<\/h6>\n<\/li>\n<li class=\"verdana\" style=\"text-align: justify;\">\n<h6>L&#8217;escola contempla la diversitat de capacitats, interessos i motivacions de les nenes i els nens i es planteja les adequacions del curr\u00edculum adients a les seves diferents necessitats educatives, diversificant activitats i metodologies, i utilitzant els recursos personals i materials existents en el Centre.<\/h6>\n<\/li>\n<li class=\"verdana\" style=\"text-align: justify;\">\n<h6>L&#8217;escola fonamenta el respecte per l&#8217;entorn social i natural, i educa per incidir en la seva millora, amb una participaci\u00f3 activa per a la descoberta i coneixement del medi natural i social immediat.<\/h6>\n<\/li>\n<li class=\"verdana\" style=\"text-align: justify;\">\n<h6>L&#8217;escola \u00e9s aconfessional. Respecta totes les religions tant del professorat com de l&#8217;alumnat i no far\u00e0 cap mena d&#8217;adoctrinament respectant les creences de cada persona.<\/h6>\n<\/li>\n<li class=\"verdana\" style=\"text-align: justify;\">\n<h6>L&#8217;escola educa en i per la democr\u00e0cia, la pau, la solidaritat i la col\u00b7laboraci\u00f3.<\/h6>\n<\/li>\n<li class=\"verdana\">\n<h6 style=\"text-align: justify;\">L&#8217;escola Montfalgars \u00e9s escola catalana.<\/h6>\n<\/li>\n<\/ul>\n","protected":false},"excerpt":{"rendered":"<ul>\n<li class=\"verdana\" style=\"text-align: justify;\">\nL&#8217;escola ent\u00e9n l&#8217;educaci\u00f3 com un proc\u00e9s integral que desenvolupa en els nens i les nenes les seves capacitats cognitives, motrius, d&#8217;equilibri personal, d&#8217;autoestima i d&#8217;autoconcepte. Procura desenvolupar-les harm\u00f2nicament tot considerant que unes no s\u00f3n m\u00e9s importants que les altres.\n<\/li>\n<li class=\"verdana\" style=\"text-align: justify;\">\nL&#8217;escola&hellip;  <a href=\"https:\/\/agora.xtec.cat\/ceipmontfalgars\/lescola\/oferta-educativa\/\" title=\"Read Oferta educativa\">Llegeix m\u00e9s\u00bb<\/a><\/p>\n","protected":false},"author":1,"featured_media":0,"parent":22,"menu_order":60,"comment_status":"closed","ping_status":"closed","template":"","meta":{"_bbp_topic_count":0,"_bbp_reply_count":0,"_bbp_total_topic_count":0,"_bbp_total_reply_count":0,"_bbp_voice_count":0,"_bbp_anonymous_reply_count":0,"_bbp_topic_count_hidden":0,"_bbp_reply_count_hidden":0,"_bbp_forum_subforum_count":0,"footnotes":""},"class_list":["post-34","page","type-page","status-publish","hentry"],"post_mailing_queue_ids":[],"_links":{"self":[{"href":"https:\/\/agora.xtec.cat\/ceipmontfalgars\/wp-json\/wp\/v2\/pages\/34","targetHints":{"allow":["GET"]}}],"collection":[{"href":"https:\/\/agora.xtec.cat\/ceipmontfalgars\/wp-json\/wp\/v2\/pages"}],"about":[{"href":"https:\/\/agora.xtec.cat\/ceipmontfalgars\/wp-json\/wp\/v2\/types\/page"}],"author":[{"embeddable":true,"href":"https:\/\/agora.xtec.cat\/ceipmontfalgars\/wp-json\/wp\/v2\/users\/1"}],"replies":[{"embeddable":true,"href":"https:\/\/agora.xtec.cat\/ceipmontfalgars\/wp-json\/wp\/v2\/comments?post=34"}],"version-history":[{"count":3,"href":"https:\/\/agora.xtec.cat\/ceipmontfalgars\/wp-json\/wp\/v2\/pages\/34\/revisions"}],"predecessor-version":[{"id":7300,"href":"https:\/\/agora.xtec.cat\/ceipmontfalgars\/wp-json\/wp\/v2\/pages\/34\/revisions\/7300"}],"up":[{"embeddable":true,"href":"https:\/\/agora.xtec.cat\/ceipmontfalgars\/wp-json\/wp\/v2\/pages\/22"}],"wp:attachment":[{"href":"https:\/\/agora.xtec.cat\/ceipmontfalgars\/wp-json\/wp\/v2\/media?parent=34"}],"curies":[{"name":"wp","href":"https:\/\/api.w.org\/{rel}","templated":true}]}}