{"id":73,"date":"2014-09-18T14:01:51","date_gmt":"2014-09-18T13:01:51","guid":{"rendered":"http:\/\/agora.xtec.cat\/ceipmontcau-gelida\/?page_id=73"},"modified":"2021-10-11T15:13:50","modified_gmt":"2021-10-11T13:13:50","slug":"menjador-escolar","status":"publish","type":"page","link":"https:\/\/agora.xtec.cat\/ceipmontcau-gelida\/ampa\/menjador-escolar\/","title":{"rendered":"Menjador escolar"},"content":{"rendered":"<h3 style=\"text-align: justify;\"><span style=\"text-decoration: underline;\"><strong>MENJADOR<\/strong><\/span><\/h3>\n<p><strong>La cuina i el servei de menjador els gestiona directament l\u2019AFA a trav\u00e9s de\u00a0<a href=\"https:\/\/dacoreducacio.com\/\" target=\"_blank\" rel=\"noopener\">DACOR<\/a><\/strong><\/p>\n<p>DACOR \u00e9s una empresa que s\u2019encarrega de la confecci\u00f3 de men\u00fas a trav\u00e9s d\u2019una nutricionista; de la compra de la mat\u00e8ria primera i dels estris; de la supervisi\u00f3 i el manteniment de les instal\u00b7lacions; de la contractaci\u00f3 del personal de cuina i de menjador (monitors\/es, educadors\/es), aix\u00ed com de la coordinaci\u00f3 del servei.<\/p>\n<p>L\u2019AFA prioritza que el servei de menjador sigui el m\u00e9s semblant a casa i per aix\u00f2 es confeccionen men\u00fas senzills i equilibrats.<\/p>\n<p>Les monitores i monitors tenen cura que l\u2019alumnat adquireixi els h\u00e0bits higi\u00e8nics i alimentaris propis de l\u2019edat. Tamb\u00e9 s\u2019encarreguen de realitzar les activitats dirigides que es fan al migdia.<\/p>\n<p>Aquest servei es pot utilitzar de forma habitual en\u00a0<strong>modalitat de fix<\/strong>\u00a0(cal estar formalment inscrit) o de\u00a0<strong>forma espor\u00e0dica,<\/strong>\u00a0sempre i quan s\u2019avisi a la coordinadora de menjador i a la tutora o tutor.<\/p>\n<p>&nbsp;<\/p>\n<p>Per una informaci\u00f3 m\u00e9s acurada aneu directament al seg\u00fcent link de l\u2019AFA Escola Montcau:<\/p>\n<p><a href=\"https:\/\/afaescolamontcau.cat\/serveis\/menjador\/\">https:\/\/afaescolamontcau.cat\/serveis\/menjador\/<\/a><\/p>\n<p>&nbsp;<\/p>\n<p>&nbsp;<\/p>\n","protected":false},"excerpt":{"rendered":"<p>MENJADOR La cuina i el servei de menjador els gestiona directament l\u2019AFA a trav\u00e9s de\u00a0DACOR DACOR \u00e9s una empresa que s\u2019encarrega de la confecci\u00f3 de men\u00fas a trav\u00e9s d\u2019una nutricionista; de la compra de la mat\u00e8ria primera i dels estris; de la supervisi\u00f3 i el manteniment de les instal\u00b7lacions; de la contractaci\u00f3 del personal de [&hellip;]<\/p>\n","protected":false},"author":1,"featured_media":0,"parent":66,"menu_order":30,"comment_status":"closed","ping_status":"closed","template":"page-templates\/side-menu.php","meta":{"_bbp_topic_count":0,"_bbp_reply_count":0,"_bbp_total_topic_count":0,"_bbp_total_reply_count":0,"_bbp_voice_count":0,"_bbp_anonymous_reply_count":0,"_bbp_topic_count_hidden":0,"_bbp_reply_count_hidden":0,"_bbp_forum_subforum_count":0,"site-sidebar-layout":"default","site-content-layout":"","ast-site-content-layout":"","site-content-style":"default","site-sidebar-style":"default","ast-global-header-display":"","ast-banner-title-visibility":"","ast-main-header-display":"","ast-hfb-above-header-display":"","ast-hfb-below-header-display":"","ast-hfb-mobile-header-display":"","site-post-title":"","ast-breadcrumbs-content":"","ast-featured-img":"","footer-sml-layout":"","theme-transparent-header-meta":"","adv-header-id-meta":"","stick-header-meta":"","header-above-stick-meta":"","header-main-stick-meta":"","header-below-stick-meta":"","astra-migrate-meta-layouts":"default","ast-page-background-enabled":"default","ast-page-background-meta":{"desktop":{"background-color":"var(--ast-global-color-4)","background-image":"","background-repeat":"repeat","background-position":"center center","background-size":"auto","background-attachment":"scroll","background-type":"","background-media":"","overlay-type":"","overlay-color":"","overlay-opacity":"","overlay-gradient":""},"tablet":{"background-color":"","background-image":"","background-repeat":"repeat","background-position":"center center","background-size":"auto","background-attachment":"scroll","background-type":"","background-media":"","overlay-type":"","overlay-color":"","overlay-opacity":"","overlay-gradient":""},"mobile":{"background-color":"","background-image":"","background-repeat":"repeat","background-position":"center center","background-size":"auto","background-attachment":"scroll","background-type":"","background-media":"","overlay-type":"","overlay-color":"","overlay-opacity":"","overlay-gradient":""}},"ast-content-background-meta":{"desktop":{"background-color":"var(--ast-global-color-5)","background-image":"","background-repeat":"repeat","background-position":"center center","background-size":"auto","background-attachment":"scroll","background-type":"","background-media":"","overlay-type":"","overlay-color":"","overlay-opacity":"","overlay-gradient":""},"tablet":{"background-color":"var(--ast-global-color-5)","background-image":"","background-repeat":"repeat","background-position":"center center","background-size":"auto","background-attachment":"scroll","background-type":"","background-media":"","overlay-type":"","overlay-color":"","overlay-opacity":"","overlay-gradient":""},"mobile":{"background-color":"var(--ast-global-color-5)","background-image":"","background-repeat":"repeat","background-position":"center center","background-size":"auto","background-attachment":"scroll","background-type":"","background-media":"","overlay-type":"","overlay-color":"","overlay-opacity":"","overlay-gradient":""}},"footnotes":""},"class_list":["post-73","page","type-page","status-publish","hentry"],"post_mailing_queue_ids":[],"_links":{"self":[{"href":"https:\/\/agora.xtec.cat\/ceipmontcau-gelida\/wp-json\/wp\/v2\/pages\/73","targetHints":{"allow":["GET"]}}],"collection":[{"href":"https:\/\/agora.xtec.cat\/ceipmontcau-gelida\/wp-json\/wp\/v2\/pages"}],"about":[{"href":"https:\/\/agora.xtec.cat\/ceipmontcau-gelida\/wp-json\/wp\/v2\/types\/page"}],"author":[{"embeddable":true,"href":"https:\/\/agora.xtec.cat\/ceipmontcau-gelida\/wp-json\/wp\/v2\/users\/1"}],"replies":[{"embeddable":true,"href":"https:\/\/agora.xtec.cat\/ceipmontcau-gelida\/wp-json\/wp\/v2\/comments?post=73"}],"version-history":[{"count":3,"href":"https:\/\/agora.xtec.cat\/ceipmontcau-gelida\/wp-json\/wp\/v2\/pages\/73\/revisions"}],"predecessor-version":[{"id":2218,"href":"https:\/\/agora.xtec.cat\/ceipmontcau-gelida\/wp-json\/wp\/v2\/pages\/73\/revisions\/2218"}],"up":[{"embeddable":true,"href":"https:\/\/agora.xtec.cat\/ceipmontcau-gelida\/wp-json\/wp\/v2\/pages\/66"}],"wp:attachment":[{"href":"https:\/\/agora.xtec.cat\/ceipmontcau-gelida\/wp-json\/wp\/v2\/media?parent=73"}],"curies":[{"name":"wp","href":"https:\/\/api.w.org\/{rel}","templated":true}]}}