{"id":38,"date":"2014-09-18T12:34:08","date_gmt":"2014-09-18T11:34:08","guid":{"rendered":"http:\/\/agora.xtec.cat\/ceipmontcau-gelida\/?page_id=38"},"modified":"2025-05-09T14:48:42","modified_gmt":"2025-05-09T12:48:42","slug":"salut","status":"publish","type":"page","link":"https:\/\/agora.xtec.cat\/ceipmontcau-gelida\/lescola\/salut\/","title":{"rendered":"Salut"},"content":{"rendered":"<p style=\"text-align: center;\"><strong>PLA DE SALUT<\/strong><\/p>\n<p>L\u2019Escola participa en les trobades anuals del Pla de Salut a l\u2019Escola (PSEC) del Departament d\u2019Educaci\u00f3.<br \/>\nLa salut a l\u2019Escola es vincula amb molts aspectes de la nostra vida :alimentaci\u00f3 saludable, pr\u00e0ctica d\u2019esport, estat emocional, higiene&#8230;<\/p>\n<p>Portem a terme activitats relacionades amb la salut com:<\/p>\n<ul>\n<li>Els esmorzars saludables des d\u2019educaci\u00f3 infantil on, un dia setmanal es recomana un esmorzar saludable diferent .<\/li>\n<li>Tamb\u00e9 treballem l\u2019alimentaci\u00f3 saludable a trav\u00e9s de projectes d\u2019aula i a la SIEI a trav\u00e9s de tallers de cuina que giren al voltant d\u2019aliments de temporada i proximitat.<\/li>\n<li>Els aniversaris no els celebrem amb pastissos o llaminadures sin\u00f3 amb detalls fets pels companys ( corona&#8230;).<\/li>\n<li>A l\u2019Escola cada any es fan revisions odontol\u00f2giques a cursos concrets per part de l\u2019\u00e0rea b\u00e0sica de salut.<\/li>\n<li>A prim\u00e0ria fan un registre dels esmorzars que porten i els motiva per menjar saludablement, alhora que treballem els residus reduint els embolcalls que no siguin sostenibles.<\/li>\n<li>Disposem de saboneres i dispensadors de paper a cada lavabo i a les aules d\u2019Educaci\u00f3 Infantil i SIEI ho tenen a classe per tal que els alumnes siguin conscients de la import\u00e0ncia de rentar-se les mans.<\/li>\n<li>Tamb\u00e9 treballem la higiene a Educaci\u00f3 F\u00edsica de manera que els alumnes de cicle superior es dutxen despr\u00e9s de les sessions. I els m\u00e9s petits treballen tamb\u00e9 h\u00e0bits d\u2019higiene .<\/li>\n<li>Promovem l\u2019activitat f\u00edsica transversalment , no nom\u00e9s des de l\u2019\u00e0rea d\u2019educaci\u00f3 f\u00edsica,. Fem sortides a l\u2019entorn, pujades al cim del Montcau, sortides a diverses fonts.<\/li>\n<li>Tamb\u00e9 treballem mitjan\u00e7ant uns tallers, les relacions afectives i la sexualitat, la coeducaci\u00f3 i el g\u00e8nere aix\u00ed com tot el tema de les emocions , eixos b\u00e0sics en la formaci\u00f3 de la personalitat.<\/li>\n<li>El claustre ha participat en trobades de primers auxilis ambprofessionals sanitaris . Sempre amb l\u2019objectiu de saber actuar en situacionscomplexes.<\/li>\n<li>D\u2019acord amb les recomanacions elaborades per la Societat Catalana de Pediatria i pels departaments d\u2019Ensenyament i de Salut, davant d\u2019un infant amb febre l\u2019escola contactar\u00e0 amb el pare, mare o tutor i li demanar\u00e0 que el reculli tan aviat com pugui. Mentrestant, si la febre \u00e9s igual o superior a 38 \u00baC es recomana administrar paracetamol. Per administrar el paracetamol als infants a les escoles, passarem una autoritzaci\u00f3 al pare, mare o tutor. En totes les malalties que presentin estat febril no es pot assistir a l\u2019escola fins 24h despr\u00e9s d\u2019haver desaparegut la febre.<\/li>\n<li>En cas de malalties contagioses: conjuntivitis, varicel\u00b7la, xarampi\u00f3, pediculosis (polls al cabell), \u2026 els nens no poden assistir a l\u2019escola per evitar l\u2019encomanament de la malaltia.<\/li>\n<li>En cas que un alumne es vegi afectat\/da per polls i\/o ll\u00e9menes, s&#8217;avisar\u00e0 a la fam\u00edlia per a que se&#8217;n faci c\u00e0rrec i tal com recomana el Departament de Salut, no es podr\u00e0 incorporar al centre fins que hagi fet el tractament i hagin eliminat totes les ll\u00e9menes pel risc de contagi dels seus companys\/\u00e9s. No podr\u00e0 retornar a l&#8217; escola cap alumne que encara tingui ous al cap, ja que el tractament no assegura la mort d&#8217;aquests i per tant el contagi continua.<\/li>\n<li>Si s\u2019ha d\u2019administrar algun medicament dins l\u2019horari escolar, cal lliurar-lo acompanyat de la c\u00f2pia de la recepta m\u00e8dica juntament amb el full d\u2019<u>autoritzaci\u00f3 de medicaments<\/u>\u00a0al mestre tutor\/a, i escriure a l\u2019env\u00e0s el nom del nen\/a, la dosi i l\u2019hora de la toma.<\/li>\n<li>\u00c9s molt important informar als mestres tutors de qualsevol tipus d\u2019al\u00b7l\u00e8rgia, atacs d\u2019asma, epil\u00e8psies, \u2026 que puguin patir els infants.<\/li>\n<li>Per q\u00fcestions higi\u00e8niques i tal com recull la normativa vigent, recordem que\u00a0<strong>no es pot fumar dins el recinte escolar <\/strong><strong>incl\u00f2s el pati<\/strong> (al pati les burilles embruten el terra on juguen els nens i nenes) i que tampoc s\u2019hi pot accedir amb gossos.<\/li>\n<li>Respecte a les actuacions que duem a terme en temes com &#8220;accidents dins o fora del Centre&#8221;, &#8220;assist\u00e8ncia al Centre en cas de malalties infeccioses&#8221;, &#8220;el tema dels par\u00e0sits (polls..)&#8221;, &#8220;administraci\u00f3 de medicaci\u00f3 d\u2019alumnes&#8221;, tot est\u00e0 recollit al document de normes de funcionament i organitzaci\u00f3 del Centre (NOFC) que est\u00e0 penjat a la web.<\/li>\n<\/ul>\n<p>&nbsp;<\/p>\n<p>&nbsp;<\/p>\n<p>&nbsp;<\/p>\n<p>&nbsp;<\/p>\n<p>&nbsp;<\/p>\n","protected":false},"excerpt":{"rendered":"<p>PLA DE SALUT L\u2019Escola participa en les trobades anuals del Pla de Salut a l\u2019Escola (PSEC) del Departament d\u2019Educaci\u00f3. La salut a l\u2019Escola es vincula amb molts aspectes de la nostra vida :alimentaci\u00f3 saludable, pr\u00e0ctica d\u2019esport, estat emocional, higiene&#8230; Portem a terme activitats relacionades amb la salut com: Els esmorzars saludables des d\u2019educaci\u00f3 infantil on, [&hellip;]<\/p>\n","protected":false},"author":1,"featured_media":0,"parent":22,"menu_order":6,"comment_status":"closed","ping_status":"closed","template":"page-templates\/side-menu.php","meta":{"_bbp_topic_count":0,"_bbp_reply_count":0,"_bbp_total_topic_count":0,"_bbp_total_reply_count":0,"_bbp_voice_count":0,"_bbp_anonymous_reply_count":0,"_bbp_topic_count_hidden":0,"_bbp_reply_count_hidden":0,"_bbp_forum_subforum_count":0,"site-sidebar-layout":"default","site-content-layout":"","ast-site-content-layout":"","site-content-style":"default","site-sidebar-style":"default","ast-global-header-display":"","ast-banner-title-visibility":"","ast-main-header-display":"","ast-hfb-above-header-display":"","ast-hfb-below-header-display":"","ast-hfb-mobile-header-display":"","site-post-title":"","ast-breadcrumbs-content":"","ast-featured-img":"","footer-sml-layout":"","theme-transparent-header-meta":"","adv-header-id-meta":"","stick-header-meta":"","header-above-stick-meta":"","header-main-stick-meta":"","header-below-stick-meta":"","astra-migrate-meta-layouts":"default","ast-page-background-enabled":"default","ast-page-background-meta":{"desktop":{"background-color":"var(--ast-global-color-4)","background-image":"","background-repeat":"repeat","background-position":"center center","background-size":"auto","background-attachment":"scroll","background-type":"","background-media":"","overlay-type":"","overlay-color":"","overlay-opacity":"","overlay-gradient":""},"tablet":{"background-color":"","background-image":"","background-repeat":"repeat","background-position":"center center","background-size":"auto","background-attachment":"scroll","background-type":"","background-media":"","overlay-type":"","overlay-color":"","overlay-opacity":"","overlay-gradient":""},"mobile":{"background-color":"","background-image":"","background-repeat":"repeat","background-position":"center center","background-size":"auto","background-attachment":"scroll","background-type":"","background-media":"","overlay-type":"","overlay-color":"","overlay-opacity":"","overlay-gradient":""}},"ast-content-background-meta":{"desktop":{"background-color":"var(--ast-global-color-5)","background-image":"","background-repeat":"repeat","background-position":"center center","background-size":"auto","background-attachment":"scroll","background-type":"","background-media":"","overlay-type":"","overlay-color":"","overlay-opacity":"","overlay-gradient":""},"tablet":{"background-color":"var(--ast-global-color-5)","background-image":"","background-repeat":"repeat","background-position":"center center","background-size":"auto","background-attachment":"scroll","background-type":"","background-media":"","overlay-type":"","overlay-color":"","overlay-opacity":"","overlay-gradient":""},"mobile":{"background-color":"var(--ast-global-color-5)","background-image":"","background-repeat":"repeat","background-position":"center center","background-size":"auto","background-attachment":"scroll","background-type":"","background-media":"","overlay-type":"","overlay-color":"","overlay-opacity":"","overlay-gradient":""}},"footnotes":""},"class_list":["post-38","page","type-page","status-publish","hentry"],"post_mailing_queue_ids":[],"_links":{"self":[{"href":"https:\/\/agora.xtec.cat\/ceipmontcau-gelida\/wp-json\/wp\/v2\/pages\/38","targetHints":{"allow":["GET"]}}],"collection":[{"href":"https:\/\/agora.xtec.cat\/ceipmontcau-gelida\/wp-json\/wp\/v2\/pages"}],"about":[{"href":"https:\/\/agora.xtec.cat\/ceipmontcau-gelida\/wp-json\/wp\/v2\/types\/page"}],"author":[{"embeddable":true,"href":"https:\/\/agora.xtec.cat\/ceipmontcau-gelida\/wp-json\/wp\/v2\/users\/1"}],"replies":[{"embeddable":true,"href":"https:\/\/agora.xtec.cat\/ceipmontcau-gelida\/wp-json\/wp\/v2\/comments?post=38"}],"version-history":[{"count":3,"href":"https:\/\/agora.xtec.cat\/ceipmontcau-gelida\/wp-json\/wp\/v2\/pages\/38\/revisions"}],"predecessor-version":[{"id":1083,"href":"https:\/\/agora.xtec.cat\/ceipmontcau-gelida\/wp-json\/wp\/v2\/pages\/38\/revisions\/1083"}],"up":[{"embeddable":true,"href":"https:\/\/agora.xtec.cat\/ceipmontcau-gelida\/wp-json\/wp\/v2\/pages\/22"}],"wp:attachment":[{"href":"https:\/\/agora.xtec.cat\/ceipmontcau-gelida\/wp-json\/wp\/v2\/media?parent=38"}],"curies":[{"name":"wp","href":"https:\/\/api.w.org\/{rel}","templated":true}]}}