{"id":1333,"date":"2020-05-27T11:45:12","date_gmt":"2020-05-27T09:45:12","guid":{"rendered":"https:\/\/agora.xtec.cat\/ceipmontcau-gelida\/?page_id=1333"},"modified":"2026-02-19T14:06:17","modified_gmt":"2026-02-19T13:06:17","slug":"beques-menjador","status":"publish","type":"page","link":"https:\/\/agora.xtec.cat\/ceipmontcau-gelida\/lescola\/pagina-exemple\/beques-menjador\/","title":{"rendered":"Beques menjador 2025-2026"},"content":{"rendered":"<p style=\"text-align: justify;\">Benvolgudes fam\u00edlies,<\/p>\n<p style=\"font-weight: 400;\">Us passem informaci\u00f3 de la propera convocat\u00f2ria d\u2019ajuts individuals de menjador escolar de la\u00a0\u00a0comarca de l\u2019Alt Pened\u00e8s per al curs 2025\/2026.<\/p>\n<p><strong>El termini ordinari\u00a0<\/strong>de presentaci\u00f3 de sol\u00b7licituds ser\u00e0: Del\u00a0<strong>22 d\u2019abril <\/strong>al\u00a0<strong>11 de maig de 2025, <\/strong>ambd\u00f3s inclosos.<\/p>\n<p style=\"font-weight: 400;\"><span style=\"font-family: inherit; font-size: 1em;\">La\u00a0<\/span><strong style=\"font-family: inherit; font-size: 1em;\">tramitaci\u00f3\u00a0<\/strong><span style=\"font-family: inherit; font-size: 1em;\">de l\u2019ajut individual de menjador es far\u00e0 de manera telem\u00e0tica, a trav\u00e9s de la web de Consell Comarcal de l\u2019Alt Pened\u00e8s\u00a0<\/span><a style=\"font-family: inherit; font-size: 1em;\" href=\"http:\/\/www.xn--ccapeneds-73a.cat\/\" data-saferedirecturl=\"https:\/\/www.google.com\/url?q=http:\/\/www.xn--ccapeneds-73a.cat&amp;source=gmail&amp;ust=1681997027700000&amp;usg=AOvVaw2KtnREQr1eHO3Jqd0uRuEh\">www.ccapened\u00e8s.cat<\/a>\u00a0<span style=\"font-family: inherit; font-size: 1em;\">a l\u2019apartat\u00a0\u00a0Serveis&gt;&gt;<\/span><em style=\"font-family: inherit; font-size: 1em;\">Ensenyament&gt;Ajuts Menjador<\/em><span style=\"font-family: inherit; font-size: 1em;\">. En cas d\u2019incid\u00e8ncia a l\u2019hora de realitzar la sol\u00b7licitud online, els afectats poden enviar un correu electr\u00f2nic adjuntant captura de pantalla del problema sorgit a\u00a0<\/span><a style=\"font-family: inherit; font-size: 1em;\" href=\"mailto:suport@ccapenedes.cat\">suport@ccapenedes.cat<\/a><\/p>\n<p style=\"font-weight: 400;\">Per altres consultes sobre l\u2019ajut de menjador:\u00a0<a href=\"mailto:bequesmenjador@ccapenedes.cat\">bequesmenjador@ccapenedes.cat<\/a><\/p>\n<p style=\"font-weight: 400;\">En breu es podr\u00e0 trobar tota la informaci\u00f3 d\u2019aquesta convocat\u00f2ria a la p\u00e0gina web del Consell Comarcal\u00a0(\u00a0<a href=\"http:\/\/www.ccapenedes.cat\/\" data-saferedirecturl=\"https:\/\/www.google.com\/url?q=http:\/\/www.ccapenedes.cat&amp;source=gmail&amp;ust=1681997027700000&amp;usg=AOvVaw3RFI4ayZrVCY56n_rC5t6B\">www.ccapenedes.cat<\/a>\u00a0\/<em>Ensenyament)<\/em><\/p>\n<p style=\"font-weight: 400;\">Us annexem un document explicatiu i la documentaci\u00f3 que s\u2019ha d\u2019aportar.<\/p>\n<p><a href=\"https:\/\/agora.xtec.cat\/ceipmontcau-gelida\/wp-content\/uploads\/usu2023\/2025\/05\/20250410_CARTA_Convocatoria_Ajuts_Individuals.pdf\">Documentaci\u00f3 ajuts menjador<\/a><\/p>\n<p style=\"text-align: justify;\">Equip Directiu.<\/p>\n","protected":false},"excerpt":{"rendered":"<p>Benvolgudes fam\u00edlies, Us passem informaci\u00f3 de la propera convocat\u00f2ria d\u2019ajuts individuals de menjador escolar de la\u00a0\u00a0comarca de l\u2019Alt Pened\u00e8s per al curs 2025\/2026. El termini ordinari\u00a0de presentaci\u00f3 de sol\u00b7licituds ser\u00e0: Del\u00a022 d\u2019abril al\u00a011 de maig de 2025, ambd\u00f3s inclosos. La\u00a0tramitaci\u00f3\u00a0de l\u2019ajut individual de menjador es far\u00e0 de manera telem\u00e0tica, a trav\u00e9s de la web de [&hellip;]<\/p>\n","protected":false},"author":1,"featured_media":0,"parent":2,"menu_order":7,"comment_status":"closed","ping_status":"closed","template":"","meta":{"_bbp_topic_count":0,"_bbp_reply_count":0,"_bbp_total_topic_count":0,"_bbp_total_reply_count":0,"_bbp_voice_count":0,"_bbp_anonymous_reply_count":0,"_bbp_topic_count_hidden":0,"_bbp_reply_count_hidden":0,"_bbp_forum_subforum_count":0,"site-sidebar-layout":"default","site-content-layout":"","ast-site-content-layout":"default","site-content-style":"default","site-sidebar-style":"default","ast-global-header-display":"","ast-banner-title-visibility":"","ast-main-header-display":"","ast-hfb-above-header-display":"","ast-hfb-below-header-display":"","ast-hfb-mobile-header-display":"","site-post-title":"","ast-breadcrumbs-content":"","ast-featured-img":"","footer-sml-layout":"","theme-transparent-header-meta":"","adv-header-id-meta":"","stick-header-meta":"","header-above-stick-meta":"","header-main-stick-meta":"","header-below-stick-meta":"","astra-migrate-meta-layouts":"set","ast-page-background-enabled":"default","ast-page-background-meta":{"desktop":{"background-color":"var(--ast-global-color-4)","background-image":"","background-repeat":"repeat","background-position":"center center","background-size":"auto","background-attachment":"scroll","background-type":"","background-media":"","overlay-type":"","overlay-color":"","overlay-opacity":"","overlay-gradient":""},"tablet":{"background-color":"","background-image":"","background-repeat":"repeat","background-position":"center center","background-size":"auto","background-attachment":"scroll","background-type":"","background-media":"","overlay-type":"","overlay-color":"","overlay-opacity":"","overlay-gradient":""},"mobile":{"background-color":"","background-image":"","background-repeat":"repeat","background-position":"center center","background-size":"auto","background-attachment":"scroll","background-type":"","background-media":"","overlay-type":"","overlay-color":"","overlay-opacity":"","overlay-gradient":""}},"ast-content-background-meta":{"desktop":{"background-color":"var(--ast-global-color-5)","background-image":"","background-repeat":"repeat","background-position":"center center","background-size":"auto","background-attachment":"scroll","background-type":"","background-media":"","overlay-type":"","overlay-color":"","overlay-opacity":"","overlay-gradient":""},"tablet":{"background-color":"var(--ast-global-color-5)","background-image":"","background-repeat":"repeat","background-position":"center center","background-size":"auto","background-attachment":"scroll","background-type":"","background-media":"","overlay-type":"","overlay-color":"","overlay-opacity":"","overlay-gradient":""},"mobile":{"background-color":"var(--ast-global-color-5)","background-image":"","background-repeat":"repeat","background-position":"center center","background-size":"auto","background-attachment":"scroll","background-type":"","background-media":"","overlay-type":"","overlay-color":"","overlay-opacity":"","overlay-gradient":""}},"footnotes":""},"class_list":["post-1333","page","type-page","status-publish","hentry"],"post_mailing_queue_ids":[],"_links":{"self":[{"href":"https:\/\/agora.xtec.cat\/ceipmontcau-gelida\/wp-json\/wp\/v2\/pages\/1333","targetHints":{"allow":["GET"]}}],"collection":[{"href":"https:\/\/agora.xtec.cat\/ceipmontcau-gelida\/wp-json\/wp\/v2\/pages"}],"about":[{"href":"https:\/\/agora.xtec.cat\/ceipmontcau-gelida\/wp-json\/wp\/v2\/types\/page"}],"author":[{"embeddable":true,"href":"https:\/\/agora.xtec.cat\/ceipmontcau-gelida\/wp-json\/wp\/v2\/users\/1"}],"replies":[{"embeddable":true,"href":"https:\/\/agora.xtec.cat\/ceipmontcau-gelida\/wp-json\/wp\/v2\/comments?post=1333"}],"version-history":[{"count":6,"href":"https:\/\/agora.xtec.cat\/ceipmontcau-gelida\/wp-json\/wp\/v2\/pages\/1333\/revisions"}],"predecessor-version":[{"id":4280,"href":"https:\/\/agora.xtec.cat\/ceipmontcau-gelida\/wp-json\/wp\/v2\/pages\/1333\/revisions\/4280"}],"up":[{"embeddable":true,"href":"https:\/\/agora.xtec.cat\/ceipmontcau-gelida\/wp-json\/wp\/v2\/pages\/2"}],"wp:attachment":[{"href":"https:\/\/agora.xtec.cat\/ceipmontcau-gelida\/wp-json\/wp\/v2\/media?parent=1333"}],"curies":[{"name":"wp","href":"https:\/\/api.w.org\/{rel}","templated":true}]}}