{"id":7566,"date":"2023-10-16T18:23:58","date_gmt":"2023-10-16T16:23:58","guid":{"rendered":"https:\/\/agora.xtec.cat\/ceipmontanyans\/?page_id=7566"},"modified":"2025-10-20T15:39:56","modified_gmt":"2025-10-20T13:39:56","slug":"eleccions-al-consell-escolar","status":"publish","type":"page","link":"https:\/\/agora.xtec.cat\/ceipmontanyans\/lescola\/consell-escolar\/eleccions-al-consell-escolar\/","title":{"rendered":"Eleccions al Consell Escolar"},"content":{"rendered":"<h3 data-start=\"100\" data-end=\"155\">Consell Escolar de l&#8217;Escola Montanyans 2025-2026<\/h3>\n<p data-start=\"157\" data-end=\"257\">Les darreres eleccions al Consell Escolar del nostre centre es van celebrar el curs <strong data-start=\"241\" data-end=\"254\">2023-2024<\/strong>.<\/p>\n<p data-start=\"259\" data-end=\"394\">Enguany, i seguint la normativa establerta, s\u2019ha d\u2019iniciar un nou proc\u00e9s electoral per a la renovaci\u00f3 de membres del consell escolar:<\/p>\n<ul data-start=\"396\" data-end=\"832\">\n<li data-start=\"396\" data-end=\"621\"><strong data-start=\"398\" data-end=\"440\">Resoluci\u00f3 EDU\/2520\/2025, de 30 de juny<\/strong>, per la qual s\u2019estableixen el calendari i el r\u00e8gim del proc\u00e9s electoral per renovar els membres dels consells escolars dels centres p\u00fablics i privats sostinguts amb fons p\u00fablics.<\/li>\n<li data-start=\"622\" data-end=\"677\"><strong data-start=\"624\" data-end=\"675\">Llei org\u00e0nica 2\/2006, de 3 de maig, d\u2019educaci\u00f3.<\/strong><\/li>\n<li data-start=\"678\" data-end=\"757\"><strong data-start=\"680\" data-end=\"755\">Llei org\u00e0nica 8\/1985, de 3 de juliol, reguladora del dret a l\u2019educaci\u00f3.<\/strong><\/li>\n<li data-start=\"758\" data-end=\"832\"><strong data-start=\"760\" data-end=\"830\">Decret 102\/2010, de 3 d\u2019agost, d\u2019autonomia dels centres educatius.<\/strong><\/li>\n<\/ul>\n<p data-start=\"834\" data-end=\"976\">D\u2019acord amb aquest marc legal, aquest curs corresponen renovar-se <strong data-start=\"900\" data-end=\"943\">4 membres representants de les fam\u00edlies<\/strong> al Consell Escolar del centre.<\/p>\n<p data-start=\"978\" data-end=\"1102\">Pr\u00f2ximament, donarem a con\u00e8ixer el proc\u00e9s electoral i tota la informaci\u00f3 necess\u00e0ria per participar-hi.<\/p>\n<p data-start=\"978\" data-end=\"1102\">Si est\u00e0s interessat a formar part del consell escolar de l&#8217;escola, pots presentar <a href=\"https:\/\/agora.xtec.cat\/ceipmontanyans\/wp-content\/uploads\/usu2034\/2025\/10\/Candidatura.pdf\">la teva candidatura<\/a> omplint aquest document i enviant-lo al correu electr\u00f2nic del centre.<\/p>\n<p data-start=\"978\" data-end=\"1102\"><a href=\"https:\/\/agora.xtec.cat\/ceipmontanyans\/wp-content\/uploads\/usu2034\/2025\/10\/Convocatoria-eleccions_Y248_025.pdf\">Calendari<\/a> del proc\u00e9s<\/p>\n<p>&nbsp;<\/p>\n<p>&nbsp;<\/p>\n<p>&nbsp;<\/p>\n<p>&nbsp;<\/p>\n<p>&nbsp;<\/p>\n","protected":false},"excerpt":{"rendered":"<p>Consell Escolar de l&#8217;Escola Montanyans 2025-2026<br \/>\nLes darreres eleccions al Consell Escolar del nostre centre es van celebrar el curs 2023-2024.<br \/>\nEnguany, i seguint la normativa establerta, s\u2019ha d\u2019iniciar un nou proc\u00e9s electoral per a la renovaci\u00f3 de membres del consell escolar:<\/p>\n<ul data-start=\"396\" data-end=\"832\">\n<li data-start=\"396\" data-end=\"621\">Resoluci\u00f3 EDU\/2520\/2025,&hellip;  <a href=\"https:\/\/agora.xtec.cat\/ceipmontanyans\/lescola\/consell-escolar\/eleccions-al-consell-escolar\/\" title=\"Read Eleccions al Consell Escolar\">Llegeix m\u00e9s\u00bb<\/a><br \/>\n","protected":false},"author":1,"featured_media":0,"parent":28,"menu_order":0,"comment_status":"closed","ping_status":"closed","template":"","meta":{"_bbp_topic_count":0,"_bbp_reply_count":0,"_bbp_total_topic_count":0,"_bbp_total_reply_count":0,"_bbp_voice_count":0,"_bbp_anonymous_reply_count":0,"_bbp_topic_count_hidden":0,"_bbp_reply_count_hidden":0,"_bbp_forum_subforum_count":0,"footnotes":""},"class_list":["post-7566","page","type-page","status-publish","hentry"],"post_mailing_queue_ids":[],"_links":{"self":[{"href":"https:\/\/agora.xtec.cat\/ceipmontanyans\/wp-json\/wp\/v2\/pages\/7566","targetHints":{"allow":["GET"]}}],"collection":[{"href":"https:\/\/agora.xtec.cat\/ceipmontanyans\/wp-json\/wp\/v2\/pages"}],"about":[{"href":"https:\/\/agora.xtec.cat\/ceipmontanyans\/wp-json\/wp\/v2\/types\/page"}],"author":[{"embeddable":true,"href":"https:\/\/agora.xtec.cat\/ceipmontanyans\/wp-json\/wp\/v2\/users\/1"}],"replies":[{"embeddable":true,"href":"https:\/\/agora.xtec.cat\/ceipmontanyans\/wp-json\/wp\/v2\/comments?post=7566"}],"version-history":[{"count":6,"href":"https:\/\/agora.xtec.cat\/ceipmontanyans\/wp-json\/wp\/v2\/pages\/7566\/revisions"}],"predecessor-version":[{"id":8270,"href":"https:\/\/agora.xtec.cat\/ceipmontanyans\/wp-json\/wp\/v2\/pages\/7566\/revisions\/8270"}],"up":[{"embeddable":true,"href":"https:\/\/agora.xtec.cat\/ceipmontanyans\/wp-json\/wp\/v2\/pages\/28"}],"wp:attachment":[{"href":"https:\/\/agora.xtec.cat\/ceipmontanyans\/wp-json\/wp\/v2\/media?parent=7566"}],"curies":[{"name":"wp","href":"https:\/\/api.w.org\/{rel}","templated":true}]}}