{"id":7475,"date":"2023-07-07T10:35:48","date_gmt":"2023-07-07T08:35:48","guid":{"rendered":"https:\/\/agora.xtec.cat\/ceipmontanyans\/?page_id=7475"},"modified":"2023-07-07T10:54:21","modified_gmt":"2023-07-07T08:54:21","slug":"carta-compromis","status":"publish","type":"page","link":"https:\/\/agora.xtec.cat\/ceipmontanyans\/projecte-educatiu\/carta-compromis\/","title":{"rendered":"Carta Comprom\u00eds"},"content":{"rendered":"<p>La carta de comprom\u00eds educatiu \u00e9s un document que recull els acords i compromisos entre les persones implicades en l&#8217;\u00e0mbit educatiu, com ara estudiants, fam\u00edlies, docents i equips directius. Aquesta carta t\u00e9 com a finalitat establir una col\u00b7laboraci\u00f3 activa entre tots els participants per tal de promoure una educaci\u00f3 de qualitat i el desenvolupament integral de l&#8217;estudiant.<\/p>\n<p>La carta de comprom\u00eds educatiu del nostre centre defineix els drets i les responsabilitats de cada part, aix\u00ed com les accions i estrat\u00e8gies que es duran a terme per garantir un entorn educatiu \u00f2ptim.<\/p>\n<p><a href=\"https:\/\/agora.xtec.cat\/ceipmontanyans\/wp-content\/uploads\/usu2034\/2023\/07\/carta-compromis-educatiu.pdf\">Carta de comprom\u00eds educatiu<\/a><\/p>\n","protected":false},"excerpt":{"rendered":"<p>La carta de comprom\u00eds educatiu \u00e9s un document que recull els acords i compromisos entre les persones implicades en l&#8217;\u00e0mbit educatiu, com ara estudiants, fam\u00edlies, docents i equips directius. Aquesta carta t\u00e9 com a finalitat establir una col\u00b7laboraci\u00f3 activa entre tots els participants per tal&hellip;  <a href=\"https:\/\/agora.xtec.cat\/ceipmontanyans\/projecte-educatiu\/carta-compromis\/\" title=\"Read Carta Comprom\u00eds\">Llegeix m\u00e9s\u00bb<\/a><\/p>\n","protected":false},"author":1,"featured_media":0,"parent":64,"menu_order":0,"comment_status":"closed","ping_status":"closed","template":"","meta":{"_bbp_topic_count":0,"_bbp_reply_count":0,"_bbp_total_topic_count":0,"_bbp_total_reply_count":0,"_bbp_voice_count":0,"_bbp_anonymous_reply_count":0,"_bbp_topic_count_hidden":0,"_bbp_reply_count_hidden":0,"_bbp_forum_subforum_count":0,"footnotes":""},"class_list":["post-7475","page","type-page","status-publish","hentry"],"post_mailing_queue_ids":[],"_links":{"self":[{"href":"https:\/\/agora.xtec.cat\/ceipmontanyans\/wp-json\/wp\/v2\/pages\/7475","targetHints":{"allow":["GET"]}}],"collection":[{"href":"https:\/\/agora.xtec.cat\/ceipmontanyans\/wp-json\/wp\/v2\/pages"}],"about":[{"href":"https:\/\/agora.xtec.cat\/ceipmontanyans\/wp-json\/wp\/v2\/types\/page"}],"author":[{"embeddable":true,"href":"https:\/\/agora.xtec.cat\/ceipmontanyans\/wp-json\/wp\/v2\/users\/1"}],"replies":[{"embeddable":true,"href":"https:\/\/agora.xtec.cat\/ceipmontanyans\/wp-json\/wp\/v2\/comments?post=7475"}],"version-history":[{"count":2,"href":"https:\/\/agora.xtec.cat\/ceipmontanyans\/wp-json\/wp\/v2\/pages\/7475\/revisions"}],"predecessor-version":[{"id":7480,"href":"https:\/\/agora.xtec.cat\/ceipmontanyans\/wp-json\/wp\/v2\/pages\/7475\/revisions\/7480"}],"up":[{"embeddable":true,"href":"https:\/\/agora.xtec.cat\/ceipmontanyans\/wp-json\/wp\/v2\/pages\/64"}],"wp:attachment":[{"href":"https:\/\/agora.xtec.cat\/ceipmontanyans\/wp-json\/wp\/v2\/media?parent=7475"}],"curies":[{"name":"wp","href":"https:\/\/api.w.org\/{rel}","templated":true}]}}