{"id":6757,"date":"2021-10-21T14:32:47","date_gmt":"2021-10-21T12:32:47","guid":{"rendered":"https:\/\/agora.xtec.cat\/ceipmontanyans\/?page_id=6757"},"modified":"2026-03-03T15:05:56","modified_gmt":"2026-03-03T14:05:56","slug":"sortides-i-colonies","status":"publish","type":"page","link":"https:\/\/agora.xtec.cat\/ceipmontanyans\/lescola\/sortides-i-colonies\/","title":{"rendered":"Sortides i Col\u00f2nies"},"content":{"rendered":"<p>Durant el curs escolar realitzem un seguit de sortides i col\u00f2nies relacionades amb el treball que s&#8217;est\u00e0 portant a les aules. En la seg\u00fcent graella trobareu l&#8217;organitzaci\u00f3 per trimestres. (preus aproximats)<\/p>\n<p style=\"text-align: center;\"><strong>Sortides del curs 25-26<\/strong><\/p>\n<table style=\"border-collapse: collapse; width: 100%; height: 2242px;\">\n<tbody>\n<tr style=\"height: 10px;\">\n<td style=\"width: 25%; text-align: center; height: 10px;\" width=\"25%\"><strong>CURS<\/strong><\/td>\n<td style=\"width: 25%; text-align: center; height: 10px;\" width=\"25%\"><strong>DATA<\/strong><\/td>\n<td style=\"width: 31%; text-align: center; height: 10px;\" width=\"31%\"><strong>ACTIVITAT<\/strong><\/td>\n<td style=\"width: 18%; text-align: center; height: 10px;\" width=\"18%\"><strong>COST<\/strong><\/td>\n<\/tr>\n<tr style=\"height: 56px;\">\n<td style=\"width: 99%; height: 56px;\" colspan=\"4\" width=\"100%\"><strong>1R TRIMESTRE<\/strong><\/td>\n<\/tr>\n<tr style=\"height: 56px;\">\n<td style=\"width: 25%; height: 56px;\">INFANTIL 3 ANYS<\/td>\n<td style=\"width: 25%; text-align: center; height: 56px;\">23 DE SETEMBRE DE 2025<\/td>\n<td style=\"width: 31%; height: 56px;\">EN VERMI, EL CUC COMPOSTAIRE. TALLER A L&#8217;ESCOLA<\/td>\n<td style=\"width: 18%; height: 56px;\">GRATU\u00cfT<\/td>\n<\/tr>\n<tr style=\"height: 56px;\">\n<td style=\"width: 25%; height: 56px;\">INFANTIL 4 ANYS<\/td>\n<td style=\"width: 25%; text-align: center; height: 56px;\">23 DE SETEMBRE DE 2025<\/td>\n<td style=\"width: 31%; height: 56px;\">UNA MAR DE BROSSA. TALLER A L&#8217;ESCOLA<\/td>\n<td style=\"width: 18%; height: 56px;\">GRATU\u00cfT<\/td>\n<\/tr>\n<tr style=\"height: 32px;\">\n<td style=\"width: 25%; height: 32px;\">1R I 2N PRIM\u00c0RIA<\/td>\n<td style=\"width: 25%; text-align: center; height: 32px;\">26 DE SETEMBRE DE 2025<\/td>\n<td style=\"width: 31%; height: 32px;\">EMPESCA&#8217;T LA DEIXALLA!. TALLER A L&#8217;ESCOLA<\/td>\n<td style=\"width: 18%; height: 32px;\">GRATU\u00cfT<\/td>\n<\/tr>\n<tr style=\"height: 78px;\">\n<td style=\"width: 25%; height: 78px;\" width=\"25%\">INFANTIL + 1R + 2N<\/td>\n<td style=\"width: 25%; height: 78px; text-align: center;\" width=\"25%\">12 DE NOVEMBRE DE 2025<\/td>\n<td style=\"width: 31%; height: 78px;\" width=\"31%\">TEATRE ANGL\u00c8S ESCOLA<\/td>\n<td style=\"width: 18%; height: 78px;\" width=\"18%\">6\u20ac<\/td>\n<\/tr>\n<tr style=\"height: 32px;\">\n<td style=\"width: 25%; height: 32px;\">3R A 6\u00c8 PRIM\u00c0RIA<\/td>\n<td style=\"width: 25%; text-align: center; height: 32px;\">12 DE NOVEMBRE DE 2025<\/td>\n<td style=\"width: 31%; height: 32px;\">TEATRE ANGL\u00c8S ESCOLA<\/td>\n<td style=\"width: 18%; height: 32px;\">6\u20ac<\/td>\n<\/tr>\n<tr style=\"height: 32px;\">\n<td style=\"width: 25%; height: 32px;\">4T, 5\u00c8 I 6\u00c8 PRIM\u00c0RIA<\/td>\n<td style=\"width: 25%; text-align: center; height: 32px;\">5 DE NOVEMBRE DE 2026<\/td>\n<td style=\"width: 31%; height: 32px;\">VISITA A LA DEPURADORA! VILAFRANCA<\/td>\n<td style=\"width: 18%; height: 76px;\">5\u20ac<\/td>\n<\/tr>\n<tr style=\"height: 78px;\">\n<td style=\"width: 25%; height: 78px;\" width=\"25%\">3R I 4T PRIM\u00c0RIA<\/td>\n<td style=\"width: 25%; height: 78px; text-align: center;\" width=\"25%\">11 DE NOVEMBRE DE 2025<\/td>\n<td style=\"width: 31%; height: 78px;\" width=\"31%\">PARC FOIX &#8211; GUARDA<\/td>\n<td style=\"width: 18%; height: 78px;\" width=\"18%\">5\u20ac<\/td>\n<\/tr>\n<tr style=\"height: 78px;\">\n<td style=\"width: 25%; height: 78px;\" width=\"25%\">1R I 2N PRIM\u00c0RIA<\/td>\n<td style=\"width: 25%; height: 78px; text-align: center;\" width=\"25%\">18 DE NOVEMBRE DE 2025<\/td>\n<td style=\"width: 31%; height: 78px;\" width=\"31%\">GIMCANA PARC DEL FOIX<\/td>\n<td style=\"width: 18%; height: 78px;\" width=\"18%\">12\u20ac<\/td>\n<\/tr>\n<tr style=\"height: 56px;\">\n<td style=\"width: 25%; height: 56px;\" width=\"25%\">INFANTIL<\/td>\n<td style=\"width: 25%; height: 56px; text-align: center;\" width=\"25%\">19 DE NOVEMBRE DE 2025<\/td>\n<td style=\"width: 31%; height: 56px;\" width=\"31%\">SARGANTANA VAL\u00c8RIA. MOLI DEL FOIX<\/td>\n<td style=\"width: 18%; height: 56px;\" width=\"18%\">8\u20ac<\/td>\n<\/tr>\n<tr style=\"height: 78px;\">\n<td style=\"width: 25%; height: 78px;\" width=\"25%\">3R I 4T PRIM\u00c0RIA<\/td>\n<td style=\"width: 25%; height: 78px; text-align: center;\" width=\"25%\">20 DE NOVEMBRE DE 2025<\/td>\n<td style=\"width: 31%; height: 78px;\" width=\"31%\">DESCOBRIM EL PARC DEL FOIX<\/td>\n<td style=\"width: 18%; height: 78px;\" width=\"18%\">12\u20ac<\/td>\n<\/tr>\n<tr style=\"height: 56px;\">\n<td style=\"width: 25%; height: 56px;\" width=\"25%\">5\u00c8 I 6\u00c8 PRIM\u00c0RIA<\/td>\n<td style=\"width: 25%; height: 56px; text-align: center;\" width=\"25%\">21 DE NOVEMBRE DE 2025<\/td>\n<td style=\"width: 31%; height: 56px;\" width=\"31%\">VORA EL PANT\u00c0, VORA LA FONT. PARC DEL FOIX<\/td>\n<td style=\"width: 18%; height: 56px;\" width=\"18%\">12\u20ac<\/td>\n<\/tr>\n<tr style=\"height: 56px;\">\n<td style=\"width: 25%; height: 56px;\" width=\"25%\">1R GRUP DE PRIM\u00c0RIA<\/td>\n<td style=\"width: 25%; height: 56px; text-align: center;\" width=\"25%\">25 DE NOVEMBRE DE 2025<\/td>\n<td style=\"width: 31%; height: 56px;\" width=\"31%\">MUSEU BANSKY. BARCELONA<\/td>\n<td style=\"width: 18%; height: 56px;\" width=\"18%\">29\u20ac<\/td>\n<\/tr>\n<tr style=\"height: 56px;\">\n<td style=\"width: 25%; height: 56px;\" width=\"25%\">INFANTIL<\/td>\n<td style=\"width: 25%; height: 56px; text-align: center;\" width=\"25%\">27 DE NOVEMBRE DE 2025<\/td>\n<td style=\"width: 31%; height: 56px;\" width=\"31%\">\u00a0TEATRE HOTEL CUQUES. AUDITORI VILAFRANCA<\/td>\n<td style=\"width: 18%; height: 56px;\" width=\"18%\">8\u20ac<\/td>\n<\/tr>\n<tr style=\"height: 56px;\">\n<td style=\"width: 99%; height: 56px;\" colspan=\"4\" width=\"100%\">\n<p style=\"text-align: center;\"><strong>2N TRIMESTRE\u00a0<\/strong><\/p>\n<\/td>\n<\/tr>\n<tr style=\"height: 56px;\">\n<td style=\"width: 25%; height: 56px;\" width=\"25%\">1R I 2N PRIM\u00c0RIA<\/td>\n<td style=\"width: 25%; height: 56px; text-align: center;\" width=\"25%\">13 DE GENER DE 2026<\/td>\n<td style=\"width: 31%; height: 56px;\" width=\"31%\">SORTIDA MUSEU AGBAR. CORNELL\u00c0 DE LLOBREGAT<\/td>\n<td style=\"width: 18%; height: 56px;\" width=\"18%\">19\u20ac<\/td>\n<\/tr>\n<tr style=\"height: 32px;\">\n<td style=\"width: 25%; height: 32px;\">INFANTIL 5 ANYS<\/td>\n<td style=\"width: 25%; text-align: center; height: 32px;\">16 DE GENER DE 2026<\/td>\n<td style=\"width: 31%; height: 32px;\">EMPESCA&#8217;T LA DEIXALLA!. TALLER A L&#8217;ESCOLA<\/td>\n<td style=\"width: 18%; height: 32px;\">GRATU\u00cfT<\/td>\n<\/tr>\n<tr style=\"height: 56px;\">\n<td style=\"width: 25%; height: 56px;\" width=\"25%\">INFANTIL<\/td>\n<td style=\"width: 25%; height: 56px; text-align: center;\" width=\"25%\">els divendres del 20\/2\/26 al 17\/4\/26<\/td>\n<td style=\"width: 31%; height: 56px;\" width=\"31%\">PISCINA VILAFRANCA . 10 SESSIONS<\/td>\n<td style=\"width: 18%; height: 56px;\" width=\"18%\">36.5\u20ac<\/td>\n<\/tr>\n<tr style=\"height: 78px;\">\n<td style=\"width: 25%; height: 78px;\" width=\"25%\">de 1R A 3R PRIM\u00c0RIA<\/td>\n<td style=\"width: 25%; height: 78px; text-align: center;\" width=\"25%\">els divendres del 16\/1\/26 al 27\/3\/2026<\/td>\n<td style=\"width: 31%; height: 78px;\" width=\"31%\">PISCINA L&#8217;ARBO\u00c7. 7 SESSIONS<\/td>\n<td style=\"width: 18%; height: 78px;\" width=\"18%\">36.5\u20ac<\/td>\n<\/tr>\n<tr style=\"height: 78px;\">\n<td style=\"width: 25%; height: 78px;\" width=\"25%\">3R I 4T PRIM\u00c0RIA<\/td>\n<td style=\"width: 25%; height: 78px; text-align: center;\" width=\"25%\">3 DE MAR\u00c7 DE 2026<\/td>\n<td style=\"width: 31%; height: 78px;\" width=\"31%\">SORTIDA MUSEU AGBAR. CORNELL\u00c0 DE LLOBREGAT<\/td>\n<td style=\"width: 18%; height: 78px;\" width=\"18%\">19\u20ac<\/td>\n<\/tr>\n<tr style=\"height: 78px;\">\n<td style=\"width: 25%; height: 78px;\" width=\"25%\">INFANTIL<\/td>\n<td style=\"width: 25%; height: 78px; text-align: center;\" width=\"25%\">5 DE MAR\u00c7 DE 2026<\/td>\n<td style=\"width: 31%; height: 78px;\" width=\"31%\">TEATRE SAFARI. AUDITORI VILAFRANCA<\/td>\n<td style=\"width: 18%; height: 78px;\" width=\"18%\">8\u20ac<\/td>\n<\/tr>\n<tr style=\"height: 78px;\">\n<td style=\"width: 25%; height: 78px;\" width=\"25%\">5\u00c8 I 6\u00c8 PRIM\u00c0RIA<\/td>\n<td style=\"width: 25%; height: 78px; text-align: center;\" width=\"25%\">11 DE MAR\u00c7 DE 2026<\/td>\n<td style=\"width: 31%; height: 78px;\" width=\"31%\">SORTIDA MUSEU AGBAR. CORNELL\u00c0 DE LLOBREGAT<\/td>\n<td style=\"width: 18%; height: 78px;\" width=\"18%\">19\u20ac<\/td>\n<\/tr>\n<tr style=\"height: 56px;\">\n<td style=\"width: 25%; height: 56px;\" width=\"25%\">2N GRUP DE PRIM\u00c0RIA<\/td>\n<td style=\"width: 25%; height: 56px; text-align: center;\" width=\"25%\">24 DE MAR\u00c7 DE 2026<\/td>\n<td style=\"width: 31%; height: 56px;\" width=\"31%\">MUSEU BANSKY. BARCELONA<\/td>\n<td style=\"width: 18%; height: 56px;\">29\u20ac<\/td>\n<\/tr>\n<tr style=\"height: 78px;\">\n<td style=\"width: 25%; height: 78px;\" width=\"25%\">4T, 5\u00c8 I 6\u00c8 PRIM\u00c0RIA<\/td>\n<td style=\"width: 25%; height: 78px; text-align: center;\" width=\"25%\">25 DE MAR\u00c7 DE 2026<\/td>\n<td style=\"width: 31%; height: 78px;\" width=\"31%\">TEATRE CAMPI QUI PUGUI. CAL BOLET. VILAFRANCA<\/td>\n<td style=\"width: 18%; height: 78px;\" width=\"18%\">8\u20ac<\/td>\n<\/tr>\n<tr style=\"height: 56px;\">\n<td style=\"width: 99%; height: 56px;\" colspan=\"4\" width=\"100%\">\n<p style=\"text-align: center;\"><strong>3R TRIMESTRE<\/strong><\/p>\n<\/td>\n<\/tr>\n<tr style=\"height: 56px;\">\n<td style=\"width: 25%; height: 56px;\" width=\"25%\">INFANTIL<\/td>\n<td style=\"width: 25%; height: 56px; text-align: center;\" width=\"25%\">8 D&#8217;ABRIL DE 2026<\/td>\n<td style=\"width: 31%; height: 56px;\" width=\"31%\">CENTRE DE RECUPERACI\u00d3 D&#8217;AMFIBIS I R\u00c8PTILS DE CATALUNYA. MASQUEFA<\/td>\n<td style=\"width: 18%; height: 56px;\" width=\"18%\">16\u20ac<\/td>\n<\/tr>\n<tr style=\"height: 56px;\">\n<td style=\"width: 25%; height: 56px;\" width=\"25%\">INFANTIL<\/td>\n<td style=\"width: 25%; height: 56px; text-align: center;\" width=\"25%\">8 DE MAIG DE 2026<\/td>\n<td style=\"width: 31%; height: 56px;\" width=\"31%\">SORTIDA MUSEU AGBAR. CORNELL\u00c0 DE LLOBREGAT<\/td>\n<td style=\"width: 18%; height: 56px;\" width=\"18%\">19\u20ac<\/td>\n<\/tr>\n<tr style=\"height: 56px;\">\n<td style=\"width: 25%; height: 56px;\" width=\"25%\">1R, 2N I 3R PRIM\u00c0RIA<\/td>\n<td style=\"width: 25%; height: 56px; text-align: center;\" width=\"25%\">13 DE MAIG DE 2026<\/td>\n<td style=\"width: 31%; height: 56px;\" width=\"31%\">TEATRE COM ELS PING\u00dcINS. CAL BOLET VILAFRANCA<\/td>\n<td style=\"width: 18%; height: 56px;\" width=\"18%\">8\u20ac<\/td>\n<\/tr>\n<tr style=\"height: 56px;\">\n<td style=\"width: 25%; height: 56px;\" width=\"25%\">3R GRUP DE PRIM\u00c0RIA<\/td>\n<td style=\"width: 25%; height: 56px; text-align: center;\" width=\"25%\">20 DE MAIG DE 2026<\/td>\n<td style=\"width: 31%; height: 56px;\" width=\"31%\">MUSEU BANSKY. BARCELONA<\/td>\n<td style=\"width: 18%; height: 56px;\">29\u20ac<\/td>\n<\/tr>\n<tr style=\"height: 32px;\">\n<td style=\"width: 25%; height: 32px;\">EDUCACI\u00d3 PRIM\u00c0RIA<\/td>\n<td style=\"width: 25%; text-align: center; height: 32px;\"><span style=\"text-align: start;\">25, 26 I 27 DE MAIG DE 2026<\/span><\/td>\n<td style=\"width: 31%; height: 32px;\">COL\u00d2NIES. MASIA XALOC. CALDERS<\/td>\n<td style=\"width: 18%; height: 32px;\">155\u20ac<\/td>\n<\/tr>\n<tr style=\"height: 78px;\">\n<td style=\"width: 25%; height: 78px;\">I4 I I5 INFANTIL<\/td>\n<td style=\"width: 25%; text-align: center; height: 78px;\"><span style=\"text-align: start;\">25, 26 DE MAIG DE 2026<\/span><\/td>\n<td style=\"width: 31%; height: 78px;\">COL\u00d2NIES. MASIA XALOC. CALDERS<\/td>\n<td style=\"width: 18%; height: 78px;\" width=\"18%\">132\u20ac<\/td>\n<\/tr>\n<tr style=\"height: 56px;\">\n<td style=\"width: 25%; height: 56px;\" width=\"25%\">I3 INFANTIL<\/td>\n<td style=\"width: 25%; height: 56px; text-align: center;\" width=\"25%\">26 DE MAIG DE 2026<\/td>\n<td style=\"width: 31%; height: 56px;\" width=\"31%\">SORTIDA MASIA XALOC. CALDERS<\/td>\n<td style=\"width: 18%; height: 56px;\" width=\"18%\">35\u20ac<\/td>\n<\/tr>\n<tr style=\"height: 56px;\">\n<td style=\"width: 25%; height: 56px;\" width=\"25%\">DIFERENT ALUMNAT DE PRIM\u00c0RIA<\/td>\n<td style=\"width: 25%; height: 56px; text-align: center;\" width=\"25%\">3 DE JUNY DE 2026<\/td>\n<td style=\"width: 31%; height: 56px;\" width=\"31%\">FIRA FAIG<\/td>\n<td style=\"width: 18%; height: 56px;\" width=\"18%\"><\/td>\n<\/tr>\n<tr style=\"height: 56px;\">\n<td style=\"width: 25%; height: 56px;\" width=\"25%\">3R I 4T PRIM\u00c0RIA<\/td>\n<td style=\"width: 25%; height: 56px; text-align: center;\" width=\"25%\">26 DE MAR\u00c7 DE 2026<\/td>\n<td style=\"width: 31%; height: 56px;\" width=\"31%\">JORNADES ESPORTIVES VILAFRANCA<\/td>\n<td style=\"width: 18%; height: 56px;\" width=\"18%\">5\u20ac<\/td>\n<\/tr>\n<tr>\n<td style=\"width: 25%;\">5\u00e8 i 6\u00e8 PRIM\u00c0RIA<\/td>\n<td style=\"width: 25%; text-align: center;\">1 DE JUNY DE 2026<\/td>\n<td style=\"width: 31%;\">CANTANIA. AUDITORI BARCELONA<\/td>\n<td style=\"width: 18%;\">a concretar<\/td>\n<\/tr>\n<tr style=\"height: 56px;\">\n<td style=\"width: 25%; height: 56px;\" width=\"25%\">6\u00c8 PRIM\u00c0RIA<\/td>\n<td style=\"width: 25%; height: 56px; text-align: center;\" width=\"25%\">3, 4 I 5 DE JUNY DE 2026<\/td>\n<td style=\"width: 31%; height: 56px;\" width=\"31%\">SORTIDA FI DE CURS 6\u00c8 A MALLORCA<\/td>\n<td style=\"width: 18%; height: 56px;\" width=\"18%\">a concretar<\/td>\n<\/tr>\n<tr style=\"height: 32px;\">\n<td style=\"width: 25%; height: 32px;\">6\u00c8 PRIM\u00c0RIA<\/td>\n<td style=\"width: 25%; text-align: center; height: 32px;\">3 DE FEBRER DE 2026<\/td>\n<td style=\"width: 31%; height: 32px;\">SORTIDA VISITA INSTITUT ELS MONJOS I L&#8217;ARBO\u00c7<\/td>\n<td style=\"width: 18%; height: 32px;\">6\u20ac<\/td>\n<\/tr>\n<tr style=\"height: 32px;\">\n<td style=\"width: 25%; height: 32px;\">TOT L&#8217;ALUMNAT<\/td>\n<td style=\"width: 25%; text-align: center; height: 32px;\">19 DE JUNY DE 2026<\/td>\n<td style=\"width: 31%; height: 32px;\">PISCINA CLARIANA<\/td>\n<td style=\"width: 18%; height: 32px;\">4\u20ac<\/td>\n<\/tr>\n<\/tbody>\n<\/table>\n","protected":false},"excerpt":{"rendered":"<p>Durant el curs escolar realitzem un seguit de sortides i col\u00f2nies relacionades amb el treball que s&#8217;est\u00e0 portant a les aules. En la seg\u00fcent graella trobareu l&#8217;organitzaci\u00f3 per trimestres. (preus aproximats)<br \/>\nSortides del curs 25-26<\/p>\n<p>CURS<br \/>\nDATA<br \/>\nACTIVITAT<br \/>\nCOST<\/p>\n<p>1R TRIMESTRE<\/p>\n<p>INFANTIL 3 ANYS<br \/>\n23 DE SETEMBRE DE 2025<br \/>\nEN VERMI, EL CUC COMPOSTAIRE.&hellip;  <a href=\"https:\/\/agora.xtec.cat\/ceipmontanyans\/lescola\/sortides-i-colonies\/\" title=\"Read Sortides i Col\u00f2nies\">Llegeix m\u00e9s\u00bb<\/a><\/p>\n","protected":false},"author":1,"featured_media":0,"parent":22,"menu_order":0,"comment_status":"closed","ping_status":"closed","template":"page-templates\/side-menu.php","meta":{"_bbp_topic_count":0,"_bbp_reply_count":0,"_bbp_total_topic_count":0,"_bbp_total_reply_count":0,"_bbp_voice_count":0,"_bbp_anonymous_reply_count":0,"_bbp_topic_count_hidden":0,"_bbp_reply_count_hidden":0,"_bbp_forum_subforum_count":0,"footnotes":""},"class_list":["post-6757","page","type-page","status-publish","hentry"],"post_mailing_queue_ids":[],"_links":{"self":[{"href":"https:\/\/agora.xtec.cat\/ceipmontanyans\/wp-json\/wp\/v2\/pages\/6757","targetHints":{"allow":["GET"]}}],"collection":[{"href":"https:\/\/agora.xtec.cat\/ceipmontanyans\/wp-json\/wp\/v2\/pages"}],"about":[{"href":"https:\/\/agora.xtec.cat\/ceipmontanyans\/wp-json\/wp\/v2\/types\/page"}],"author":[{"embeddable":true,"href":"https:\/\/agora.xtec.cat\/ceipmontanyans\/wp-json\/wp\/v2\/users\/1"}],"replies":[{"embeddable":true,"href":"https:\/\/agora.xtec.cat\/ceipmontanyans\/wp-json\/wp\/v2\/comments?post=6757"}],"version-history":[{"count":7,"href":"https:\/\/agora.xtec.cat\/ceipmontanyans\/wp-json\/wp\/v2\/pages\/6757\/revisions"}],"predecessor-version":[{"id":8513,"href":"https:\/\/agora.xtec.cat\/ceipmontanyans\/wp-json\/wp\/v2\/pages\/6757\/revisions\/8513"}],"up":[{"embeddable":true,"href":"https:\/\/agora.xtec.cat\/ceipmontanyans\/wp-json\/wp\/v2\/pages\/22"}],"wp:attachment":[{"href":"https:\/\/agora.xtec.cat\/ceipmontanyans\/wp-json\/wp\/v2\/media?parent=6757"}],"curies":[{"name":"wp","href":"https:\/\/api.w.org\/{rel}","templated":true}]}}