{"id":9171,"date":"2023-04-18T10:12:22","date_gmt":"2023-04-18T08:12:22","guid":{"rendered":"https:\/\/agora.xtec.cat\/ceipmisericordia-reus\/?page_id=9171"},"modified":"2023-04-18T10:44:28","modified_gmt":"2023-04-18T08:44:28","slug":"convenis-vigents","status":"publish","type":"page","link":"https:\/\/agora.xtec.cat\/ceipmisericordia-reus\/convenis-vigents\/","title":{"rendered":"Convenis vigents"},"content":{"rendered":"<p>&nbsp;<\/p>\n<p>El Pla t\u00e9 com a persones destinat\u00e0ries l&#8217;alumnat d&#8217;educaci\u00f3 infantil, prim\u00e0ria, secund\u00e0ria i formaci\u00f3 professional de grau b\u00e0sic, dels centres del Servei d&#8217;Educaci\u00f3 de Catalunya amb m\u00e9s complexitat educativa derivada de les condicions socioecon\u00f2miques desafavorides de l&#8217;alumnat, d&#8217;acord amb el darrer estudi de complexitat del Consell Superior d&#8217;Avaluaci\u00f3 del Sistema Educatiu elaborat l&#8217;any 2020.<\/p>\n<p><a class=\"\" style=\"font-family: inherit; font-size: 1em;\" href=\"https:\/\/educacio.gencat.cat\/ca\/departament\/linies-estrategiques\/pla-millora-oportunitats-educatives\/#bloc1\" data-toggle=\"collapse\">Objectius generals<\/a><\/p>\n<div id=\"bloc1\" class=\"panel-collapse collapsible collapse in\">\n<div class=\"col-xs-12 columna_esquerra\">\n<div class=\"cos_bloc basic_text_peq pd-15 link-dotted\">\n<ul>\n<li>Contribuir a la millora de l&#8217;equitat en l&#8217;acc\u00e9s a oportunitats educatives i a l&#8217;\u00e8xit escolar de tot l&#8217;alumnat amb l&#8217;enfortiment dels centres educatius p\u00fablics de m\u00e9s complexitat educativa del Servei d&#8217;Educaci\u00f3 de Catalunya per tal que disposin dels recursos necessaris per compensar les necessitats i desigualtats educatives de l&#8217;alumnat i les seves fam\u00edlies.<\/li>\n<li>Integrar el Programa de cooperaci\u00f3 territorial per a l&#8217;orientaci\u00f3, l&#8217;aven\u00e7 i l&#8217;enriquiment educatiu PROA+ en el Pla de millora d&#8217;oportunitats educatives PMOE.<\/li>\n<li>Refor\u00e7ar l&#8217;atenci\u00f3 de l&#8217;alumnat amb necessitats espec\u00edfiques de suport educatiu i millorar l&#8217;enfocament inclusiu.<\/li>\n<li>Refor\u00e7ar la dimensi\u00f3 comunit\u00e0ria de l&#8217;acci\u00f3 educativa.<\/li>\n<\/ul>\n<div class=\"panel-heading\">\n<p class=\"panel-title\"><a class=\"\" href=\"https:\/\/educacio.gencat.cat\/ca\/departament\/linies-estrategiques\/pla-millora-oportunitats-educatives\/#bloc2\" data-toggle=\"collapse\">Objectius espec\u00edfics<\/a><\/p>\n<\/div>\n<div id=\"bloc2\" class=\"panel-collapse collapsible collapse in\">\n<div class=\"col-xs-12 columna_esquerra\">\n<div class=\"cos_bloc basic_text_peq pd-15 link-dotted\">\n<ul>\n<li>En relaci\u00f3 als centres que participen en el PMOE &#8211; PROA+\n<ul>\n<li>Refor\u00e7ar l&#8217;equitat educativa.<\/li>\n<li>Refor\u00e7ar l&#8217;organitzaci\u00f3 i funcionament dels centres educatius promovent un enfocament inclusiu que erradiqui situacions de segregaci\u00f3 interna al centre.<\/li>\n<li>Garantir la continu\u00eftat i el progr\u00e9s educatiu de l&#8217;alumnat, amb especial atenci\u00f3 a l&#8217;alumnat en situaci\u00f3 de vulnerabilitat.<\/li>\n<li>Refor\u00e7ar l&#8217;acompanyament, la motivaci\u00f3 i el suport individual a l&#8217;alumnat, especialment de l&#8217;alumnat en situaci\u00f3 de vulnerabilitat.<\/li>\n<li>Promoure i mantenir expectatives positives del professorat sobre tot l&#8217;alumnat.<\/li>\n<li>Treballar per la millora del benestar emocional.<\/li>\n<li>Facilitar i impulsar la implicaci\u00f3 i la participaci\u00f3 de les fam\u00edlies.<\/li>\n<li>Millorar la comunicaci\u00f3 entre les fam\u00edlies i els centres educatius.<\/li>\n<li>Potenciar les oportunitats educatives m\u00e9s enll\u00e0 de l&#8217;escola en relaci\u00f3 amb l&#8217;alumnat en situaci\u00f3 de vulnerabilitat.<\/li>\n<li>Facilitar la participaci\u00f3 en el PROA+ del Ministeri d&#8217;Educaci\u00f3 i Formaci\u00f3 Professional integrat en el PMOE.<\/li>\n<\/ul>\n<\/li>\n<li>En relaci\u00f3 amb la dimensi\u00f3 comunit\u00e0ria de l&#8217;acci\u00f3 educativa a trav\u00e9s dels Plans educatius d&#8217;entorn\n<ul>\n<li>Potenciar les oportunitats educatives m\u00e9s enll\u00e0 de l&#8217;horari lectiu i a temps complet (\u00e0mbit formal i no formal).<\/li>\n<li>Potenciar la dimensi\u00f3 comunit\u00e0ria de l&#8217;educaci\u00f3 amb el refor\u00e7ament de l&#8217;orientaci\u00f3 d&#8217;\u00e0mbit comunitari.<\/li>\n<\/ul>\n<\/li>\n<li>En relaci\u00f3 amb l&#8217;alumnat amb necessitats espec\u00edfiques de suport educatiu\n<ul>\n<li>Refor\u00e7ar el Projecte de promoci\u00f3 escolar del poble gitano de Catalunya.<\/li>\n<li>Refor\u00e7ar el suport a l&#8217;alumnat amb necessitats educatives espec\u00edfiques.\n<div class=\"panel-heading\"><\/div>\n<div id=\"bloc3\" class=\"panel-collapse collapsible collapse in\">\n<div class=\"col-xs-12 columna_esquerra\">\n<div class=\"cos_bloc basic_text_peq pd-15 link-dotted\">\n<p>&nbsp;<\/p>\n<\/div>\n<\/div>\n<\/div>\n<\/li>\n<\/ul>\n<\/li>\n<\/ul>\n<\/div>\n<\/div>\n<\/div>\n<\/div>\n<\/div>\n<\/div>\n","protected":false},"excerpt":{"rendered":"<p>&nbsp;<br \/>\nEl Pla t\u00e9 com a persones destinat\u00e0ries l&#8217;alumnat d&#8217;educaci\u00f3 infantil, prim\u00e0ria, secund\u00e0ria i formaci\u00f3 professional de grau b\u00e0sic, dels centres del Servei d&#8217;Educaci\u00f3 de Catalunya amb m\u00e9s complexitat educativa derivada de les condicions socioecon\u00f2miques desafavorides de l&#8217;alumnat, d&#8217;acord amb el darrer estudi de complexitat del&hellip;  <a href=\"https:\/\/agora.xtec.cat\/ceipmisericordia-reus\/convenis-vigents\/\" title=\"Read Convenis vigents\">Llegeix m\u00e9s\u00bb<\/a><\/p>\n","protected":false},"author":1,"featured_media":0,"parent":0,"menu_order":0,"comment_status":"closed","ping_status":"closed","template":"","meta":{"_bbp_topic_count":0,"_bbp_reply_count":0,"_bbp_total_topic_count":0,"_bbp_total_reply_count":0,"_bbp_voice_count":0,"_bbp_anonymous_reply_count":0,"_bbp_topic_count_hidden":0,"_bbp_reply_count_hidden":0,"_bbp_forum_subforum_count":0,"footnotes":""},"class_list":["post-9171","page","type-page","status-publish","hentry"],"post_mailing_queue_ids":[],"_links":{"self":[{"href":"https:\/\/agora.xtec.cat\/ceipmisericordia-reus\/wp-json\/wp\/v2\/pages\/9171","targetHints":{"allow":["GET"]}}],"collection":[{"href":"https:\/\/agora.xtec.cat\/ceipmisericordia-reus\/wp-json\/wp\/v2\/pages"}],"about":[{"href":"https:\/\/agora.xtec.cat\/ceipmisericordia-reus\/wp-json\/wp\/v2\/types\/page"}],"author":[{"embeddable":true,"href":"https:\/\/agora.xtec.cat\/ceipmisericordia-reus\/wp-json\/wp\/v2\/users\/1"}],"replies":[{"embeddable":true,"href":"https:\/\/agora.xtec.cat\/ceipmisericordia-reus\/wp-json\/wp\/v2\/comments?post=9171"}],"version-history":[{"count":3,"href":"https:\/\/agora.xtec.cat\/ceipmisericordia-reus\/wp-json\/wp\/v2\/pages\/9171\/revisions"}],"predecessor-version":[{"id":9180,"href":"https:\/\/agora.xtec.cat\/ceipmisericordia-reus\/wp-json\/wp\/v2\/pages\/9171\/revisions\/9180"}],"wp:attachment":[{"href":"https:\/\/agora.xtec.cat\/ceipmisericordia-reus\/wp-json\/wp\/v2\/media?parent=9171"}],"curies":[{"name":"wp","href":"https:\/\/api.w.org\/{rel}","templated":true}]}}

<p>&nbsp;</p>
<p>El Pla té com a persones destinatàries l&#8217;alumnat d&#8217;educació infantil, primària, secundària i formació professional de grau bàsic, dels centres del Servei d&#8217;Educació de Catalunya amb més complexitat educativa derivada de les condicions socioeconòmiques desafavorides de l&#8217;alumnat, d&#8217;acord amb el darrer estudi de complexitat del Consell Superior d&#8217;Avaluació del Sistema Educatiu elaborat l&#8217;any 2020.</p>
<p><a class="" style="font-family: inherit; font-size: 1em;" href="https://educacio.gencat.cat/ca/departament/linies-estrategiques/pla-millora-oportunitats-educatives/#bloc1" data-toggle="collapse">Objectius generals</a></p>
<div id="bloc1" class="panel-collapse collapsible collapse in">
<div class="col-xs-12 columna_esquerra">
<div class="cos_bloc basic_text_peq pd-15 link-dotted">
<ul>
<li>Contribuir a la millora de l&#8217;equitat en l&#8217;accés a oportunitats educatives i a l&#8217;èxit escolar de tot l&#8217;alumnat amb l&#8217;enfortiment dels centres educatius públics de més complexitat educativa del Servei d&#8217;Educació de Catalunya per tal que disposin dels recursos necessaris per compensar les necessitats i desigualtats educatives de l&#8217;alumnat i les seves famílies.</li>
<li>Integrar el Programa de cooperació territorial per a l&#8217;orientació, l&#8217;avenç i l&#8217;enriquiment educatiu PROA+ en el Pla de millora d&#8217;oportunitats educatives PMOE.</li>
<li>Reforçar l&#8217;atenció de l&#8217;alumnat amb necessitats específiques de suport educatiu i millorar l&#8217;enfocament inclusiu.</li>
<li>Reforçar la dimensió comunitària de l&#8217;acció educativa.</li>
</ul>
<div class="panel-heading">
<p class="panel-title"><a class="" href="https://educacio.gencat.cat/ca/departament/linies-estrategiques/pla-millora-oportunitats-educatives/#bloc2" data-toggle="collapse">Objectius específics</a></p>
</div>
<div id="bloc2" class="panel-collapse collapsible collapse in">
<div class="col-xs-12 columna_esquerra">
<div class="cos_bloc basic_text_peq pd-15 link-dotted">
<ul>
<li>En relació als centres que participen en el PMOE &#8211; PROA+
<ul>
<li>Reforçar l&#8217;equitat educativa.</li>
<li>Reforçar l&#8217;organització i funcionament dels centres educatius promovent un enfocament inclusiu que erradiqui situacions de segregació interna al centre.</li>
<li>Garantir la continuïtat i el progrés educatiu de l&#8217;alumnat, amb especial atenció a l&#8217;alumnat en situació de vulnerabilitat.</li>
<li>Reforçar l&#8217;acompanyament, la motivació i el suport individual a l&#8217;alumnat, especialment de l&#8217;alumnat en situació de vulnerabilitat.</li>
<li>Promoure i mantenir expectatives positives del professorat sobre tot l&#8217;alumnat.</li>
<li>Treballar per la millora del benestar emocional.</li>
<li>Facilitar i impulsar la implicació i la participació de les famílies.</li>
<li>Millorar la comunicació entre les famílies i els centres educatius.</li>
<li>Potenciar les oportunitats educatives més enllà de l&#8217;escola en relació amb l&#8217;alumnat en situació de vulnerabilitat.</li>
<li>Facilitar la participació en el PROA+ del Ministeri d&#8217;Educació i Formació Professional integrat en el PMOE.</li>
</ul>
</li>
<li>En relació amb la dimensió comunitària de l&#8217;acció educativa a través dels Plans educatius d&#8217;entorn
<ul>
<li>Potenciar les oportunitats educatives més enllà de l&#8217;horari lectiu i a temps complet (àmbit formal i no formal).</li>
<li>Potenciar la dimensió comunitària de l&#8217;educació amb el reforçament de l&#8217;orientació d&#8217;àmbit comunitari.</li>
</ul>
</li>
<li>En relació amb l&#8217;alumnat amb necessitats específiques de suport educatiu
<ul>
<li>Reforçar el Projecte de promoció escolar del poble gitano de Catalunya.</li>
<li>Reforçar el suport a l&#8217;alumnat amb necessitats educatives específiques.
<div class="panel-heading"></div>
<div id="bloc3" class="panel-collapse collapsible collapse in">
<div class="col-xs-12 columna_esquerra">
<div class="cos_bloc basic_text_peq pd-15 link-dotted">
<p>&nbsp;</p>
</div>
</div>
</div>
</li>
</ul>
</li>
</ul>
</div>
</div>
</div>
</div>
</div>
</div>

<p>&nbsp;<br />
El Pla té com a persones destinatàries l&#8217;alumnat d&#8217;educació infantil, primària, secundària i formació professional de grau bàsic, dels centres del Servei d&#8217;Educació de Catalunya amb més complexitat educativa derivada de les condicions socioeconòmiques desafavorides de l&#8217;alumnat, d&#8217;acord amb el darrer estudi de complexitat del&hellip;  <a href="https://agora.xtec.cat/ceipmisericordia-reus/convenis-vigents/" title="Read Convenis vigents">Llegeix més»</a></p>
