{"id":64,"date":"2014-09-18T12:39:08","date_gmt":"2014-09-18T11:39:08","guid":{"rendered":"http:\/\/agora.xtec.cat\/ceipmisericordia-reus\/?page_id=64"},"modified":"2020-02-10T15:40:35","modified_gmt":"2020-02-10T14:40:35","slug":"projecte-educatiu","status":"publish","type":"page","link":"https:\/\/agora.xtec.cat\/ceipmisericordia-reus\/projecte-educatiu\/","title":{"rendered":"Projecte educatiu"},"content":{"rendered":"<p>L\u2019escola Miseric\u00f2rdia t\u00e9 com a missi\u00f3 l&#8217;educaci\u00f3 integral dels nens i de les nenes de 3 a 12 anys matriculats al centre, en els aspectes de creixement intel\u00b7lectual i en el desenvolupament personal perqu\u00e8, quan acabin l\u2019etapa de Prim\u00e0ria, esdevinguin nois i noies aut\u00f2noms amb una bona formaci\u00f3 acad\u00e8mica i recursos per a aprendre; amb esperit cr\u00edtic i uns criteris de valors ben fonamentats.<\/p>\n<p>El model d\u2019escola que proposem es caracteritza pels seg\u00fcents trets indicatius:<\/p>\n<p style=\"padding-left: 40px;\">&#8211; <strong>Plural<\/strong>: en idees, religions i \u00e8tnies.<br \/>\n&#8211; <strong>Democr\u00e0tica:<\/strong> en l\u2019activitat dels seus \u00f2rgans.<br \/>\n&#8211; <strong>Inclusiva<\/strong>: Tots els alumnes tenen els mateixos drets i deures, sense m\u00e9s distincions que aquelles que es derivin de la seva edat i dels ensenyaments que cursin.<br \/>\n&#8211; <strong>Participativa:<\/strong> en les activitats que es realitzen en l\u2019entorn, el barri i la ciutat.<br \/>\n&#8211; <strong>Din\u00e0mica i operativa<\/strong> en el treball escolar i administratiu.<br \/>\n&#8211; <strong>Avaluativa<\/strong>: en la valoraci\u00f3 cont\u00ednua del treball per tal de millorar-lo.<br \/>\n&#8211; <strong>Renovadora<\/strong>: capa\u00e7 d\u2019adaptar-se a les noves necessitats educatives.<br \/>\n&#8211; <strong>Sostenible<\/strong>: ha de tenir cura del medi ambient en totes les seves accions.<br \/>\n&#8211;<strong> Saludable:<\/strong> ha de transmetre els valors de l\u2019educaci\u00f3 per la salut i l\u2019alimentaci\u00f3 sana.<\/p>\n","protected":false},"excerpt":{"rendered":"<p>L\u2019escola Miseric\u00f2rdia t\u00e9 com a missi\u00f3 l&#8217;educaci\u00f3 integral dels nens i de les nenes de 3 a 12 anys matriculats al centre, en els aspectes de creixement intel\u00b7lectual i en el desenvolupament personal perqu\u00e8, quan acabin l\u2019etapa de Prim\u00e0ria, esdevinguin nois i noies aut\u00f2noms amb&hellip;  <a href=\"https:\/\/agora.xtec.cat\/ceipmisericordia-reus\/projecte-educatiu\/\" title=\"Read Projecte educatiu\">Llegeix m\u00e9s\u00bb<\/a><\/p>\n","protected":false},"author":1,"featured_media":0,"parent":0,"menu_order":0,"comment_status":"closed","ping_status":"closed","template":"page-templates\/side-menu.php","meta":{"_bbp_topic_count":0,"_bbp_reply_count":0,"_bbp_total_topic_count":0,"_bbp_total_reply_count":0,"_bbp_voice_count":0,"_bbp_anonymous_reply_count":0,"_bbp_topic_count_hidden":0,"_bbp_reply_count_hidden":0,"_bbp_forum_subforum_count":0,"footnotes":""},"class_list":["post-64","page","type-page","status-publish","hentry"],"post_mailing_queue_ids":[],"_links":{"self":[{"href":"https:\/\/agora.xtec.cat\/ceipmisericordia-reus\/wp-json\/wp\/v2\/pages\/64","targetHints":{"allow":["GET"]}}],"collection":[{"href":"https:\/\/agora.xtec.cat\/ceipmisericordia-reus\/wp-json\/wp\/v2\/pages"}],"about":[{"href":"https:\/\/agora.xtec.cat\/ceipmisericordia-reus\/wp-json\/wp\/v2\/types\/page"}],"author":[{"embeddable":true,"href":"https:\/\/agora.xtec.cat\/ceipmisericordia-reus\/wp-json\/wp\/v2\/users\/1"}],"replies":[{"embeddable":true,"href":"https:\/\/agora.xtec.cat\/ceipmisericordia-reus\/wp-json\/wp\/v2\/comments?post=64"}],"version-history":[{"count":2,"href":"https:\/\/agora.xtec.cat\/ceipmisericordia-reus\/wp-json\/wp\/v2\/pages\/64\/revisions"}],"predecessor-version":[{"id":726,"href":"https:\/\/agora.xtec.cat\/ceipmisericordia-reus\/wp-json\/wp\/v2\/pages\/64\/revisions\/726"}],"wp:attachment":[{"href":"https:\/\/agora.xtec.cat\/ceipmisericordia-reus\/wp-json\/wp\/v2\/media?parent=64"}],"curies":[{"name":"wp","href":"https:\/\/api.w.org\/{rel}","templated":true}]}}

<p>L’escola Misericòrdia té com a missió l&#8217;educació integral dels nens i de les nenes de 3 a 12 anys matriculats al centre, en els aspectes de creixement intel·lectual i en el desenvolupament personal perquè, quan acabin l’etapa de Primària, esdevinguin nois i noies autònoms amb una bona formació acadèmica i recursos per a aprendre; amb esperit crític i uns criteris de valors ben fonamentats.</p>
<p>El model d’escola que proposem es caracteritza pels següents trets indicatius:</p>
<p style="padding-left: 40px;">&#8211; <strong>Plural</strong>: en idees, religions i ètnies.<br />
&#8211; <strong>Democràtica:</strong> en l’activitat dels seus òrgans.<br />
&#8211; <strong>Inclusiva</strong>: Tots els alumnes tenen els mateixos drets i deures, sense més distincions que aquelles que es derivin de la seva edat i dels ensenyaments que cursin.<br />
&#8211; <strong>Participativa:</strong> en les activitats que es realitzen en l’entorn, el barri i la ciutat.<br />
&#8211; <strong>Dinàmica i operativa</strong> en el treball escolar i administratiu.<br />
&#8211; <strong>Avaluativa</strong>: en la valoració contínua del treball per tal de millorar-lo.<br />
&#8211; <strong>Renovadora</strong>: capaç d’adaptar-se a les noves necessitats educatives.<br />
&#8211; <strong>Sostenible</strong>: ha de tenir cura del medi ambient en totes les seves accions.<br />
&#8211;<strong> Saludable:</strong> ha de transmetre els valors de l’educació per la salut i l’alimentació sana.</p>

<p>L’escola Misericòrdia té com a missió l&#8217;educació integral dels nens i de les nenes de 3 a 12 anys matriculats al centre, en els aspectes de creixement intel·lectual i en el desenvolupament personal perquè, quan acabin l’etapa de Primària, esdevinguin nois i noies autònoms amb&hellip;  <a href="https://agora.xtec.cat/ceipmisericordia-reus/projecte-educatiu/" title="Read Projecte educatiu">Llegeix més»</a></p>
