{"id":22,"date":"2014-09-18T12:19:57","date_gmt":"2014-09-18T11:19:57","guid":{"rendered":"http:\/\/agora.xtec.cat\/ceipmisericordia-reus\/?page_id=22"},"modified":"2020-02-10T15:48:14","modified_gmt":"2020-02-10T14:48:14","slug":"lescola","status":"publish","type":"page","link":"https:\/\/agora.xtec.cat\/ceipmisericordia-reus\/lescola\/","title":{"rendered":"L&#8217;escola"},"content":{"rendered":"<p>L&#8217;educaci\u00f3 \u00e9s l&#8217;arma m\u00e9s poderosa per canviar el m\u00f3n. Nelson Mandela<\/p>\n<p>Digues i ho oblido, ensenya&#8217;m i ho recordo, involucra&#8217;m i ho aprenc. Benjamin Franklin<\/p>\n<p>L&#8217;objectiu de l&#8217;educaci\u00f3 \u00e9s preparar els joves perqu\u00e8 s&#8217;eduquin a si mateixos durant tota la seva vida. R.Hutch<\/p>\n<p>La primera tasca de l&#8217;educaci\u00f3 \u00e9s agitar la vida, per\u00f2 deixar-la lliure perqu\u00e8 es desenvolupi. Maria Montessori.<\/p>\n<p>Un dels principals objectius de l&#8217;educaci\u00f3 ha de ser ampliar les finestres per les quals veiem el m\u00f3n. Arnold Glasow<\/p>\n","protected":false},"excerpt":{"rendered":"<p>L&#8217;educaci\u00f3 \u00e9s l&#8217;arma m\u00e9s poderosa per canviar el m\u00f3n. Nelson Mandela<br \/>\nDigues i ho oblido, ensenya&#8217;m i ho recordo, involucra&#8217;m i ho aprenc. Benjamin Franklin<br \/>\nL&#8217;objectiu de l&#8217;educaci\u00f3 \u00e9s preparar els joves perqu\u00e8 s&#8217;eduquin a si mateixos durant tota la seva vida. R.Hutch<br \/>\nLa primera tasca de l&#8217;educaci\u00f3&hellip;  <a href=\"https:\/\/agora.xtec.cat\/ceipmisericordia-reus\/lescola\/\" title=\"Read L&#8217;escola\">Llegeix m\u00e9s\u00bb<\/a><\/p>\n","protected":false},"author":1,"featured_media":0,"parent":0,"menu_order":0,"comment_status":"closed","ping_status":"closed","template":"page-templates\/side-menu.php","meta":{"_bbp_topic_count":0,"_bbp_reply_count":0,"_bbp_total_topic_count":0,"_bbp_total_reply_count":0,"_bbp_voice_count":0,"_bbp_anonymous_reply_count":0,"_bbp_topic_count_hidden":0,"_bbp_reply_count_hidden":0,"_bbp_forum_subforum_count":0,"footnotes":""},"class_list":["post-22","page","type-page","status-publish","hentry"],"post_mailing_queue_ids":[],"_links":{"self":[{"href":"https:\/\/agora.xtec.cat\/ceipmisericordia-reus\/wp-json\/wp\/v2\/pages\/22","targetHints":{"allow":["GET"]}}],"collection":[{"href":"https:\/\/agora.xtec.cat\/ceipmisericordia-reus\/wp-json\/wp\/v2\/pages"}],"about":[{"href":"https:\/\/agora.xtec.cat\/ceipmisericordia-reus\/wp-json\/wp\/v2\/types\/page"}],"author":[{"embeddable":true,"href":"https:\/\/agora.xtec.cat\/ceipmisericordia-reus\/wp-json\/wp\/v2\/users\/1"}],"replies":[{"embeddable":true,"href":"https:\/\/agora.xtec.cat\/ceipmisericordia-reus\/wp-json\/wp\/v2\/comments?post=22"}],"version-history":[{"count":3,"href":"https:\/\/agora.xtec.cat\/ceipmisericordia-reus\/wp-json\/wp\/v2\/pages\/22\/revisions"}],"predecessor-version":[{"id":727,"href":"https:\/\/agora.xtec.cat\/ceipmisericordia-reus\/wp-json\/wp\/v2\/pages\/22\/revisions\/727"}],"wp:attachment":[{"href":"https:\/\/agora.xtec.cat\/ceipmisericordia-reus\/wp-json\/wp\/v2\/media?parent=22"}],"curies":[{"name":"wp","href":"https:\/\/api.w.org\/{rel}","templated":true}]}}

<p>L&#8217;educació és l&#8217;arma més poderosa per canviar el món. Nelson Mandela</p>
<p>Digues i ho oblido, ensenya&#8217;m i ho recordo, involucra&#8217;m i ho aprenc. Benjamin Franklin</p>
<p>L&#8217;objectiu de l&#8217;educació és preparar els joves perquè s&#8217;eduquin a si mateixos durant tota la seva vida. R.Hutch</p>
<p>La primera tasca de l&#8217;educació és agitar la vida, però deixar-la lliure perquè es desenvolupi. Maria Montessori.</p>
<p>Un dels principals objectius de l&#8217;educació ha de ser ampliar les finestres per les quals veiem el món. Arnold Glasow</p>

<p>L&#8217;educació és l&#8217;arma més poderosa per canviar el món. Nelson Mandela<br />
Digues i ho oblido, ensenya&#8217;m i ho recordo, involucra&#8217;m i ho aprenc. Benjamin Franklin<br />
L&#8217;objectiu de l&#8217;educació és preparar els joves perquè s&#8217;eduquin a si mateixos durant tota la seva vida. R.Hutch<br />
La primera tasca de l&#8217;educació&hellip;  <a href="https://agora.xtec.cat/ceipmisericordia-reus/lescola/" title="Read L&#8217;escola">Llegeix més»</a></p>
