{"id":3531,"date":"2020-10-30T17:45:00","date_gmt":"2020-10-30T16:45:00","guid":{"rendered":"http:\/\/agora.xtec.cat\/ceipmiravet\/?page_id=3531"},"modified":"2026-04-14T12:43:24","modified_gmt":"2026-04-14T10:43:24","slug":"qui-som","status":"publish","type":"page","link":"https:\/\/agora.xtec.cat\/ceipmiravet\/qui-som\/","title":{"rendered":"Qui som?"},"content":{"rendered":"<p>L\u2019AFA de l\u2019Escola Roc Llop i Convalia som els pares i mares que ens organitzem de manera associativa i volunt\u00e0ria amb un objectiu com\u00fa: la millora de l\u2019educaci\u00f3 dels nostres fills\/es.<\/p>\n<p>La JUNTA de l&#8217;AFA \u00e9s la RESPONSABLE LEGAL de tot el que se n&#8217;esdev\u00e9 de l&#8217;entitat. Els membres som pares i mares <strong>voluntaris<\/strong> que ens encarreguem de la representaci\u00f3 i la gesti\u00f3 di\u00e0ria de l\u2019AFA. Vetllem per un efica\u00e7 funcionament de l\u2019associaci\u00f3 i la coordinaci\u00f3 de totes les activitats que l\u2019associaci\u00f3 du a terme.<\/p>\n<p>Col\u00b7laborem amb el centre en diverses festes que s\u2019organitzen, com ara: Nadal, Carnaval, la Festa de fi de curs, etc. I participem amb els diferents projectes i propostes que ens proposa l&#8217;escola.<\/p>\n<p>Ajudem en la gesti\u00f3 del Programa de Socialitzaci\u00f3 de Llibres.<\/p>\n<p>Cada any proposem diferents activitats col\u00b7laboratives i sempre intentant comptar amb la m\u00e0xima implicaci\u00f3 de les fam\u00edlies.<\/p>\n<p>La <b>quota anual\u00a0<\/b>que paguem les mares i els pares serveix, en gran mesura, per dotar de recursos a l\u2019escola,<span style=\"font-family: inherit; font-size: 1em;\"> per garantir l&#8217;asseguran\u00e7a individual per als alumnes en els extraescolars i\/o activitats de l&#8217;entitat, etc.<\/span><\/p>\n<p>Organitzem activitats extraescolars durant el curs per als alumnes a fi de que puguin participar activitats l\u00fadiques i esportives.<\/p>\n<p>I a m\u00e9s a m\u00e9s, durant cada mat\u00ed un membre de l\u2019AFA ajuda amb el control i gesti\u00f3 d\u2019alumnes que van al menjador.<\/p>\n<p>TOTS I TOTES SOM AFA!<\/p>\n","protected":false},"excerpt":{"rendered":"<p>L\u2019AFA de l\u2019Escola Roc Llop i Convalia som els pares i mares que ens organitzem de manera associativa i volunt\u00e0ria amb un objectiu com\u00fa: la millora de l\u2019educaci\u00f3 dels nostres fills\/es. La JUNTA de l&#8217;AFA \u00e9s la RESPONSABLE LEGAL de tot el que se n&#8217;esdev\u00e9 de l&#8217;entitat. Els membres som pares i mares voluntaris que [&hellip;]<\/p>\n","protected":false},"author":1,"featured_media":0,"parent":0,"menu_order":0,"comment_status":"closed","ping_status":"closed","template":"","meta":{"_bbp_topic_count":0,"_bbp_reply_count":0,"_bbp_total_topic_count":0,"_bbp_total_reply_count":0,"_bbp_voice_count":0,"_bbp_anonymous_reply_count":0,"_bbp_topic_count_hidden":0,"_bbp_reply_count_hidden":0,"_bbp_forum_subforum_count":0,"site-sidebar-layout":"default","site-content-layout":"","ast-site-content-layout":"default","site-content-style":"default","site-sidebar-style":"default","ast-global-header-display":"","ast-banner-title-visibility":"","ast-main-header-display":"","ast-hfb-above-header-display":"","ast-hfb-below-header-display":"","ast-hfb-mobile-header-display":"","site-post-title":"","ast-breadcrumbs-content":"","ast-featured-img":"","footer-sml-layout":"","theme-transparent-header-meta":"default","adv-header-id-meta":"","stick-header-meta":"","header-above-stick-meta":"","header-main-stick-meta":"","header-below-stick-meta":"","astra-migrate-meta-layouts":"set","ast-page-background-enabled":"default","ast-page-background-meta":{"desktop":{"background-color":"var(--ast-global-color-4)","background-image":"","background-repeat":"repeat","background-position":"center center","background-size":"auto","background-attachment":"scroll","background-type":"","background-media":"","overlay-type":"","overlay-color":"","overlay-opacity":"","overlay-gradient":""},"tablet":{"background-color":"","background-image":"","background-repeat":"repeat","background-position":"center center","background-size":"auto","background-attachment":"scroll","background-type":"","background-media":"","overlay-type":"","overlay-color":"","overlay-opacity":"","overlay-gradient":""},"mobile":{"background-color":"","background-image":"","background-repeat":"repeat","background-position":"center center","background-size":"auto","background-attachment":"scroll","background-type":"","background-media":"","overlay-type":"","overlay-color":"","overlay-opacity":"","overlay-gradient":""}},"ast-content-background-meta":{"desktop":{"background-color":"var(--ast-global-color-5)","background-image":"","background-repeat":"repeat","background-position":"center center","background-size":"auto","background-attachment":"scroll","background-type":"","background-media":"","overlay-type":"","overlay-color":"","overlay-opacity":"","overlay-gradient":""},"tablet":{"background-color":"var(--ast-global-color-5)","background-image":"","background-repeat":"repeat","background-position":"center center","background-size":"auto","background-attachment":"scroll","background-type":"","background-media":"","overlay-type":"","overlay-color":"","overlay-opacity":"","overlay-gradient":""},"mobile":{"background-color":"var(--ast-global-color-5)","background-image":"","background-repeat":"repeat","background-position":"center center","background-size":"auto","background-attachment":"scroll","background-type":"","background-media":"","overlay-type":"","overlay-color":"","overlay-opacity":"","overlay-gradient":""}},"footnotes":""},"class_list":["post-3531","page","type-page","status-publish","hentry"],"post_mailing_queue_ids":[],"_links":{"self":[{"href":"https:\/\/agora.xtec.cat\/ceipmiravet\/wp-json\/wp\/v2\/pages\/3531","targetHints":{"allow":["GET"]}}],"collection":[{"href":"https:\/\/agora.xtec.cat\/ceipmiravet\/wp-json\/wp\/v2\/pages"}],"about":[{"href":"https:\/\/agora.xtec.cat\/ceipmiravet\/wp-json\/wp\/v2\/types\/page"}],"author":[{"embeddable":true,"href":"https:\/\/agora.xtec.cat\/ceipmiravet\/wp-json\/wp\/v2\/users\/1"}],"replies":[{"embeddable":true,"href":"https:\/\/agora.xtec.cat\/ceipmiravet\/wp-json\/wp\/v2\/comments?post=3531"}],"version-history":[{"count":3,"href":"https:\/\/agora.xtec.cat\/ceipmiravet\/wp-json\/wp\/v2\/pages\/3531\/revisions"}],"predecessor-version":[{"id":5118,"href":"https:\/\/agora.xtec.cat\/ceipmiravet\/wp-json\/wp\/v2\/pages\/3531\/revisions\/5118"}],"wp:attachment":[{"href":"https:\/\/agora.xtec.cat\/ceipmiravet\/wp-json\/wp\/v2\/media?parent=3531"}],"curies":[{"name":"wp","href":"https:\/\/api.w.org\/{rel}","templated":true}]}}