{"id":26,"date":"2014-09-18T12:24:32","date_gmt":"2014-09-18T10:24:32","guid":{"rendered":"http:\/\/agora.xtec.cat\/ceipmiravet\/?page_id=26"},"modified":"2018-05-04T14:08:03","modified_gmt":"2018-05-04T12:08:03","slug":"historia","status":"publish","type":"page","link":"https:\/\/agora.xtec.cat\/ceipmiravet\/lescola\/historia\/","title":{"rendered":"Hist\u00f2ria"},"content":{"rendered":"<p style=\"text-align: justify;\">L&#8217;actual Escola Roc Llop i Convalia est\u00e0 situada a <a href=\"http:\/\/www.miravet.altanet.org\/\"><strong>Miravet<\/strong><\/a>. Fou constru\u00efda sobre l&#8217;antiga escola l&#8217;any 1999.<\/p>\n<p style=\"text-align: justify;\">Anteriorment l&#8217;escola s&#8217;anomenava El Ballestar i fou canviat el nom en honor al vilat\u00e0 <a href=\"https:\/\/ca.wikipedia.org\/wiki\/Roc_Llop_i_Convalia\">Roc Llop i Convalia<\/a>, mestre i poeta. Al DOGC n\u00fam. 5158, va sortir la Resoluci\u00f3: <em>EDU\/1942\/2008, de 17 de juny, per la qual s&#8217;atribueix una nova denominaci\u00f3 espec\u00edfica a un col\u00b7legi d&#8217;educaci\u00f3 infantil i prim\u00e0ria de Miravet<\/em>. Amb aquesta resoluci\u00f3 es va fer efectiu el canvi de nom de la nostra escola, va passar de CEIP El Ballestar a anomenar-se CEIP Roc Llop i Convalia, i actualment s&#8217;anomena Escola Roc Llop i Convalia.<\/p>\n<div style=\"text-align: justify;\">\n<p><a href=\"http:\/\/agora.xtec.cat\/ceipmiravet\/wp-content\/uploads\/usu529\/2014\/09\/RocLlopiConvalia.jpg\"><img loading=\"lazy\" decoding=\"async\" class=\"wp-image-304 size-full alignleft\" src=\"http:\/\/agora.xtec.cat\/ceipmiravet\/wp-content\/uploads\/usu529\/2014\/09\/RocLlopiConvalia.jpg\" alt=\"RocLlopiConvalia\" width=\"250\" height=\"217\" \/><\/a><\/p>\n<\/div>\n<blockquote>\n<p style=\"text-align: justify;\"><em>&#8220;&#8230;ressec el llavi de d\u00e8ria, mil febres cremant-li el front. Una fita: Catalunya i la llibertat del m\u00f3n!&#8221; Roc Llop i Convalia<\/em><\/p>\n<\/blockquote>\n<p style=\"text-align: justify;\">Aquests canvis es van dur a terme l&#8217;any 2008, coincidint que el municipi de Miravet va commemorar el <a href=\"http:\/\/rocllop.blogspot.com.es\/\">centenari<\/a> del naixement de Roc Llop i Convalia,\u00a0 poeta i mestre del nostre poble.<\/p>\n<p style=\"text-align: justify;\">Roc Llop, professionalment, es va dedicar al magisteri i va donar classes a miravetans i miravetanes, aix\u00ed com, tamb\u00e9, a Tarragona i a Vallfogona de Riucorb. Durant la segona Rep\u00fablica va exercir d\u2019Inspector d\u2019Educaci\u00f3 Prim\u00e0ria i va deixar un ampli nucli d\u2019assaigs i articles sobre educaci\u00f3, pedagogia, psicologia infantil i renovaci\u00f3 del sistema educatiu a la Rep\u00fablica. Alguns dels que el van con\u00e8ixer, no han dubtat a definir-lo com un amant de l\u2019art d\u2019ensenyar.<\/p>\n<p style=\"text-align: justify;\">Roc Llop va ser exiliat i deportat als camps d\u2019extermini nazis de Mauthausen i G\u00fcsen. Aquesta part de la seva vida va marcar molt els seus textos literaris. En concret, <em>Contes negres de les vores del Danubi<\/em>, un recull de narracions sobre les seves viv\u00e8ncies als camps nazis.<\/p>\n<p style=\"text-align: justify;\">L&#8217;il\u00b7lustre escriptor i poeta de les lletres del nostre poble, va ser guardonat en dues ocasions: l\u2019any 1965, obtenia la Flor Natural de poesia dels Jocs Florals de la Llengua Catalana, a Par\u00eds, amb <em>Poemes de Llum i Tenebra<\/em> i, el 1974, va ser guardonat amb l\u2019acc\u00e8ssit al V\u00edctor Catal\u00e0 de narrativa dels Jocs Florals de la Llengua Catalana, a Amsterdam, amb <em>Contes Negres de les vores del Danubi<\/em>. Dos premis d&#8217;una gran v\u00e0lua, just quan la llengua catalana nom\u00e9s trobava la seva expressi\u00f3 a l&#8217;exterior, que el consagren com a literat de l&#8217;exili catal\u00e0.<\/p>\n<p style=\"text-align: justify;\">Malgrat passar la major part de la seva vida a l\u2019exili, Roc Llop sempre recordava Miravet i en molts dels seus poemes, recorda la seva infantesa. El poema m\u00e9s conegut a Miravet \u00e9s <em>La Costa de Riago<\/em> on, descrivint aquest indret, ens endinsa en les q\u00fcestions socials que sempre tenia present.<\/p>\n<p style=\"text-align: justify;\"><strong>A Miravet d\u2019Ebre \u00b7 La Costa de Riago<a href=\"http:\/\/agora.xtec.cat\/ceipmiravet\/wp-content\/uploads\/usu529\/2014\/09\/roc_llop.jpg\"><img loading=\"lazy\" decoding=\"async\" class=\"wp-image-310 alignright\" src=\"http:\/\/agora.xtec.cat\/ceipmiravet\/wp-content\/uploads\/usu529\/2014\/09\/roc_llop.jpg\" alt=\"roc_llop\" width=\"220\" height=\"298\" \/><\/a><\/strong><\/p>\n<p style=\"text-align: justify;\"><em>Costa de Riago amunt,<\/em><br \/>\n<em> trescava, trescava,<\/em><br \/>\n<em> amb un feix de llenya al coll,<\/em><br \/>\n<em> suava, suava.<\/em><br \/>\n<em> Un a un, els esgraons,<\/em><br \/>\n<em> muntava, muntava,<\/em><br \/>\n<em> abans que arrib\u00e9s al foc,<\/em><br \/>\n<em> la llenya ja m\u2019escalfava.<\/em><br \/>\n<em> El pare, vora del riu,<\/em><br \/>\n<em> barbets i anguiles pescava.<\/em><\/p>\n<p style=\"text-align: justify;\"><em>La mare a l\u2019altre costat,<a href=\"http:\/\/agora.xtec.cat\/ceipmiravet\/lescola\/historia\/attachment\/riago2\/\" rel=\"attachment wp-att-564\"><img loading=\"lazy\" decoding=\"async\" class=\"wp-image-564 alignright\" src=\"http:\/\/agora.xtec.cat\/ceipmiravet\/wp-content\/uploads\/usu529\/2014\/09\/Riago2-218x300.jpg\" alt=\"Riago\" width=\"223\" height=\"307\" srcset=\"https:\/\/agora.xtec.cat\/ceipmiravet\/wp-content\/uploads\/usu529\/2014\/09\/Riago2-218x300.jpg 218w, https:\/\/agora.xtec.cat\/ceipmiravet\/wp-content\/uploads\/usu529\/2014\/09\/Riago2.jpg 290w\" sizes=\"auto, (max-width: 223px) 100vw, 223px\" \/><\/a><\/em><br \/>\n<em> la roba dels rics rentava.<\/em><br \/>\n<em> Amb la llenya que jo hi duc,<\/em><br \/>\n<em> l\u2019\u00e0via el foc espavilava.<\/em><br \/>\n<em> Jugant, jugant pel carrer,<\/em><br \/>\n<em> la fadiga se\u2019m passava.<\/em><br \/>\n<em> Costa de Riago amunt,<\/em><br \/>\n<em> la de la vida muntava,<\/em><br \/>\n<em> pel noi que em porta el record,<\/em><br \/>\n<em> l\u2019home que ara s\u00f3c canviava.<\/em><br \/>\n<em> Costa de Riago amunt,<br \/>\n<\/em><em>quin goig si la davallava.<\/em><\/p>\n<p style=\"text-align: justify;\">La nostra escola pertany a una Zona Escolar Rural (ZER). La ZER Benissanet-Miravet es va constituir al juny de 2001. Pr\u00e8viament, les dos escoles que la formen, Escola Antoni Nat de Benissanet i Escola Roc Llop i Convalia de Miravet, formaven una Agrupaci\u00f3 Rural, la qual disposava de mestres itinerants d\u2019educaci\u00f3 f\u00edsica i angl\u00e8s. La nostra ZER es constitueix, de forma volunt\u00e0ria, com a resposta a la necessitat de disposar d\u2019un\/a mestre\/a itinerant especialista d\u2019educaci\u00f3 musical i d\u2019educaci\u00f3 especial.<\/p>\n","protected":false},"excerpt":{"rendered":"<p>L&#8217;actual Escola Roc Llop i Convalia est\u00e0 situada a Miravet. Fou constru\u00efda sobre l&#8217;antiga escola l&#8217;any 1999. Anteriorment l&#8217;escola s&#8217;anomenava El Ballestar i fou canviat el nom en honor al vilat\u00e0 Roc Llop i Convalia, mestre i poeta. Al DOGC n\u00fam. 5158, va sortir la Resoluci\u00f3: EDU\/1942\/2008, de 17 de juny, per la qual s&#8217;atribueix [&hellip;]<\/p>\n","protected":false},"author":1,"featured_media":0,"parent":22,"menu_order":2,"comment_status":"closed","ping_status":"closed","template":"page-templates\/side-menu.php","meta":{"_bbp_topic_count":0,"_bbp_reply_count":0,"_bbp_total_topic_count":0,"_bbp_total_reply_count":0,"_bbp_voice_count":0,"_bbp_anonymous_reply_count":0,"_bbp_topic_count_hidden":0,"_bbp_reply_count_hidden":0,"_bbp_forum_subforum_count":0,"site-sidebar-layout":"default","site-content-layout":"","ast-site-content-layout":"","site-content-style":"default","site-sidebar-style":"default","ast-global-header-display":"","ast-banner-title-visibility":"","ast-main-header-display":"","ast-hfb-above-header-display":"","ast-hfb-below-header-display":"","ast-hfb-mobile-header-display":"","site-post-title":"","ast-breadcrumbs-content":"","ast-featured-img":"","footer-sml-layout":"","theme-transparent-header-meta":"","adv-header-id-meta":"","stick-header-meta":"","header-above-stick-meta":"","header-main-stick-meta":"","header-below-stick-meta":"","astra-migrate-meta-layouts":"default","ast-page-background-enabled":"default","ast-page-background-meta":{"desktop":{"background-color":"var(--ast-global-color-4)","background-image":"","background-repeat":"repeat","background-position":"center center","background-size":"auto","background-attachment":"scroll","background-type":"","background-media":"","overlay-type":"","overlay-color":"","overlay-opacity":"","overlay-gradient":""},"tablet":{"background-color":"","background-image":"","background-repeat":"repeat","background-position":"center center","background-size":"auto","background-attachment":"scroll","background-type":"","background-media":"","overlay-type":"","overlay-color":"","overlay-opacity":"","overlay-gradient":""},"mobile":{"background-color":"","background-image":"","background-repeat":"repeat","background-position":"center center","background-size":"auto","background-attachment":"scroll","background-type":"","background-media":"","overlay-type":"","overlay-color":"","overlay-opacity":"","overlay-gradient":""}},"ast-content-background-meta":{"desktop":{"background-color":"var(--ast-global-color-5)","background-image":"","background-repeat":"repeat","background-position":"center center","background-size":"auto","background-attachment":"scroll","background-type":"","background-media":"","overlay-type":"","overlay-color":"","overlay-opacity":"","overlay-gradient":""},"tablet":{"background-color":"var(--ast-global-color-5)","background-image":"","background-repeat":"repeat","background-position":"center center","background-size":"auto","background-attachment":"scroll","background-type":"","background-media":"","overlay-type":"","overlay-color":"","overlay-opacity":"","overlay-gradient":""},"mobile":{"background-color":"var(--ast-global-color-5)","background-image":"","background-repeat":"repeat","background-position":"center center","background-size":"auto","background-attachment":"scroll","background-type":"","background-media":"","overlay-type":"","overlay-color":"","overlay-opacity":"","overlay-gradient":""}},"footnotes":""},"class_list":["post-26","page","type-page","status-publish","hentry"],"post_mailing_queue_ids":[],"_links":{"self":[{"href":"https:\/\/agora.xtec.cat\/ceipmiravet\/wp-json\/wp\/v2\/pages\/26","targetHints":{"allow":["GET"]}}],"collection":[{"href":"https:\/\/agora.xtec.cat\/ceipmiravet\/wp-json\/wp\/v2\/pages"}],"about":[{"href":"https:\/\/agora.xtec.cat\/ceipmiravet\/wp-json\/wp\/v2\/types\/page"}],"author":[{"embeddable":true,"href":"https:\/\/agora.xtec.cat\/ceipmiravet\/wp-json\/wp\/v2\/users\/1"}],"replies":[{"embeddable":true,"href":"https:\/\/agora.xtec.cat\/ceipmiravet\/wp-json\/wp\/v2\/comments?post=26"}],"version-history":[{"count":5,"href":"https:\/\/agora.xtec.cat\/ceipmiravet\/wp-json\/wp\/v2\/pages\/26\/revisions"}],"predecessor-version":[{"id":1995,"href":"https:\/\/agora.xtec.cat\/ceipmiravet\/wp-json\/wp\/v2\/pages\/26\/revisions\/1995"}],"up":[{"embeddable":true,"href":"https:\/\/agora.xtec.cat\/ceipmiravet\/wp-json\/wp\/v2\/pages\/22"}],"wp:attachment":[{"href":"https:\/\/agora.xtec.cat\/ceipmiravet\/wp-json\/wp\/v2\/media?parent=26"}],"curies":[{"name":"wp","href":"https:\/\/api.w.org\/{rel}","templated":true}]}}

Història

<p style="text-align: justify;">L&#8217;actual Escola Roc Llop i Convalia està situada a <a href="http://www.miravet.altanet.org/"><strong>Miravet</strong></a>. Fou construïda sobre l&#8217;antiga escola l&#8217;any 1999.</p>
<p style="text-align: justify;">Anteriorment l&#8217;escola s&#8217;anomenava El Ballestar i fou canviat el nom en honor al vilatà <a href="https://ca.wikipedia.org/wiki/Roc_Llop_i_Convalia">Roc Llop i Convalia</a>, mestre i poeta. Al DOGC núm. 5158, va sortir la Resolució: <em>EDU/1942/2008, de 17 de juny, per la qual s&#8217;atribueix una nova denominació específica a un col·legi d&#8217;educació infantil i primària de Miravet</em>. Amb aquesta resolució es va fer efectiu el canvi de nom de la nostra escola, va passar de CEIP El Ballestar a anomenar-se CEIP Roc Llop i Convalia, i actualment s&#8217;anomena Escola Roc Llop i Convalia.</p>
<div style="text-align: justify;">
<p><a href="http://agora.xtec.cat/ceipmiravet/wp-content/uploads/usu529/2014/09/RocLlopiConvalia.jpg"><img loading="lazy" decoding="async" class="wp-image-304 size-full alignleft" src="http://agora.xtec.cat/ceipmiravet/wp-content/uploads/usu529/2014/09/RocLlopiConvalia.jpg" alt="RocLlopiConvalia" width="250" height="217" /></a></p>
</div>
<blockquote>
<p style="text-align: justify;"><em>&#8220;&#8230;ressec el llavi de dèria, mil febres cremant-li el front. Una fita: Catalunya i la llibertat del món!&#8221; Roc Llop i Convalia</em></p>
</blockquote>
<p style="text-align: justify;">Aquests canvis es van dur a terme l&#8217;any 2008, coincidint que el municipi de Miravet va commemorar el <a href="http://rocllop.blogspot.com.es/">centenari</a> del naixement de Roc Llop i Convalia,  poeta i mestre del nostre poble.</p>
<p style="text-align: justify;">Roc Llop, professionalment, es va dedicar al magisteri i va donar classes a miravetans i miravetanes, així com, també, a Tarragona i a Vallfogona de Riucorb. Durant la segona República va exercir d’Inspector d’Educació Primària i va deixar un ampli nucli d’assaigs i articles sobre educació, pedagogia, psicologia infantil i renovació del sistema educatiu a la República. Alguns dels que el van conèixer, no han dubtat a definir-lo com un amant de l’art d’ensenyar.</p>
<p style="text-align: justify;">Roc Llop va ser exiliat i deportat als camps d’extermini nazis de Mauthausen i Güsen. Aquesta part de la seva vida va marcar molt els seus textos literaris. En concret, <em>Contes negres de les vores del Danubi</em>, un recull de narracions sobre les seves vivències als camps nazis.</p>
<p style="text-align: justify;">L&#8217;il·lustre escriptor i poeta de les lletres del nostre poble, va ser guardonat en dues ocasions: l’any 1965, obtenia la Flor Natural de poesia dels Jocs Florals de la Llengua Catalana, a París, amb <em>Poemes de Llum i Tenebra</em> i, el 1974, va ser guardonat amb l’accèssit al Víctor Català de narrativa dels Jocs Florals de la Llengua Catalana, a Amsterdam, amb <em>Contes Negres de les vores del Danubi</em>. Dos premis d&#8217;una gran vàlua, just quan la llengua catalana només trobava la seva expressió a l&#8217;exterior, que el consagren com a literat de l&#8217;exili català.</p>
<p style="text-align: justify;">Malgrat passar la major part de la seva vida a l’exili, Roc Llop sempre recordava Miravet i en molts dels seus poemes, recorda la seva infantesa. El poema més conegut a Miravet és <em>La Costa de Riago</em> on, descrivint aquest indret, ens endinsa en les qüestions socials que sempre tenia present.</p>
<p style="text-align: justify;"><strong>A Miravet d’Ebre · La Costa de Riago<a href="http://agora.xtec.cat/ceipmiravet/wp-content/uploads/usu529/2014/09/roc_llop.jpg"><img loading="lazy" decoding="async" class="wp-image-310 alignright" src="http://agora.xtec.cat/ceipmiravet/wp-content/uploads/usu529/2014/09/roc_llop.jpg" alt="roc_llop" width="220" height="298" /></a></strong></p>
<p style="text-align: justify;"><em>Costa de Riago amunt,</em><br />
<em> trescava, trescava,</em><br />
<em> amb un feix de llenya al coll,</em><br />
<em> suava, suava.</em><br />
<em> Un a un, els esgraons,</em><br />
<em> muntava, muntava,</em><br />
<em> abans que arribés al foc,</em><br />
<em> la llenya ja m’escalfava.</em><br />
<em> El pare, vora del riu,</em><br />
<em> barbets i anguiles pescava.</em></p>
<p style="text-align: justify;"><em>La mare a l’altre costat,<a href="http://agora.xtec.cat/ceipmiravet/lescola/historia/attachment/riago2/" rel="attachment wp-att-564"><img loading="lazy" decoding="async" class="wp-image-564 alignright" src="http://agora.xtec.cat/ceipmiravet/wp-content/uploads/usu529/2014/09/Riago2-218x300.jpg" alt="Riago" width="223" height="307" srcset="https://agora.xtec.cat/ceipmiravet/wp-content/uploads/usu529/2014/09/Riago2-218x300.jpg 218w, https://agora.xtec.cat/ceipmiravet/wp-content/uploads/usu529/2014/09/Riago2.jpg 290w" sizes="auto, (max-width: 223px) 100vw, 223px" /></a></em><br />
<em> la roba dels rics rentava.</em><br />
<em> Amb la llenya que jo hi duc,</em><br />
<em> l’àvia el foc espavilava.</em><br />
<em> Jugant, jugant pel carrer,</em><br />
<em> la fadiga se’m passava.</em><br />
<em> Costa de Riago amunt,</em><br />
<em> la de la vida muntava,</em><br />
<em> pel noi que em porta el record,</em><br />
<em> l’home que ara sóc canviava.</em><br />
<em> Costa de Riago amunt,<br />
</em><em>quin goig si la davallava.</em></p>
<p style="text-align: justify;">La nostra escola pertany a una Zona Escolar Rural (ZER). La ZER Benissanet-Miravet es va constituir al juny de 2001. Prèviament, les dos escoles que la formen, Escola Antoni Nat de Benissanet i Escola Roc Llop i Convalia de Miravet, formaven una Agrupació Rural, la qual disposava de mestres itinerants d’educació física i anglès. La nostra ZER es constitueix, de forma voluntària, com a resposta a la necessitat de disposar d’un/a mestre/a itinerant especialista d’educació musical i d’educació especial.</p>

<p>L&#8217;actual Escola Roc Llop i Convalia està situada a Miravet. Fou construïda sobre l&#8217;antiga escola l&#8217;any 1999. Anteriorment l&#8217;escola s&#8217;anomenava El Ballestar i fou canviat el nom en honor al vilatà Roc Llop i Convalia, mestre i poeta. Al DOGC núm. 5158, va sortir la Resolució: EDU/1942/2008, de 17 de juny, per la qual s&#8217;atribueix [&hellip;]</p>
