{"id":971,"date":"2022-08-22T15:52:31","date_gmt":"2022-08-22T13:52:31","guid":{"rendered":"https:\/\/agora.xtec.cat\/ceipmiquelbaro\/?page_id=971"},"modified":"2023-05-07T23:49:34","modified_gmt":"2023-05-07T21:49:34","slug":"portada-ok","status":"publish","type":"page","link":"https:\/\/agora.xtec.cat\/ceipmiquelbaro\/portada-ok\/","title":{"rendered":"Portada"},"content":{"rendered":"<h5 dir=\"ltr\"><a href=\"https:\/\/agora.xtec.cat\/ceipmiquelbaro\/wp-content\/uploads\/usu2622\/2021\/07\/ESCOLA.jpeg\"><img loading=\"lazy\" decoding=\"async\" class=\" wp-image-521 alignright\" src=\"https:\/\/agora.xtec.cat\/ceipmiquelbaro\/wp-content\/uploads\/usu2622\/2021\/07\/ESCOLA.jpeg\" alt=\"\" width=\"351\" height=\"264\" srcset=\"https:\/\/agora.xtec.cat\/ceipmiquelbaro\/wp-content\/uploads\/usu2622\/2021\/07\/ESCOLA.jpeg 448w, https:\/\/agora.xtec.cat\/ceipmiquelbaro\/wp-content\/uploads\/usu2622\/2021\/07\/ESCOLA-300x225.jpeg 300w, https:\/\/agora.xtec.cat\/ceipmiquelbaro\/wp-content\/uploads\/usu2622\/2021\/07\/ESCOLA-200x150.jpeg 200w\" sizes=\"auto, (max-width: 351px) 100vw, 351px\" \/><\/a><\/h5>\n<h5 dir=\"ltr\">Navegant, company, alumne, o\u00a0 simplement tafaner; BENVINGUT\ud83d\ude00 a la nostra p\u00e0gina!<\/h5>\n<h5 dir=\"ltr\">\u00a0En entrar-hi, t\u2019oferim, encara que nom\u00e9s siguin virtuals, el pa i la sal, com a\u00a0 mostra de cordialitat i et convidem a un petit passeig per casa nostra. Som al Baix Segri\u00e0, on no acaba Catalunya, sin\u00f3 que \u00e9s aqu\u00ed on comen\u00e7a; per tant, tenim per ve\u00efns els aragonesos. Bona gent, aquesta! Som un col\u00b7legi petit, d\u2019una sola l\u00ednia, que de vegades es trenca per algun lloc.<\/h5>\n<h5 dir=\"ltr\">Volem dir-te amb aix\u00f2, que no tenim una matr\u00edcula generosa.<\/h5>\n<h5 dir=\"ltr\">Som al pa\u00eds de la fruita\u00a0 dol\u00e7a, encara que en els darrers anys, la dol\u00e7or amargueja una mica, per aix\u00f2 que en diuen \u201ccrisi del sector\u201d. Tot i aix\u00f2, som optimistes i veiem sempre el vas mig ple. Entra, passeja\u2019t,\u00a0 escorcolla, mira, tria i remena; com si fossis a la \u201cteva web&#8221;!<\/h5>\n<h5 dir=\"ltr\">\u00a0Ep! No esperis, per\u00f2, trobar-hi grans filigranes, som un col\u00b7legi, que com tots els col\u00b7legis, t\u00e9 els recursos molt limitats. Tot i aix\u00f2, esperem, que com el bon vi, anem millorant amb el temps. Sents el cruixir de les frontisses?, t\u2019estem obrint la porta de bat a bat.<\/h5>\n","protected":false},"excerpt":{"rendered":"<p>Navegant, company, alumne, o\u00a0 simplement tafaner; BENVINGUT\ud83d\ude00 a la nostra p\u00e0gina! \u00a0En entrar-hi, t\u2019oferim, encara que nom\u00e9s siguin virtuals, el pa i la sal, com a\u00a0 mostra de cordialitat i et convidem a un petit passeig per casa nostra. Som al Baix Segri\u00e0, on no acaba Catalunya, sin\u00f3 que \u00e9s aqu\u00ed on comen\u00e7a; per tant, [&hellip;]<\/p>\n","protected":false},"author":1,"featured_media":0,"parent":0,"menu_order":0,"comment_status":"closed","ping_status":"closed","template":"page-templates\/side-menu.php","meta":{"_bbp_topic_count":0,"_bbp_reply_count":0,"_bbp_total_topic_count":0,"_bbp_total_reply_count":0,"_bbp_voice_count":0,"_bbp_anonymous_reply_count":0,"_bbp_topic_count_hidden":0,"_bbp_reply_count_hidden":0,"_bbp_forum_subforum_count":0,"site-sidebar-layout":"default","site-content-layout":"","ast-site-content-layout":"","site-content-style":"default","site-sidebar-style":"default","ast-global-header-display":"","ast-banner-title-visibility":"","ast-main-header-display":"","ast-hfb-above-header-display":"","ast-hfb-below-header-display":"","ast-hfb-mobile-header-display":"","site-post-title":"","ast-breadcrumbs-content":"","ast-featured-img":"","footer-sml-layout":"","theme-transparent-header-meta":"","adv-header-id-meta":"","stick-header-meta":"","header-above-stick-meta":"","header-main-stick-meta":"","header-below-stick-meta":"","astra-migrate-meta-layouts":"default","ast-page-background-enabled":"default","ast-page-background-meta":{"desktop":{"background-color":"var(--ast-global-color-4)","background-image":"","background-repeat":"repeat","background-position":"center center","background-size":"auto","background-attachment":"scroll","background-type":"","background-media":"","overlay-type":"","overlay-color":"","overlay-opacity":"","overlay-gradient":""},"tablet":{"background-color":"","background-image":"","background-repeat":"repeat","background-position":"center center","background-size":"auto","background-attachment":"scroll","background-type":"","background-media":"","overlay-type":"","overlay-color":"","overlay-opacity":"","overlay-gradient":""},"mobile":{"background-color":"","background-image":"","background-repeat":"repeat","background-position":"center center","background-size":"auto","background-attachment":"scroll","background-type":"","background-media":"","overlay-type":"","overlay-color":"","overlay-opacity":"","overlay-gradient":""}},"ast-content-background-meta":{"desktop":{"background-color":"var(--ast-global-color-5)","background-image":"","background-repeat":"repeat","background-position":"center center","background-size":"auto","background-attachment":"scroll","background-type":"","background-media":"","overlay-type":"","overlay-color":"","overlay-opacity":"","overlay-gradient":""},"tablet":{"background-color":"var(--ast-global-color-5)","background-image":"","background-repeat":"repeat","background-position":"center center","background-size":"auto","background-attachment":"scroll","background-type":"","background-media":"","overlay-type":"","overlay-color":"","overlay-opacity":"","overlay-gradient":""},"mobile":{"background-color":"var(--ast-global-color-5)","background-image":"","background-repeat":"repeat","background-position":"center center","background-size":"auto","background-attachment":"scroll","background-type":"","background-media":"","overlay-type":"","overlay-color":"","overlay-opacity":"","overlay-gradient":""}},"footnotes":""},"class_list":["post-971","page","type-page","status-publish","hentry"],"post_mailing_queue_ids":[],"_links":{"self":[{"href":"https:\/\/agora.xtec.cat\/ceipmiquelbaro\/wp-json\/wp\/v2\/pages\/971","targetHints":{"allow":["GET"]}}],"collection":[{"href":"https:\/\/agora.xtec.cat\/ceipmiquelbaro\/wp-json\/wp\/v2\/pages"}],"about":[{"href":"https:\/\/agora.xtec.cat\/ceipmiquelbaro\/wp-json\/wp\/v2\/types\/page"}],"author":[{"embeddable":true,"href":"https:\/\/agora.xtec.cat\/ceipmiquelbaro\/wp-json\/wp\/v2\/users\/1"}],"replies":[{"embeddable":true,"href":"https:\/\/agora.xtec.cat\/ceipmiquelbaro\/wp-json\/wp\/v2\/comments?post=971"}],"version-history":[{"count":2,"href":"https:\/\/agora.xtec.cat\/ceipmiquelbaro\/wp-json\/wp\/v2\/pages\/971\/revisions"}],"predecessor-version":[{"id":986,"href":"https:\/\/agora.xtec.cat\/ceipmiquelbaro\/wp-json\/wp\/v2\/pages\/971\/revisions\/986"}],"wp:attachment":[{"href":"https:\/\/agora.xtec.cat\/ceipmiquelbaro\/wp-json\/wp\/v2\/media?parent=971"}],"curies":[{"name":"wp","href":"https:\/\/api.w.org\/{rel}","templated":true}]}}