{"id":745,"date":"2022-03-07T05:21:55","date_gmt":"2022-03-07T04:21:55","guid":{"rendered":"https:\/\/agora.xtec.cat\/ceipmiquelbaro\/?page_id=745"},"modified":"2023-08-21T00:45:24","modified_gmt":"2023-08-20T22:45:24","slug":"g-e-p-generacio-plurilingue","status":"publish","type":"page","link":"https:\/\/agora.xtec.cat\/ceipmiquelbaro\/projectes\/g-e-p-generacio-plurilingue\/","title":{"rendered":"G.E.P. &#8211; Generaci\u00f3 Pluriling\u00fce"},"content":{"rendered":"<section id=\"h.p_12yhBxABI3yG\" class=\"yaqOZd\">\n<div class=\"mYVXT\">\n<div class=\"LS81yb VICjCf\" tabindex=\"-1\">\n<div class=\"hJDwNd-AhqUyc-wNfPc purZT-AhqUyc-II5mzb pSzOP-AhqUyc-wNfPc JNdkSc\">\n<div class=\"JNdkSc-SmKAyb\">\n<div class=\"\">\n<div class=\"oKdM2c Kzv0Me\">\n<div id=\"h.p_OwaXAowZH86d\" class=\"hJDwNd-AhqUyc-wNfPc pSzOP-AhqUyc-wNfPc jXK9ad D2fZ2 OjCsFc wHaque\">\n<div class=\"jXK9ad-SmKAyb\">\n<div class=\"tyJCtd OWlOyc baZpAe\">\n<div>\n<div class=\"WIdY2d M1aSXe\" style=\"text-align: center;\">\n<h3><\/h3>\n<table style=\"border-collapse: collapse; width: 100%;\">\n<tbody>\n<tr>\n<td style=\"width: 26.4205%;\" rowspan=\"2\">\n<h3><a href=\"https:\/\/agora.xtec.cat\/ceipmiquelbaro\/wp-content\/uploads\/usu2622\/2023\/08\/logo-GEP-animat.gif\"><img loading=\"lazy\" decoding=\"async\" class=\"alignnone wp-image-1598\" src=\"https:\/\/agora.xtec.cat\/ceipmiquelbaro\/wp-content\/uploads\/usu2622\/2023\/08\/logo-GEP-animat.gif\" alt=\"\" width=\"279\" height=\"279\" \/><\/a><\/h3>\n<\/td>\n<td style=\"width: 73.5795%;\">\n<h3>El programa GEP promou l\u2019increment del temps d\u2019exposici\u00f3 de l\u2019alumnat a les lleng\u00fces estrangeres curriculars i acompanya els centres educatius en el proc\u00e9s de desplegament i consolidaci\u00f3 d\u2019un projecte ling\u00fc\u00edstic pluriling\u00fce propi.<\/h3>\n<\/td>\n<\/tr>\n<tr>\n<td style=\"width: 73.5795%;\">\n<h3><iframe class=\"YMEQtf\" src=\"https:\/\/www.youtube.com\/embed\/NyzzPVYdpf4\" frameborder=\"0\" sandbox=\"allow-scripts allow-popups allow-forms allow-same-origin allow-popups-to-escape-sandbox allow-downloads allow-modals\" allowfullscreen=\"allowfullscreen\" aria-label=\"YouTube Video, Generaci\u00f3 pluriling\u00fce (GEP). Programa d'innovaci\u00f3 educativa\" data-mce-fragment=\"1\"><\/iframe><\/h3>\n<\/td>\n<\/tr>\n<\/tbody>\n<\/table>\n<\/div>\n<\/div>\n<\/div>\n<\/div>\n<\/div>\n<\/div>\n<\/div>\n<\/div>\n<\/div>\n<div class=\"hJDwNd-AhqUyc-OwsYgb purZT-AhqUyc-II5mzb pSzOP-AhqUyc-qWD73c JNdkSc yYI8W \">\n<div class=\"JNdkSc-SmKAyb\">\n<div class=\"\">\n<div class=\"oKdM2c\">\n<div id=\"h.p_RnzynUBGI3yj\" class=\"hJDwNd-AhqUyc-OwsYgb jXK9ad D2fZ2 wHaque GNzUNc\">\n<div class=\"jXK9ad-SmKAyb\">\n<div class=\"tyJCtd mGzaTb baZpAe\">\n<div class=\"CjVfdc\">\n<div class=\"PPhIP rviiZ\">\n<div class=\"U26fgb mUbCce fKz7Od LRAOtb Znu9nd M9Bg4d\" role=\"presentation\" aria-describedby=\"h.p_hsIZiutLI8kK_l\" aria-label=\"Copia l'enlla\u00e7 del t\u00edtol\" aria-disabled=\"false\" data-tooltip=\"Copia l'enlla\u00e7 del t\u00edtol\" aria-hidden=\"true\" data-tooltip-position=\"top\" data-tooltip-vertical-offset=\"12\" data-tooltip-horizontal-offset=\"0\">\n<div class=\"VTBa7b MbhUzd\"><\/div>\n<\/div>\n<\/div>\n<h4 style=\"text-align: center;\">La durada del programa \u00e9s de tres cursos escolars.<\/h4>\n<p>&nbsp;<\/p>\n<\/div>\n<\/div>\n<table style=\"border-collapse: collapse; width: 100%;\">\n<tbody>\n<tr>\n<td style=\"width: 100%; background-color: #7af09c; text-align: center;\">\n<h2><strong>OBJECTIUS ESPEC\u00cdFICS DEL G.E.P.<\/strong><\/h2>\n<\/td>\n<\/tr>\n<\/tbody>\n<\/table>\n<\/div>\n<\/div>\n<\/div>\n<\/div>\n<\/div>\n<\/div>\n<\/div>\n<\/div>\n<\/section>\n<section id=\"h.p_i7ruUDkyHE1S\" class=\"yaqOZd\">\n<div class=\"mYVXT\">\n<div class=\"LS81yb VICjCf\" tabindex=\"-1\">\n<div class=\"hJDwNd-AhqUyc-uQSCkd purZT-AhqUyc-II5mzb pSzOP-AhqUyc-qWD73c JNdkSc\">\n<div class=\"JNdkSc-SmKAyb\">\n<div class=\"\">\n<div class=\"oKdM2c Kzv0Me\">\n<div id=\"h.p_g-ckrcElHE1G\" class=\"hJDwNd-AhqUyc-uQSCkd jXK9ad D2fZ2 OjCsFc wHaque GNzUNc\">\n<div class=\"jXK9ad-SmKAyb\">\n<div class=\"tyJCtd mGzaTb baZpAe\">\n<div class=\"CjVfdc\" style=\"text-align: left;\">\n<ul>\n<li style=\"list-style-type: none;\">\n<ul>\n<li style=\"list-style-type: none;\">\n<ul>\n<li style=\"list-style-type: none;\">\n<ul style=\"list-style-type: square;\">\n<li>\n<h4>Millorar la compet\u00e8ncia comunicativa en llengua estrangera<\/h4>\n<\/li>\n<li>\n<h4>Desenvolupar compet\u00e8ncies clau per al s. XXI (b\u00e0siques, del pensament i actitudinals o personals)<\/h4>\n<\/li>\n<li>\n<h4>Fomentar el treball cooperatiu i per projectes<\/h4>\n<\/li>\n<li>\n<h4>Adquirir estrat\u00e8gies per a l\u2019aprenentatge aut\u00f2nom (aprendre a aprendre)<\/h4>\n<\/li>\n<\/ul>\n<\/li>\n<\/ul>\n<\/li>\n<\/ul>\n<\/li>\n<\/ul>\n<p>&nbsp;<\/p>\n<\/div>\n<\/div>\n<\/div>\n<p><a href=\"https:\/\/agora.xtec.cat\/ceipmiquelbaro\/categoria\/GEP\/\"><img loading=\"lazy\" decoding=\"async\" class=\"size-full wp-image-1604 aligncenter\" src=\"https:\/\/agora.xtec.cat\/ceipmiquelbaro\/wp-content\/uploads\/usu2622\/2023\/08\/LOGO-CPASULES.jpg\" alt=\"\" width=\"363\" height=\"93\" srcset=\"https:\/\/agora.xtec.cat\/ceipmiquelbaro\/wp-content\/uploads\/usu2622\/2023\/08\/LOGO-CPASULES.jpg 363w, https:\/\/agora.xtec.cat\/ceipmiquelbaro\/wp-content\/uploads\/usu2622\/2023\/08\/LOGO-CPASULES-300x77.jpg 300w\" sizes=\"auto, (max-width: 363px) 100vw, 363px\" \/><\/a><\/p>\n<div class=\"jXK9ad-SmKAyb\">\n<div class=\"tyJCtd mGzaTb baZpAe\">\n<div style=\"text-align: center;\"><\/div>\n<\/div>\n<\/div>\n<\/div>\n<\/div>\n<\/div>\n<\/div>\n<\/div>\n<\/div>\n<\/div>\n<\/section>\n","protected":false},"excerpt":{"rendered":"<p>El programa GEP promou l\u2019increment del temps d\u2019exposici\u00f3 de l\u2019alumnat a les lleng\u00fces estrangeres curriculars i acompanya els centres educatius en el proc\u00e9s de desplegament i consolidaci\u00f3 d\u2019un projecte ling\u00fc\u00edstic pluriling\u00fce propi. La durada del programa \u00e9s de tres cursos escolars. &nbsp; OBJECTIUS ESPEC\u00cdFICS DEL G.E.P. Millorar la compet\u00e8ncia comunicativa en llengua estrangera Desenvolupar compet\u00e8ncies [&hellip;]<\/p>\n","protected":false},"author":1,"featured_media":0,"parent":589,"menu_order":0,"comment_status":"closed","ping_status":"closed","template":"page-templates\/side-menu.php","meta":{"_bbp_topic_count":0,"_bbp_reply_count":0,"_bbp_total_topic_count":0,"_bbp_total_reply_count":0,"_bbp_voice_count":0,"_bbp_anonymous_reply_count":0,"_bbp_topic_count_hidden":0,"_bbp_reply_count_hidden":0,"_bbp_forum_subforum_count":0,"site-sidebar-layout":"default","site-content-layout":"","ast-site-content-layout":"","site-content-style":"default","site-sidebar-style":"default","ast-global-header-display":"","ast-banner-title-visibility":"","ast-main-header-display":"","ast-hfb-above-header-display":"","ast-hfb-below-header-display":"","ast-hfb-mobile-header-display":"","site-post-title":"","ast-breadcrumbs-content":"","ast-featured-img":"","footer-sml-layout":"","theme-transparent-header-meta":"","adv-header-id-meta":"","stick-header-meta":"","header-above-stick-meta":"","header-main-stick-meta":"","header-below-stick-meta":"","astra-migrate-meta-layouts":"default","ast-page-background-enabled":"default","ast-page-background-meta":{"desktop":{"background-color":"var(--ast-global-color-4)","background-image":"","background-repeat":"repeat","background-position":"center center","background-size":"auto","background-attachment":"scroll","background-type":"","background-media":"","overlay-type":"","overlay-color":"","overlay-opacity":"","overlay-gradient":""},"tablet":{"background-color":"","background-image":"","background-repeat":"repeat","background-position":"center center","background-size":"auto","background-attachment":"scroll","background-type":"","background-media":"","overlay-type":"","overlay-color":"","overlay-opacity":"","overlay-gradient":""},"mobile":{"background-color":"","background-image":"","background-repeat":"repeat","background-position":"center center","background-size":"auto","background-attachment":"scroll","background-type":"","background-media":"","overlay-type":"","overlay-color":"","overlay-opacity":"","overlay-gradient":""}},"ast-content-background-meta":{"desktop":{"background-color":"var(--ast-global-color-5)","background-image":"","background-repeat":"repeat","background-position":"center center","background-size":"auto","background-attachment":"scroll","background-type":"","background-media":"","overlay-type":"","overlay-color":"","overlay-opacity":"","overlay-gradient":""},"tablet":{"background-color":"var(--ast-global-color-5)","background-image":"","background-repeat":"repeat","background-position":"center center","background-size":"auto","background-attachment":"scroll","background-type":"","background-media":"","overlay-type":"","overlay-color":"","overlay-opacity":"","overlay-gradient":""},"mobile":{"background-color":"var(--ast-global-color-5)","background-image":"","background-repeat":"repeat","background-position":"center center","background-size":"auto","background-attachment":"scroll","background-type":"","background-media":"","overlay-type":"","overlay-color":"","overlay-opacity":"","overlay-gradient":""}},"footnotes":""},"class_list":["post-745","page","type-page","status-publish","hentry"],"post_mailing_queue_ids":[],"_links":{"self":[{"href":"https:\/\/agora.xtec.cat\/ceipmiquelbaro\/wp-json\/wp\/v2\/pages\/745","targetHints":{"allow":["GET"]}}],"collection":[{"href":"https:\/\/agora.xtec.cat\/ceipmiquelbaro\/wp-json\/wp\/v2\/pages"}],"about":[{"href":"https:\/\/agora.xtec.cat\/ceipmiquelbaro\/wp-json\/wp\/v2\/types\/page"}],"author":[{"embeddable":true,"href":"https:\/\/agora.xtec.cat\/ceipmiquelbaro\/wp-json\/wp\/v2\/users\/1"}],"replies":[{"embeddable":true,"href":"https:\/\/agora.xtec.cat\/ceipmiquelbaro\/wp-json\/wp\/v2\/comments?post=745"}],"version-history":[{"count":4,"href":"https:\/\/agora.xtec.cat\/ceipmiquelbaro\/wp-json\/wp\/v2\/pages\/745\/revisions"}],"predecessor-version":[{"id":1627,"href":"https:\/\/agora.xtec.cat\/ceipmiquelbaro\/wp-json\/wp\/v2\/pages\/745\/revisions\/1627"}],"up":[{"embeddable":true,"href":"https:\/\/agora.xtec.cat\/ceipmiquelbaro\/wp-json\/wp\/v2\/pages\/589"}],"wp:attachment":[{"href":"https:\/\/agora.xtec.cat\/ceipmiquelbaro\/wp-json\/wp\/v2\/media?parent=745"}],"curies":[{"name":"wp","href":"https:\/\/api.w.org\/{rel}","templated":true}]}}

G.E.P. &#8211; Generació Plurilingüe

<section id="h.p_12yhBxABI3yG" class="yaqOZd">
<div class="mYVXT">
<div class="LS81yb VICjCf" tabindex="-1">
<div class="hJDwNd-AhqUyc-wNfPc purZT-AhqUyc-II5mzb pSzOP-AhqUyc-wNfPc JNdkSc">
<div class="JNdkSc-SmKAyb">
<div class="">
<div class="oKdM2c Kzv0Me">
<div id="h.p_OwaXAowZH86d" class="hJDwNd-AhqUyc-wNfPc pSzOP-AhqUyc-wNfPc jXK9ad D2fZ2 OjCsFc wHaque">
<div class="jXK9ad-SmKAyb">
<div class="tyJCtd OWlOyc baZpAe">
<div>
<div class="WIdY2d M1aSXe" style="text-align: center;">
<h3></h3>
<table style="border-collapse: collapse; width: 100%;">
<tbody>
<tr>
<td style="width: 26.4205%;" rowspan="2">
<h3><a href="https://agora.xtec.cat/ceipmiquelbaro/wp-content/uploads/usu2622/2023/08/logo-GEP-animat.gif"><img loading="lazy" decoding="async" class="alignnone wp-image-1598" src="https://agora.xtec.cat/ceipmiquelbaro/wp-content/uploads/usu2622/2023/08/logo-GEP-animat.gif" alt="" width="279" height="279" /></a></h3>
</td>
<td style="width: 73.5795%;">
<h3>El programa GEP promou l’increment del temps d’exposició de l’alumnat a les llengües estrangeres curriculars i acompanya els centres educatius en el procés de desplegament i consolidació d’un projecte lingüístic plurilingüe propi.</h3>
</td>
</tr>
<tr>
<td style="width: 73.5795%;">
<h3><iframe class="YMEQtf" src="https://www.youtube.com/embed/NyzzPVYdpf4" frameborder="0" sandbox="allow-scripts allow-popups allow-forms allow-same-origin allow-popups-to-escape-sandbox allow-downloads allow-modals" allowfullscreen="allowfullscreen" aria-label="YouTube Video, Generació plurilingüe (GEP). Programa d'innovació educativa" data-mce-fragment="1"></iframe></h3>
</td>
</tr>
</tbody>
</table>
</div>
</div>
</div>
</div>
</div>
</div>
</div>
</div>
</div>
<div class="hJDwNd-AhqUyc-OwsYgb purZT-AhqUyc-II5mzb pSzOP-AhqUyc-qWD73c JNdkSc yYI8W ">
<div class="JNdkSc-SmKAyb">
<div class="">
<div class="oKdM2c">
<div id="h.p_RnzynUBGI3yj" class="hJDwNd-AhqUyc-OwsYgb jXK9ad D2fZ2 wHaque GNzUNc">
<div class="jXK9ad-SmKAyb">
<div class="tyJCtd mGzaTb baZpAe">
<div class="CjVfdc">
<div class="PPhIP rviiZ">
<div class="U26fgb mUbCce fKz7Od LRAOtb Znu9nd M9Bg4d" role="presentation" aria-describedby="h.p_hsIZiutLI8kK_l" aria-label="Copia l'enllaç del títol" aria-disabled="false" data-tooltip="Copia l'enllaç del títol" aria-hidden="true" data-tooltip-position="top" data-tooltip-vertical-offset="12" data-tooltip-horizontal-offset="0">
<div class="VTBa7b MbhUzd"></div>
</div>
</div>
<h4 style="text-align: center;">La durada del programa és de tres cursos escolars.</h4>
<p>&nbsp;</p>
</div>
</div>
<table style="border-collapse: collapse; width: 100%;">
<tbody>
<tr>
<td style="width: 100%; background-color: #7af09c; text-align: center;">
<h2><strong>OBJECTIUS ESPECÍFICS DEL G.E.P.</strong></h2>
</td>
</tr>
</tbody>
</table>
</div>
</div>
</div>
</div>
</div>
</div>
</div>
</div>
</section>
<section id="h.p_i7ruUDkyHE1S" class="yaqOZd">
<div class="mYVXT">
<div class="LS81yb VICjCf" tabindex="-1">
<div class="hJDwNd-AhqUyc-uQSCkd purZT-AhqUyc-II5mzb pSzOP-AhqUyc-qWD73c JNdkSc">
<div class="JNdkSc-SmKAyb">
<div class="">
<div class="oKdM2c Kzv0Me">
<div id="h.p_g-ckrcElHE1G" class="hJDwNd-AhqUyc-uQSCkd jXK9ad D2fZ2 OjCsFc wHaque GNzUNc">
<div class="jXK9ad-SmKAyb">
<div class="tyJCtd mGzaTb baZpAe">
<div class="CjVfdc" style="text-align: left;">
<ul>
<li style="list-style-type: none;">
<ul>
<li style="list-style-type: none;">
<ul>
<li style="list-style-type: none;">
<ul style="list-style-type: square;">
<li>
<h4>Millorar la competència comunicativa en llengua estrangera</h4>
</li>
<li>
<h4>Desenvolupar competències clau per al s. XXI (bàsiques, del pensament i actitudinals o personals)</h4>
</li>
<li>
<h4>Fomentar el treball cooperatiu i per projectes</h4>
</li>
<li>
<h4>Adquirir estratègies per a l’aprenentatge autònom (aprendre a aprendre)</h4>
</li>
</ul>
</li>
</ul>
</li>
</ul>
</li>
</ul>
<p>&nbsp;</p>
</div>
</div>
</div>
<p><a href="https://agora.xtec.cat/ceipmiquelbaro/categoria/GEP/"><img loading="lazy" decoding="async" class="size-full wp-image-1604 aligncenter" src="https://agora.xtec.cat/ceipmiquelbaro/wp-content/uploads/usu2622/2023/08/LOGO-CPASULES.jpg" alt="" width="363" height="93" srcset="https://agora.xtec.cat/ceipmiquelbaro/wp-content/uploads/usu2622/2023/08/LOGO-CPASULES.jpg 363w, https://agora.xtec.cat/ceipmiquelbaro/wp-content/uploads/usu2622/2023/08/LOGO-CPASULES-300x77.jpg 300w" sizes="auto, (max-width: 363px) 100vw, 363px" /></a></p>
<div class="jXK9ad-SmKAyb">
<div class="tyJCtd mGzaTb baZpAe">
<div style="text-align: center;"></div>
</div>
</div>
</div>
</div>
</div>
</div>
</div>
</div>
</div>
</section>

<p>El programa GEP promou l’increment del temps d’exposició de l’alumnat a les llengües estrangeres curriculars i acompanya els centres educatius en el procés de desplegament i consolidació d’un projecte lingüístic plurilingüe propi. La durada del programa és de tres cursos escolars. &nbsp; OBJECTIUS ESPECÍFICS DEL G.E.P. Millorar la competència comunicativa en llengua estrangera Desenvolupar competències [&hellip;]</p>
