{"id":735,"date":"2022-03-07T05:21:15","date_gmt":"2022-03-07T04:21:15","guid":{"rendered":"https:\/\/agora.xtec.cat\/ceipmiquelbaro\/?page_id=735"},"modified":"2023-05-07T23:57:11","modified_gmt":"2023-05-07T21:57:11","slug":"la-festa-de-sant-jordi","status":"publish","type":"page","link":"https:\/\/agora.xtec.cat\/ceipmiquelbaro\/projectes\/la-festa-de-sant-jordi\/","title":{"rendered":"La Festa de Sant Jordi"},"content":{"rendered":"<p class=\"CDt4Ke zfr3Q\" dir=\"ltr\">El projecte de la Festa de Sant Jordi, \u00e9s un dels projectes m\u00e9s importants que portem a terme al nostre centre.<\/p>\n<p class=\"CDt4Ke zfr3Q\" dir=\"ltr\">Per la festa de Sant Jordi, decorem tota l&#8217;escola d&#8217;un tema en concret (cada any d&#8217;una tem\u00e0tica diferent), i estem preparant aquesta decoraci\u00f3 durant tot el primer trimestre i part del segon.<\/p>\n<p class=\"CDt4Ke zfr3Q\" dir=\"ltr\">Els alumnes, el dia de Sant Jordi, es vesteixen de hereu els nens i de pubilles les nenes, i realitzem un acte literari i musical al Casal del poble.<\/p>\n<p class=\"CDt4Ke zfr3Q\" dir=\"ltr\">A part de tot aix\u00f2, a l&#8217;escola realitzem les portes obertes per tal de qu\u00e8 els pares, mares, avis, \u00e0vies, puguin gaudir de la feina feta pels alumnes.<\/p>\n<p>&nbsp;<\/p>\n<table style=\"border-collapse: collapse; width: 100%;\">\n<tbody>\n<tr>\n<td style=\"width: 25%;\"><a href=\"https:\/\/agora.xtec.cat\/ceipmiquelbaro\/projectes\/la-festa-de-sant-jordi\/sant-jordi-2023\/\"><img loading=\"lazy\" decoding=\"async\" class=\"alignnone  wp-image-1469\" src=\"https:\/\/agora.xtec.cat\/ceipmiquelbaro\/wp-content\/uploads\/usu2622\/2023\/05\/sant_jordi_slider_832x468_rosa-2.jpg_1122827076.jpg\" alt=\"\" width=\"257\" height=\"145\" srcset=\"https:\/\/agora.xtec.cat\/ceipmiquelbaro\/wp-content\/uploads\/usu2622\/2023\/05\/sant_jordi_slider_832x468_rosa-2.jpg_1122827076.jpg 832w, https:\/\/agora.xtec.cat\/ceipmiquelbaro\/wp-content\/uploads\/usu2622\/2023\/05\/sant_jordi_slider_832x468_rosa-2.jpg_1122827076-300x169.jpg 300w, https:\/\/agora.xtec.cat\/ceipmiquelbaro\/wp-content\/uploads\/usu2622\/2023\/05\/sant_jordi_slider_832x468_rosa-2.jpg_1122827076-768x432.jpg 768w\" sizes=\"auto, (max-width: 257px) 100vw, 257px\" \/><\/a><\/td>\n<td style=\"width: 25%;\"><a href=\"https:\/\/sites.google.com\/a\/xtec.cat\/escolamiquelbaro\/activitats\/sant-jordi-2021-2022\" target=\"_blank\" rel=\"noopener\"><img loading=\"lazy\" decoding=\"async\" class=\"wp-image-908 aligncenter\" src=\"https:\/\/agora.xtec.cat\/ceipmiquelbaro\/wp-content\/uploads\/usu2622\/2022\/07\/santjordi2022-min-1024x791.jpeg\" alt=\"\" width=\"214\" height=\"165\" srcset=\"https:\/\/agora.xtec.cat\/ceipmiquelbaro\/wp-content\/uploads\/usu2622\/2022\/07\/santjordi2022-min-1024x791.jpeg 1024w, https:\/\/agora.xtec.cat\/ceipmiquelbaro\/wp-content\/uploads\/usu2622\/2022\/07\/santjordi2022-min-300x232.jpeg 300w, https:\/\/agora.xtec.cat\/ceipmiquelbaro\/wp-content\/uploads\/usu2622\/2022\/07\/santjordi2022-min-768x593.jpeg 768w, https:\/\/agora.xtec.cat\/ceipmiquelbaro\/wp-content\/uploads\/usu2622\/2022\/07\/santjordi2022-min-1536x1186.jpeg 1536w, https:\/\/agora.xtec.cat\/ceipmiquelbaro\/wp-content\/uploads\/usu2622\/2022\/07\/santjordi2022-min-2048x1582.jpeg 2048w\" sizes=\"auto, (max-width: 214px) 100vw, 214px\" \/><\/a><\/td>\n<td style=\"width: 25%;\"><a href=\"https:\/\/sites.google.com\/a\/xtec.cat\/escolamiquelbaro\/activitats\/sant-jordi-2020-2021\" target=\"_blank\" rel=\"noopener\"><img loading=\"lazy\" decoding=\"async\" class=\"alignnone size-full wp-image-909\" src=\"https:\/\/agora.xtec.cat\/ceipmiquelbaro\/wp-content\/uploads\/usu2622\/2022\/07\/SANT-JORDI-2021.jpg\" alt=\"\" width=\"898\" height=\"598\" srcset=\"https:\/\/agora.xtec.cat\/ceipmiquelbaro\/wp-content\/uploads\/usu2622\/2022\/07\/SANT-JORDI-2021.jpg 898w, https:\/\/agora.xtec.cat\/ceipmiquelbaro\/wp-content\/uploads\/usu2622\/2022\/07\/SANT-JORDI-2021-300x200.jpg 300w, https:\/\/agora.xtec.cat\/ceipmiquelbaro\/wp-content\/uploads\/usu2622\/2022\/07\/SANT-JORDI-2021-768x511.jpg 768w\" sizes=\"auto, (max-width: 898px) 100vw, 898px\" \/><\/a><\/td>\n<td style=\"width: 25%;\"><a href=\"https:\/\/sites.google.com\/a\/xtec.cat\/escolamiquelbaro\/activitats\/sant-jordi-2019-2020\" target=\"_blank\" rel=\"noopener\"><img loading=\"lazy\" decoding=\"async\" class=\"alignnone size-full wp-image-910\" src=\"https:\/\/agora.xtec.cat\/ceipmiquelbaro\/wp-content\/uploads\/usu2622\/2022\/07\/Captura-de-pantalla-2022-07-31-a-les-18.22.40.png\" alt=\"\" width=\"758\" height=\"426\" srcset=\"https:\/\/agora.xtec.cat\/ceipmiquelbaro\/wp-content\/uploads\/usu2622\/2022\/07\/Captura-de-pantalla-2022-07-31-a-les-18.22.40.png 758w, https:\/\/agora.xtec.cat\/ceipmiquelbaro\/wp-content\/uploads\/usu2622\/2022\/07\/Captura-de-pantalla-2022-07-31-a-les-18.22.40-300x169.png 300w\" sizes=\"auto, (max-width: 758px) 100vw, 758px\" \/><\/a><\/td>\n<\/tr>\n<\/tbody>\n<\/table>\n<table style=\"border-collapse: collapse; width: 100%;\">\n<tbody>\n<tr>\n<td style=\"width: 25%;\"><a href=\"https:\/\/sites.google.com\/a\/xtec.cat\/escolamiquelbaro\/activitats\/sant-jordi-2017-2018\" target=\"_blank\" rel=\"noopener\"><img loading=\"lazy\" decoding=\"async\" class=\"alignnone size-full wp-image-912\" src=\"https:\/\/agora.xtec.cat\/ceipmiquelbaro\/wp-content\/uploads\/usu2622\/2022\/07\/SANT-JORDI-2018.jpg\" alt=\"\" width=\"842\" height=\"410\" srcset=\"https:\/\/agora.xtec.cat\/ceipmiquelbaro\/wp-content\/uploads\/usu2622\/2022\/07\/SANT-JORDI-2018.jpg 842w, https:\/\/agora.xtec.cat\/ceipmiquelbaro\/wp-content\/uploads\/usu2622\/2022\/07\/SANT-JORDI-2018-300x146.jpg 300w, https:\/\/agora.xtec.cat\/ceipmiquelbaro\/wp-content\/uploads\/usu2622\/2022\/07\/SANT-JORDI-2018-768x374.jpg 768w\" sizes=\"auto, (max-width: 842px) 100vw, 842px\" \/><\/a><\/td>\n<td style=\"width: 25%;\"><a href=\"https:\/\/sites.google.com\/a\/xtec.cat\/escolamiquelbaro\/activitats\/sant-jordi-2016-2017\" target=\"_blank\" rel=\"noopener\"><img loading=\"lazy\" decoding=\"async\" class=\"wp-image-911 aligncenter\" src=\"https:\/\/agora.xtec.cat\/ceipmiquelbaro\/wp-content\/uploads\/usu2622\/2022\/07\/sant-jordi-2017-1024x960.jpg\" alt=\"\" width=\"191\" height=\"179\" srcset=\"https:\/\/agora.xtec.cat\/ceipmiquelbaro\/wp-content\/uploads\/usu2622\/2022\/07\/sant-jordi-2017-1024x960.jpg 1024w, https:\/\/agora.xtec.cat\/ceipmiquelbaro\/wp-content\/uploads\/usu2622\/2022\/07\/sant-jordi-2017-300x281.jpg 300w, https:\/\/agora.xtec.cat\/ceipmiquelbaro\/wp-content\/uploads\/usu2622\/2022\/07\/sant-jordi-2017-768x720.jpg 768w, https:\/\/agora.xtec.cat\/ceipmiquelbaro\/wp-content\/uploads\/usu2622\/2022\/07\/sant-jordi-2017-1536x1440.jpg 1536w, https:\/\/agora.xtec.cat\/ceipmiquelbaro\/wp-content\/uploads\/usu2622\/2022\/07\/sant-jordi-2017.jpg 1966w\" sizes=\"auto, (max-width: 191px) 100vw, 191px\" \/><\/a><\/td>\n<td style=\"width: 25%;\"><a href=\"https:\/\/sites.google.com\/a\/xtec.cat\/escolamiquelbaro\/activitats\/sant-jordi-2015-2016\" target=\"_blank\" rel=\"noopener\"><img loading=\"lazy\" decoding=\"async\" class=\"alignnone size-large wp-image-921\" src=\"https:\/\/agora.xtec.cat\/ceipmiquelbaro\/wp-content\/uploads\/usu2622\/2022\/07\/Captura-de-pantalla-2022-07-31-a-les-19.28.56-1024x449.png\" alt=\"\" width=\"1024\" height=\"449\" srcset=\"https:\/\/agora.xtec.cat\/ceipmiquelbaro\/wp-content\/uploads\/usu2622\/2022\/07\/Captura-de-pantalla-2022-07-31-a-les-19.28.56-1024x449.png 1024w, https:\/\/agora.xtec.cat\/ceipmiquelbaro\/wp-content\/uploads\/usu2622\/2022\/07\/Captura-de-pantalla-2022-07-31-a-les-19.28.56-300x131.png 300w, https:\/\/agora.xtec.cat\/ceipmiquelbaro\/wp-content\/uploads\/usu2622\/2022\/07\/Captura-de-pantalla-2022-07-31-a-les-19.28.56-768x337.png 768w, https:\/\/agora.xtec.cat\/ceipmiquelbaro\/wp-content\/uploads\/usu2622\/2022\/07\/Captura-de-pantalla-2022-07-31-a-les-19.28.56.png 1246w\" sizes=\"auto, (max-width: 1024px) 100vw, 1024px\" \/><\/a><\/td>\n<td style=\"width: 25%;\"><a href=\"https:\/\/sites.google.com\/a\/xtec.cat\/escolamiquelbaro\/activitats\/sant-jordi-2014-2015\" target=\"_blank\" rel=\"noopener\"><img loading=\"lazy\" decoding=\"async\" class=\"wp-image-913 aligncenter\" src=\"https:\/\/agora.xtec.cat\/ceipmiquelbaro\/wp-content\/uploads\/usu2622\/2022\/07\/SANT-JORDI-2015.jpg\" alt=\"\" width=\"169\" height=\"169\" srcset=\"https:\/\/agora.xtec.cat\/ceipmiquelbaro\/wp-content\/uploads\/usu2622\/2022\/07\/SANT-JORDI-2015.jpg 784w, https:\/\/agora.xtec.cat\/ceipmiquelbaro\/wp-content\/uploads\/usu2622\/2022\/07\/SANT-JORDI-2015-300x300.jpg 300w, https:\/\/agora.xtec.cat\/ceipmiquelbaro\/wp-content\/uploads\/usu2622\/2022\/07\/SANT-JORDI-2015-150x150.jpg 150w, https:\/\/agora.xtec.cat\/ceipmiquelbaro\/wp-content\/uploads\/usu2622\/2022\/07\/SANT-JORDI-2015-768x770.jpg 768w\" sizes=\"auto, (max-width: 169px) 100vw, 169px\" \/><\/a><\/td>\n<\/tr>\n<\/tbody>\n<\/table>\n<p>&nbsp;<\/p>\n<p dir=\"ltr\">\n","protected":false},"excerpt":{"rendered":"<p>El projecte de la Festa de Sant Jordi, \u00e9s un dels projectes m\u00e9s importants que portem a terme al nostre centre. Per la festa de Sant Jordi, decorem tota l&#8217;escola d&#8217;un tema en concret (cada any d&#8217;una tem\u00e0tica diferent), i estem preparant aquesta decoraci\u00f3 durant tot el primer trimestre i part del segon. Els alumnes, [&hellip;]<\/p>\n","protected":false},"author":1,"featured_media":0,"parent":589,"menu_order":0,"comment_status":"closed","ping_status":"closed","template":"page-templates\/side-menu.php","meta":{"_bbp_topic_count":0,"_bbp_reply_count":0,"_bbp_total_topic_count":0,"_bbp_total_reply_count":0,"_bbp_voice_count":0,"_bbp_anonymous_reply_count":0,"_bbp_topic_count_hidden":0,"_bbp_reply_count_hidden":0,"_bbp_forum_subforum_count":0,"site-sidebar-layout":"default","site-content-layout":"","ast-site-content-layout":"","site-content-style":"default","site-sidebar-style":"default","ast-global-header-display":"","ast-banner-title-visibility":"","ast-main-header-display":"","ast-hfb-above-header-display":"","ast-hfb-below-header-display":"","ast-hfb-mobile-header-display":"","site-post-title":"","ast-breadcrumbs-content":"","ast-featured-img":"","footer-sml-layout":"","theme-transparent-header-meta":"","adv-header-id-meta":"","stick-header-meta":"","header-above-stick-meta":"","header-main-stick-meta":"","header-below-stick-meta":"","astra-migrate-meta-layouts":"default","ast-page-background-enabled":"default","ast-page-background-meta":{"desktop":{"background-color":"var(--ast-global-color-4)","background-image":"","background-repeat":"repeat","background-position":"center center","background-size":"auto","background-attachment":"scroll","background-type":"","background-media":"","overlay-type":"","overlay-color":"","overlay-opacity":"","overlay-gradient":""},"tablet":{"background-color":"","background-image":"","background-repeat":"repeat","background-position":"center center","background-size":"auto","background-attachment":"scroll","background-type":"","background-media":"","overlay-type":"","overlay-color":"","overlay-opacity":"","overlay-gradient":""},"mobile":{"background-color":"","background-image":"","background-repeat":"repeat","background-position":"center center","background-size":"auto","background-attachment":"scroll","background-type":"","background-media":"","overlay-type":"","overlay-color":"","overlay-opacity":"","overlay-gradient":""}},"ast-content-background-meta":{"desktop":{"background-color":"var(--ast-global-color-5)","background-image":"","background-repeat":"repeat","background-position":"center center","background-size":"auto","background-attachment":"scroll","background-type":"","background-media":"","overlay-type":"","overlay-color":"","overlay-opacity":"","overlay-gradient":""},"tablet":{"background-color":"var(--ast-global-color-5)","background-image":"","background-repeat":"repeat","background-position":"center center","background-size":"auto","background-attachment":"scroll","background-type":"","background-media":"","overlay-type":"","overlay-color":"","overlay-opacity":"","overlay-gradient":""},"mobile":{"background-color":"var(--ast-global-color-5)","background-image":"","background-repeat":"repeat","background-position":"center center","background-size":"auto","background-attachment":"scroll","background-type":"","background-media":"","overlay-type":"","overlay-color":"","overlay-opacity":"","overlay-gradient":""}},"footnotes":""},"class_list":["post-735","page","type-page","status-publish","hentry"],"post_mailing_queue_ids":[],"_links":{"self":[{"href":"https:\/\/agora.xtec.cat\/ceipmiquelbaro\/wp-json\/wp\/v2\/pages\/735","targetHints":{"allow":["GET"]}}],"collection":[{"href":"https:\/\/agora.xtec.cat\/ceipmiquelbaro\/wp-json\/wp\/v2\/pages"}],"about":[{"href":"https:\/\/agora.xtec.cat\/ceipmiquelbaro\/wp-json\/wp\/v2\/types\/page"}],"author":[{"embeddable":true,"href":"https:\/\/agora.xtec.cat\/ceipmiquelbaro\/wp-json\/wp\/v2\/users\/1"}],"replies":[{"embeddable":true,"href":"https:\/\/agora.xtec.cat\/ceipmiquelbaro\/wp-json\/wp\/v2\/comments?post=735"}],"version-history":[{"count":3,"href":"https:\/\/agora.xtec.cat\/ceipmiquelbaro\/wp-json\/wp\/v2\/pages\/735\/revisions"}],"predecessor-version":[{"id":1470,"href":"https:\/\/agora.xtec.cat\/ceipmiquelbaro\/wp-json\/wp\/v2\/pages\/735\/revisions\/1470"}],"up":[{"embeddable":true,"href":"https:\/\/agora.xtec.cat\/ceipmiquelbaro\/wp-json\/wp\/v2\/pages\/589"}],"wp:attachment":[{"href":"https:\/\/agora.xtec.cat\/ceipmiquelbaro\/wp-json\/wp\/v2\/media?parent=735"}],"curies":[{"name":"wp","href":"https:\/\/api.w.org\/{rel}","templated":true}]}}

<p class="CDt4Ke zfr3Q" dir="ltr">El projecte de la Festa de Sant Jordi, és un dels projectes més importants que portem a terme al nostre centre.</p>
<p class="CDt4Ke zfr3Q" dir="ltr">Per la festa de Sant Jordi, decorem tota l&#8217;escola d&#8217;un tema en concret (cada any d&#8217;una temàtica diferent), i estem preparant aquesta decoració durant tot el primer trimestre i part del segon.</p>
<p class="CDt4Ke zfr3Q" dir="ltr">Els alumnes, el dia de Sant Jordi, es vesteixen de hereu els nens i de pubilles les nenes, i realitzem un acte literari i musical al Casal del poble.</p>
<p class="CDt4Ke zfr3Q" dir="ltr">A part de tot això, a l&#8217;escola realitzem les portes obertes per tal de què els pares, mares, avis, àvies, puguin gaudir de la feina feta pels alumnes.</p>
<p>&nbsp;</p>
<table style="border-collapse: collapse; width: 100%;">
<tbody>
<tr>
<td style="width: 25%;"><a href="https://agora.xtec.cat/ceipmiquelbaro/projectes/la-festa-de-sant-jordi/sant-jordi-2023/"><img loading="lazy" decoding="async" class="alignnone  wp-image-1469" src="https://agora.xtec.cat/ceipmiquelbaro/wp-content/uploads/usu2622/2023/05/sant_jordi_slider_832x468_rosa-2.jpg_1122827076.jpg" alt="" width="257" height="145" srcset="https://agora.xtec.cat/ceipmiquelbaro/wp-content/uploads/usu2622/2023/05/sant_jordi_slider_832x468_rosa-2.jpg_1122827076.jpg 832w, https://agora.xtec.cat/ceipmiquelbaro/wp-content/uploads/usu2622/2023/05/sant_jordi_slider_832x468_rosa-2.jpg_1122827076-300x169.jpg 300w, https://agora.xtec.cat/ceipmiquelbaro/wp-content/uploads/usu2622/2023/05/sant_jordi_slider_832x468_rosa-2.jpg_1122827076-768x432.jpg 768w" sizes="auto, (max-width: 257px) 100vw, 257px" /></a></td>
<td style="width: 25%;"><a href="https://sites.google.com/a/xtec.cat/escolamiquelbaro/activitats/sant-jordi-2021-2022" target="_blank" rel="noopener"><img loading="lazy" decoding="async" class="wp-image-908 aligncenter" src="https://agora.xtec.cat/ceipmiquelbaro/wp-content/uploads/usu2622/2022/07/santjordi2022-min-1024x791.jpeg" alt="" width="214" height="165" srcset="https://agora.xtec.cat/ceipmiquelbaro/wp-content/uploads/usu2622/2022/07/santjordi2022-min-1024x791.jpeg 1024w, https://agora.xtec.cat/ceipmiquelbaro/wp-content/uploads/usu2622/2022/07/santjordi2022-min-300x232.jpeg 300w, https://agora.xtec.cat/ceipmiquelbaro/wp-content/uploads/usu2622/2022/07/santjordi2022-min-768x593.jpeg 768w, https://agora.xtec.cat/ceipmiquelbaro/wp-content/uploads/usu2622/2022/07/santjordi2022-min-1536x1186.jpeg 1536w, https://agora.xtec.cat/ceipmiquelbaro/wp-content/uploads/usu2622/2022/07/santjordi2022-min-2048x1582.jpeg 2048w" sizes="auto, (max-width: 214px) 100vw, 214px" /></a></td>
<td style="width: 25%;"><a href="https://sites.google.com/a/xtec.cat/escolamiquelbaro/activitats/sant-jordi-2020-2021" target="_blank" rel="noopener"><img loading="lazy" decoding="async" class="alignnone size-full wp-image-909" src="https://agora.xtec.cat/ceipmiquelbaro/wp-content/uploads/usu2622/2022/07/SANT-JORDI-2021.jpg" alt="" width="898" height="598" srcset="https://agora.xtec.cat/ceipmiquelbaro/wp-content/uploads/usu2622/2022/07/SANT-JORDI-2021.jpg 898w, https://agora.xtec.cat/ceipmiquelbaro/wp-content/uploads/usu2622/2022/07/SANT-JORDI-2021-300x200.jpg 300w, https://agora.xtec.cat/ceipmiquelbaro/wp-content/uploads/usu2622/2022/07/SANT-JORDI-2021-768x511.jpg 768w" sizes="auto, (max-width: 898px) 100vw, 898px" /></a></td>
<td style="width: 25%;"><a href="https://sites.google.com/a/xtec.cat/escolamiquelbaro/activitats/sant-jordi-2019-2020" target="_blank" rel="noopener"><img loading="lazy" decoding="async" class="alignnone size-full wp-image-910" src="https://agora.xtec.cat/ceipmiquelbaro/wp-content/uploads/usu2622/2022/07/Captura-de-pantalla-2022-07-31-a-les-18.22.40.png" alt="" width="758" height="426" srcset="https://agora.xtec.cat/ceipmiquelbaro/wp-content/uploads/usu2622/2022/07/Captura-de-pantalla-2022-07-31-a-les-18.22.40.png 758w, https://agora.xtec.cat/ceipmiquelbaro/wp-content/uploads/usu2622/2022/07/Captura-de-pantalla-2022-07-31-a-les-18.22.40-300x169.png 300w" sizes="auto, (max-width: 758px) 100vw, 758px" /></a></td>
</tr>
</tbody>
</table>
<table style="border-collapse: collapse; width: 100%;">
<tbody>
<tr>
<td style="width: 25%;"><a href="https://sites.google.com/a/xtec.cat/escolamiquelbaro/activitats/sant-jordi-2017-2018" target="_blank" rel="noopener"><img loading="lazy" decoding="async" class="alignnone size-full wp-image-912" src="https://agora.xtec.cat/ceipmiquelbaro/wp-content/uploads/usu2622/2022/07/SANT-JORDI-2018.jpg" alt="" width="842" height="410" srcset="https://agora.xtec.cat/ceipmiquelbaro/wp-content/uploads/usu2622/2022/07/SANT-JORDI-2018.jpg 842w, https://agora.xtec.cat/ceipmiquelbaro/wp-content/uploads/usu2622/2022/07/SANT-JORDI-2018-300x146.jpg 300w, https://agora.xtec.cat/ceipmiquelbaro/wp-content/uploads/usu2622/2022/07/SANT-JORDI-2018-768x374.jpg 768w" sizes="auto, (max-width: 842px) 100vw, 842px" /></a></td>
<td style="width: 25%;"><a href="https://sites.google.com/a/xtec.cat/escolamiquelbaro/activitats/sant-jordi-2016-2017" target="_blank" rel="noopener"><img loading="lazy" decoding="async" class="wp-image-911 aligncenter" src="https://agora.xtec.cat/ceipmiquelbaro/wp-content/uploads/usu2622/2022/07/sant-jordi-2017-1024x960.jpg" alt="" width="191" height="179" srcset="https://agora.xtec.cat/ceipmiquelbaro/wp-content/uploads/usu2622/2022/07/sant-jordi-2017-1024x960.jpg 1024w, https://agora.xtec.cat/ceipmiquelbaro/wp-content/uploads/usu2622/2022/07/sant-jordi-2017-300x281.jpg 300w, https://agora.xtec.cat/ceipmiquelbaro/wp-content/uploads/usu2622/2022/07/sant-jordi-2017-768x720.jpg 768w, https://agora.xtec.cat/ceipmiquelbaro/wp-content/uploads/usu2622/2022/07/sant-jordi-2017-1536x1440.jpg 1536w, https://agora.xtec.cat/ceipmiquelbaro/wp-content/uploads/usu2622/2022/07/sant-jordi-2017.jpg 1966w" sizes="auto, (max-width: 191px) 100vw, 191px" /></a></td>
<td style="width: 25%;"><a href="https://sites.google.com/a/xtec.cat/escolamiquelbaro/activitats/sant-jordi-2015-2016" target="_blank" rel="noopener"><img loading="lazy" decoding="async" class="alignnone size-large wp-image-921" src="https://agora.xtec.cat/ceipmiquelbaro/wp-content/uploads/usu2622/2022/07/Captura-de-pantalla-2022-07-31-a-les-19.28.56-1024x449.png" alt="" width="1024" height="449" srcset="https://agora.xtec.cat/ceipmiquelbaro/wp-content/uploads/usu2622/2022/07/Captura-de-pantalla-2022-07-31-a-les-19.28.56-1024x449.png 1024w, https://agora.xtec.cat/ceipmiquelbaro/wp-content/uploads/usu2622/2022/07/Captura-de-pantalla-2022-07-31-a-les-19.28.56-300x131.png 300w, https://agora.xtec.cat/ceipmiquelbaro/wp-content/uploads/usu2622/2022/07/Captura-de-pantalla-2022-07-31-a-les-19.28.56-768x337.png 768w, https://agora.xtec.cat/ceipmiquelbaro/wp-content/uploads/usu2622/2022/07/Captura-de-pantalla-2022-07-31-a-les-19.28.56.png 1246w" sizes="auto, (max-width: 1024px) 100vw, 1024px" /></a></td>
<td style="width: 25%;"><a href="https://sites.google.com/a/xtec.cat/escolamiquelbaro/activitats/sant-jordi-2014-2015" target="_blank" rel="noopener"><img loading="lazy" decoding="async" class="wp-image-913 aligncenter" src="https://agora.xtec.cat/ceipmiquelbaro/wp-content/uploads/usu2622/2022/07/SANT-JORDI-2015.jpg" alt="" width="169" height="169" srcset="https://agora.xtec.cat/ceipmiquelbaro/wp-content/uploads/usu2622/2022/07/SANT-JORDI-2015.jpg 784w, https://agora.xtec.cat/ceipmiquelbaro/wp-content/uploads/usu2622/2022/07/SANT-JORDI-2015-300x300.jpg 300w, https://agora.xtec.cat/ceipmiquelbaro/wp-content/uploads/usu2622/2022/07/SANT-JORDI-2015-150x150.jpg 150w, https://agora.xtec.cat/ceipmiquelbaro/wp-content/uploads/usu2622/2022/07/SANT-JORDI-2015-768x770.jpg 768w" sizes="auto, (max-width: 169px) 100vw, 169px" /></a></td>
</tr>
</tbody>
</table>
<p>&nbsp;</p>
<p dir="ltr">

<p>El projecte de la Festa de Sant Jordi, és un dels projectes més importants que portem a terme al nostre centre. Per la festa de Sant Jordi, decorem tota l&#8217;escola d&#8217;un tema en concret (cada any d&#8217;una temàtica diferent), i estem preparant aquesta decoració durant tot el primer trimestre i part del segon. Els alumnes, [&hellip;]</p>
