{"id":555,"date":"2021-07-05T01:45:48","date_gmt":"2021-07-04T23:45:48","guid":{"rendered":"https:\/\/agora.xtec.cat\/ceipmiquelbaro\/?page_id=555"},"modified":"2025-09-24T01:01:50","modified_gmt":"2025-09-23T23:01:50","slug":"horari","status":"publish","type":"page","link":"https:\/\/agora.xtec.cat\/ceipmiquelbaro\/lescola\/horari\/","title":{"rendered":"Horari"},"content":{"rendered":"<table class=\" aligncenter\" style=\"height: 140px;\" width=\"757\">\n<tbody>\n<tr style=\"height: 10px;\">\n<td style=\"height: 10px; width: 370.176px; text-align: center;\">\n<div class=\"JNdkSc-SmKAyb\">\n<div class=\"\">\n<div class=\"oKdM2c Kzv0Me\">\n<div id=\"h.7460fc13cbd05ab2_449\" class=\"hJDwNd-AhqUyc-qWD73c jXK9ad D2fZ2 OjCsFc GNzUNc\">\n<div class=\"jXK9ad-SmKAyb\">\n<div class=\"tyJCtd mGzaTb baZpAe\">\n<h4 class=\"CjVfdc\">HORARI ESCOLAR<\/h4>\n<\/div>\n<\/div>\n<\/div>\n<\/div>\n<\/div>\n<\/div>\n<\/td>\n<td style=\"height: 10px; width: 380.566px; text-align: center;\">\n<h4>HORARI DE TUTORIES<\/h4>\n<\/td>\n<\/tr>\n<tr style=\"height: 78px;\">\n<td style=\"height: 78px; width: 370.176px; text-align: center;\">\n<h5 class=\"CjVfdc\">Mat\u00ed: de 9:00 a 12:30<\/h5>\n<h5 class=\"CjVfdc\">Tarda: de 15:00 a 16:30<\/h5>\n<\/td>\n<td style=\"height: 78px; width: 380.566px; text-align: center;\">\n<h5>Cada tutor\/a facilitar\u00e0 l&#8217;horari de tutoria a les fam\u00edlies<\/h5>\n<\/td>\n<\/tr>\n<\/tbody>\n<\/table>\n<p>&nbsp;<\/p>\n<hr \/>\n<h4><img loading=\"lazy\" decoding=\"async\" class=\"aligncenter\" src=\"data:image\/jpeg;base64,\/9j\/4AAQSkZJRgABAQAAAQABAAD\/2wCEAAkGBxISERUQEhIWFhUVFRcXFRgXExYVFRcVIBkaGh0ZFxcYHSggGBolGxgXITEhJSkrLi4uFyAzODMtNygtLisBCgoKDg0OGxAQGy0lHyYtLS8tLS0vLi0tLS0tLS0tLS0tNS0vLS0tLS0tLS0tLS0tLS0tLS0vLS0rLS0tLS0tLf\/AABEIAIcBdQMBIgACEQEDEQH\/xAAcAAACAgMBAQAAAAAAAAAAAAAABgQFAgMHAQj\/xABMEAABAwICBAgICwcDAwUAAAABAAIDBBESIQUGMUETFiJRYXGBkTJSYpKhsdHhBxQVM0JTcnOTwdIjNIKissLwQ2PiJMPyRHSEs\/H\/xAAaAQACAwEBAAAAAAAAAAAAAAAAAQIDBAUG\/8QANxEAAgECAwQIBQMEAwEAAAAAAAECAxEEITESUWGRBRMUQXGBsfAVMqHB0SJi4UJSsvEjM3IG\/9oADAMBAAIRAxEAPwBvftPWVisn7T1lYrSZwQhCABCEIAEK5oW3jeN3B+m11TJJ3G1YEIUij8I9A\/MIYiOhWWnBy29LBfvKrUJ3Q3kwQhXNM39jIN3Bg9uEm\/ehuwJXKZCEJiBCk0XhHq\/MKTpwDhetoJ67lK+dh2yuVqEITECFcxNHASDmaCOu11TJJ3G1YEIUvR\/hHs9aGJERCsNNNAlNt4BPWq9Cd0N5MEIV0WjgJBzWt0IbsCVylQhCYgQpmjfCv0j1r3TDQJnW6D6Er52HbK5CQhCYgQrmVo4B\/QRbozGxUySdxtWBCFO0X4X8TfWUN2QkQUKXpVoEzrdHqCiIQ2CEK5qW\/sHdDxbo2DLsQ3YErlMhCExAhCEAb6bf2IRTb+xCQ0an7T1lYrJ+09ZWKYha1j1lML+BiALgAXOdmBfMAAbTax7VS8b6nyPM96iaz\/vc32h\/SFWKLYi+431PkeZ70cb6nyPM96oUIA7LoStc6gdObYvixfsyuGk7ObJc3Gt9T5Hme9TNHa7CGgdR8A8y8E6Frrt4KxBaHuN8QIB8G2ZG0XyVWCwA5goolJ6F\/wAb6nyPM96vdTdPzT1Bjkw24Jzsm2Nw5nT0pEVhq9pX4rUNnLC9uBzHBpGKzsJu2+RILRkbJiWo8fCLp2anqI2R4bGFrjdtzfG8c\/QlXjfU+R5nvWjW3T3x6pE7Y3RsbG2NgdbGbFzi5wBIGbrWudiqEK9glqX3G+p8jzPeui0de75NkqMsfxPhNnJxcCXbOa644U0Q65hujXUHAP4V1P8AF8V28FgwmPHe+K+E3w2270PMcWReN9T5Hme9HG+p8jzPeqEBCZEftS9PTTzvjkw2ERcLNsbh7Bz+UpHwiafmgq2xx4bcCx2bbm5c8c\/QkrVvS4pKjh3Mc9pjdG4NtiAJa7E0GwJuwC1xtWzWvTnx2qNSIzG3g2Rsa4guwtLnXdbIG7zkCdij3kr5EnjfU+R5nvRxvqfI8z3qhXjhcWUiJ2g1rho2WcWxfFmv2ZYuDvs5rrm3G+p8jzPepkuuwOjnUPAP4V8LYXPu3gg0NwF4N8RJbnhtkTtKVVFZEpMvuN9T5Hme9Mmo+nJaiZ7JMNgwOFm2N8QHP0rnqtdV9NijnMrmOexzMDgy2McoOBaHEA7LWuNvQmxIbvhA1gmgrODjw24Nhzbc3N+noS1xvqfI8z3qHrPpn45VPqcBY0tYxjSQXYW3zdbK5JOQVahXsEtS9Ot9T5Hme9dL0jWOZo+aZtsQja4XGVzbd2risjbgjnBCbNIa78LQOoxA8SvYxj3kt4IAWu5tjiJNsgQLX2m2akOLIfG+p8jzPejjfU+R5nvVChSInR9RNNS1EkjZMPJDCLNttJ6VG171hnhrXxsw4Q1hzbc5tB50s6p6eFFM6R8bnse1oOC2NpaSQQHEAjMg5jd2x9YtLmrqpKnBgD8Ia0m5DWtAGIjK529F7KOdyV8idxvqfI8z3rx2t9TY\/N+Z71RLCZmJpbzghSInadPVrotHzzNtiGAi4uM3sGztXN+N9T5Hme9TNN67iooTSNge2STg+EcS3g2hpa44CDd1y3eBa++yVVFEpMvuN9T5Hme9NeoGmZah8gkw8gxWsLbS+98+gLmyutUNYW0Mr3vje9kgZfBhxtcwuIycQCDjO\/KwTego6l\/rrrJPFXTRMwYW4LXbc5xsOZv0qk431PkeZ71Xac0kaqqmqizBwrgQ29yGtY1guechoJ61CQr2Bl67W+p\/2\/M966TrVWuh0fNKy2IPZa4uM3sGztXFp2YmlvOLJu1j12FVR\/FWwPY572Olc4twNwua60ZBu67mjaBkhjTyZC431PkeZ7163W+pv\/pnowH8iqBCZE6hoXSbaiISAWN7OG2zh07xmD2qaljUH5mT7z+0JnTGb6bf2IRTb+xCBo1P2nrKxWT9p6ysUxHPdLQY697DsLxfqDQT6ljp\/R9v2zfBPhDmPP1H19aNM1HB10j7Xs7MdGEAqz0053xFtQ1pMcruDa7LIgm9xtHguHYstTbVSLSy93OnhVh5YSpGo0parfksrb89rm\/FKaF4F6rzlgheKw1douHqoITaz5G4ubADid\/KCgCAV4mf4SNFNgrXOZbg5hwjQLWDr2e3zuV\/GEroTurjas7Hq9WN1a0WgnvGJ54NvT4Xdu7UpSUdSylRqVXaCv8AbxbyXmVa9V\/8iwfWm\/2fd+aiVegntGJhD2+Tk7u39ij1iWt14pot7HUabhsytrsyjJrxSbZVoQEKZlBCEzatavU9TBNNJUPjMAxyNEWIBliQQb5nkuy6EDQsoVloGginqWwPlcxr3YGODMRLi4BoIvkDfbuUrTWgWx1goqd7pX3aw4mYLSE7Np5IBab9J5kBYo0JwrNXdHUz+Bqa9\/Ci2MRQksYTnYmxv6+gKr1l1dNJwb2ytmgmGKKRotcZZEXNjYjfn0Wsi4WKNCc6zVagiihmkrpGsnaXRf8ATOJIFr3DSbeENvOqrWDVwQQxVUM7Z4JSWteGFhDhfkuaSfFd5pyCLhYoUK41U0H8cmMbn8GxkbpJH2vhaLc5G8jsutetGhjR1LqfFiADXMda2JpF7267jsQFirQmnQurdLNRurJap8YjcGygQl4aS4BtrG7rhzdg39C8n1XgkglqKOrE4gGKVjoXRPDcziGLbkCdn0TnuRcLCuhMuqmrsFXHK58743QtL3NEWIcGB4V7i5viy6Fp1e1eZVPncZuDpqcFz5SzlFl3YbN3EtaTvtzFFwsUCE46L1YoKuZsVNWvxZlzZISHFoG2M5AkG2Rztc7knIAEIQgQLy6LoQAL1eXQgD1CmaP0fwu19gCBsuVew6vwjaHO6zYfy2VM68Iuz1OhQ6MxFaKnFJJ6NvXld80hVupVJo2aX5uJ7ukMNvO2JwpNHtBtHEL9Dbu9qcKRrhGwPBa4NAIcCDllsKx18e4RvGN\/E1T6HdNJznnuX85\/Q47VUj47cI21xcZg+paE06801jfxZHDsdmPUEqhbaNTrIKRgxuHVCs4R0yavrmvzcd9QfmZPvP7QmdLGoPzMn3n9oTOr0ZTfTb+xCKbf2IQNGp+09ZWKyftPWVimI5prN+9zfaH9IT\/qLSsq9ES0shAAkkbc\/RNmyNd2ON+xIGs373N9of0hS9WKkguiJyOYG6+wm3Ps7lTVlsxcjRhKSq1Y027Xy3\/g3aH0ZGBd4DpGPcxwvia1wNstx579Kg6w0eB4e0Wa\/cNgcPaM+wq0pyI60NcbMnsOp+wfkP4k16X0MyWnfCAASLtO8PGbST15dRK5dbGqhVi5XtLkl\/D95nVrqisO8Oo\/ri9ctVo2\/wB0bPz4HKSrTVaS1ZAfLt3gj81WPaQSCLEEgjeCNoPapOh5MNRC7mmjP84XTqq8JLg\/Q4lJ2nF8V6jb8J0f7u\/pkb34D+RSPddB+Exn\/TxO5pgO9j\/YudrL0a74eK3X9W\/uaccrVnxt+PsXurtGDeZ4u1hs0c7ufsy7T0K7jZj5Ts+Yc3SVCoBakjtvLifO\/wA7ltgqC3LaF08JGN3Ue9pcEveZj6TnONOGHhktmMnxlJXz8FZLce1UIba2wrCGQtNx7+xE0xcVgtMknddxzaUpwaknaS0a1IWsNI0WnYLB5s4czuftse0dKpkzVwvSyA7sJHXiSw071zorZbhudvLVHbxLU9islbbjd202rtSt4tX8zJOvweRtdTaSa9\/BsdAwOfhLsDSJbuwjN1hnZJKc9TJadlJVslqo43VMfBNa4Ou2weMRsMwce7mU2Z1qZ6A0NQtqoHM0mHuE0Zaz4pK3G4PFm4i6zbnK\/SpVML6x5\/Wv\/wDoclfVcRtrInyTMjZFI2TG4GzsDwbC2dyNitdM6Vjh0qK6GRszC8SHBcWFsDmcq3Kwgnm5QSHfIodPOJqqgnaZ5b\/iOTFpQ30FRk7qmQDqvNl\/nMtuldD0FVM+ph0jFE2Vxe5krSHtcTd1gSL53NvSVD1u0pTmCnoKVxfFBdzpCCA+Q3uQOtzz\/FlsQFtS90rohtTQaNDqmCAthNuGfhx3Efg89rC\/2gq\/XNjKSig0XjL5WyGeR2AtaAcdgL7c3EZX8A3tsWvXCSmfRUkUVVHI+mYWOa0Ou\/FgF23GQGHfzor6qnrqKnMtSyKpgBjdjDjjjyAOQzNg09eNAyRqzouYaKqZIY3PlqnCFobt4IZOPQM5B2BY68aPlNDR1M0bmSxt+LzBw5WV8DjbccLj\/Gtet2ko2U9JDR1l2wsLHCJz2Oc4gEvdawtcd7ivdXa6KWhqaerrADK4cFwpke5j22IdfPkk4ch4rudHEOBu1SpBLomsjdKyIOmju+Q2Y2xjOZ6bW6yFug0fHo2hqZXTsmNXHwMPBAujvZ4vj2byd3gHaVC0M+mGi6imfVxNkneHgEPu3A5uRy2uDLj7QUbVjSEMlFUaPqZRE1xEkD3AkNk3jLdcDsc9AG\/4OPBrv\/aP9TlB1O01BCyopqrEIalgaXMF3MIxZ22\/S5jm0ZHNWOpEtNA2r4WrjaZWPgYCHZjdJs8E32bclF0EaIUtVS1E4aXTMEUrWFxs0m0gG3ASBcbbOQIk0+qUchL9G6QbJI0FzWcqGa2w2cDffbYBnmc0lEbth6dqe9Xaaj0fN8cfXxTYGuwRwgl7iRbPPLInI5XtmLKPojUCqrWCrxwxsmLni7nOcLuO4Nt6UXsFr6CYV4uo0vwRD\/UrCehkIHpc4+pWtN8FVC3w3TSdcjWj+RoPpRtINhnGSViXDnsu+U+o+jIv\/TsP3j3yf1uIU74tR08bnshha1oucETBcbLZDMm9u1La3D2Las+ds17dT9I6Je2R2ADBiJaARcNubAjntbZdQHxub4TSOsFWOLWqK4yjL5XctNAP5T232gHuv7V1rVGhglgEjo2ufiIcXcrpGRy2ELjWipLSs6TbvFvXZPWjdISsjLGSOaCc8Jtn1jNc+s1Crdq90emwMZ4jAdXCVnGTzz0efdvv9zp3IjH0WN7GhUmkqyJzi5sjXBo5RBuBt3hJckhcbuJJ5ybnvK8vlbcs+IqddDYtZFlDolU5bTnd+Fvy\/QNc4Q+N5aQQWB1xnm05+gelc9YugFoIIO8WKQCzC4tO0E36wbLTgf0w2N3v7GLpqjsOnLg1yzXqx41B+Zk+8\/tCZ0sag\/Myfef2hM63o4hvpt\/YhFNv7EIGjU\/aesrFZP2nrKxTEc01m\/e5vtD+kKLQT4JGu5tvUcj6CpWs\/wC9zfaH9IVYVBq+THCbhJSWqz80MutEGKMSDaw+g5H027k4asaU+MU7XE8scl\/2hv7RY9qWKR3DU9jvaWnrva\/5qu1L0lwFQGONmych19z78k99x\/EuNicO6uHcf6oO6+\/P1sjt9I2VaFaPyzS5\/wCmiTr7ovg5hO0cmXwuiQD8xn1gpXjkwkO5iD3G667pzRwqIHxHIkck8zxm09\/ouuQTMIJa4WIJBHMRkR3q7onEdbS2HrHLy7vp9n3nIxENmV13+p0z4Q2XoieZ7D6bfmqf4O9XIqllRJMW5sdFE0uAPCOGbwNvJ5IB8o8yvNaRwmjHO5443\/zMckOgFogT0n0qvAVNjDv\/ANW+iN2JpqddeH3ZYavS46cwnJ8e7fY+\/EO5bgleiqnRuD2mxHcRzHoTZR1TKlpcLsc3wwfB6779hXXhV6lva+Vu99z77++BjqYd4yEOr\/7Iq1nltRWjXdtJZNZXWfc760FSviR24hbnyUSo0hBB9ISP3BuQB6TsH+ZK14qn\/S7vcvdkZ10TiU71VsR75Sat5LV8EtXu1Nen5sFOIvpSZnoaDf8AIDvS6Niyqql0ry95zPcBut0LbFRyOzDHEc9su85KiN1nLVu\/mzRXmqkkqaezFJLfsrvfjm33I0r1EjC0kOFjvWcETnuaxgLnOIa1ozJJNgB03UzOYK8qtFRwULJpr\/GKkh0DL2DIAReR434tgHMb7imXQ2pVK1z21Ur3OgbwlTweEQQgDFwcjyCXvIBuG2sL7MifNIUEMzRpWv4fg5rcHHA1uGGHNsbZHuyuchhbsLrnblG+4nsnPk3aoarRyhs9W5zYnB5Y1pDSY2D9pM9x8GJuQvtLnDYNtHoTRoqquOnZcNkktmQXCPMkkjIuDAe0Jk1700xpfRwEfRZM5vgtjZlHTM8hm13O9x3ZIe4S3lDpzQvxdkMuMH4w10jIyCJWR35BkHOQeYZg2uqhOQ1epqemjq691S\/hY2ubwLW4GgsuxrpH+E4gbshax3X2y6v0lBg+PQ1M5IBkdGHMpo7jwWyCxkdew2gdWxFw2RIQm9mg6GN7H1b5IxUOxQwNcA6Knc44X1Ejr4eTuGeW0520M0FTMBqZXSmCSV0dHEwN+MVNnYQ7MWay9he1zfdld3FYWoIHSPbGxpc9xDWtG0uOQATTp3V2mpaLGXufUGXgwQRwRc351rBa7mMPJL\/Hyy2Jh0fq5T0c1ZUNmc2Ona2MSOwl8Uj2gyYSBYytY5rW2B5UtrGygTaHbVyQvqTJEJgGUVJCGmVsA2PeX8ljbXc4m5OfMGpXJKIgoVjrFRQwVMkEL3SNjOEudbN4yda24OuOxVyZA8XcPgrnL9GRtvmx8rb7bcsuHocFw8lda+BaYGmqIvFmDrdDmAf2FRloThqPzmgeFIfOa31ALD9lzl3a5\/tWTS0eDEfMDfXZbMb9zAOt3sBUSw1tLR4MR80N9dlQa71ThThmG2NwG0E2HK2DpDUxWk52jsJ\/MJF1+qTwrWF18EZdsAzcdnc0d6tw6vURmxctmjLjlzKaj1XnqY+HjLLFzgA4kEgG1wbW2g9yg1mr1VH4UD7c7RjH8l\/SmPV\/XCGKGOB8bxgFsTbOBO0ki4IuSTvTLSax0kngzsB5nHAf5rXVrqVE3dFMaNGUUr5296nPdXtAwyh7pYgbOaBtaQRmc22O9q26UgZFK2OO\/KFzcg2zOzLmCeK7lvJbnawFs75KofoBzqvhi0OYGWeHHMGxGQ3+8rkQUq+JnOXy2dl3X+Vad102\/Q7lKvLC0YQpt3utrTRfqeuV7Oy8cnkLNlLh0dI5+C1nBuKzssv8KaqXV4YBG9xLXOx5DCW7LC5vfr6VaM0ay5cQMVrB1uUG811KOG\/u97zo1+mFmqS32fLZfdlrdeGpzctskzTkWGof0kOHaM\/Tddn1yprwNeP9NwH8Jy9eFcl1tis+N\/O0tPYb\/wBx7k6Merq7O9Cx1RYrBdala0tNbd2uW9dxe6g\/Myfef2hM6WNQfmZPvB\/SEzronnDfTb+xCKbf2ISGjU\/aesrFZP2nrKxTEc01m\/e5vtD+kKsVnrP+9zfaH9IVYosRf6rz+FH\/ABD1H8u9VunIME7uZ1nDt2+kFY6HnwTNPOcJ7ffZWutUN2skH0TY9R94HesvyV77\/f2Oyv8An6Nt3039P9P6DlqrpT4xTtcTy28l\/wBob+0WPelLX\/RfByioaOTLk7okA\/uaP5TzqLqdpTgKgNJ5Etmu5gfonvNupxT\/AKboW1ED4iQMQyPM4Zg9h\/NcWa7BjFJfI\/R68ne3lvMa\/wCWnbvIJ5eif\/ielsfuSG3KD+D8k\/avgu0cI3ZODJY3DmIc9lvQuf1htDboA9S04dWnKH7\/AMmuq\/0qf7SpamCT9hQ2+lMc+q\/6QPOVPRU+N4bu2k77b\/8AOlWGs9Rjla0eC0C3Wcz6gOxdapFyccsr5+XcY8NVhThUlf8AVayXf+rJvyXfvZFo9FB4DibX6LlWMWiYxtues+xadEycm3MfR\/l1Ne8862wjFpM405SUmll4ZG2GNrCCGgW6B1bVeOzuOdLavaaYGNrjYZbzvGX5LF0hB2jKKzv\/AD6o9B\/87WW1VpTeTSee5Oz\/AMkKmlmWeDzj0\/5ZSNVtKtpauKpewvbGXckWvmxzbi+VxivnzLbrFGL35j6Dn7FSq6bTd9+fM5UIOn+h6xbXmsh2j1yp3RTU0lPIKd+AsZHIA97g8veZ5TmTIcNyMwBYc516U1nopXMm+LzPdG1oip5HxiiiIFrtYwYn552Nr3scrWTrouoWLNplzq1psU1YKqRhcP2mIMs0jGCCWbgRfILyv0jShscNPTHg2SCR7pnB00xGWFzmizGWJGEc99u2nui6YrjrX61UT521PxeeZzcOCKZ8YpoWiwPBRsGeQyxZXz3LVV62QRwTQUcdRadjoyKibHHEx2REUQJbkDYE7LDbsSfdF0rD2mNelNOUFQ\/4zNTVDpy1odGJmspyWtDcnAcIBYbBb81IqdcYP2U8VLhqY4Wwx4nA08AF+XDHtLuV9LZlttmmXRdFg2mMmj9O0xpDTVcc0hFQagGORrRI4tsRMXZ555jPPvvx8IkLaoVEdK4Y7Coc5zXSYAwhscO5jA6zt2Ig3Avdc8ui6LIFJosdNV0UhY2CLg44wQC4h00hJuXyvG1xO7YNgVci68TEC6L8ClRaepi8aNjvNcR\/3Fzm4Tf8E9SGaSYCfnIpGegP\/wC2k9Bx1O2kP52gdRJ9YXhjO+QjqDR6wtcr4r8p+fNjPqBWAfDubf8Ahv6Sqy0yPB73k\/xk+gFcu1rqQ+aVzdhfhHU3\/wAfSunVNaI43yWsGNc7MtzsL2sCuOV8mYF+krXhl8z8jBjXdwjxb5ZfkjIRdF1oMp1rVyRstLA8ACzALDIAt5Jy62qxDuZu3fs9eaU\/g5rQYpISfAeHDPc4bu1p701OeN7wOogLBNWk0dWnLagmZG+8gf5zn2LDknnd6R7EB7dwv0k\/m5e4\/KaO2\/pKiSI2m6V01NLE3Jzo3BnQ+12\/zAL57fO6TN7nO67n17F9HRyt3OB7QuCa2UPAV08Q2cIXN+y7lgDqDgOxNJXCUns2Ty3d34GLUH5mT7z+0JnSxqD8zJ95\/aEzqxFZvpt\/YhFNv7EIGjU\/aesrFZP2nrKxTEIWn9HB1TK44s3brcw6FA+Sm87+8exMGl\/nn9f5BQ1eoRtoYJVJbTzKv5Kbzu7x7FPqeWwscMj0i6uY6KPgmuPhFjj843NwbMfB2ixZH14+kLZLo5gc6wFhJMB+0Z4IaOC3\/Sef\/wA2qMoU280XQq14JqMrX14+7sUfkhvO\/vHsTDFpiRrQ3C02AFyDc9JsdqsRo+nwgl9nZAtEjM84g7CTlcF0mRyO3Y0qqr4mteWttaw2OxbQDtttudm7Zc7VGdCjVynG\/iQ26sM9r3yNo0xIAQI2Z3vkdvnLZpLVRgIZeW2Fjtrb5tB8XZmq52xP2mPnB93H\/Q1YMdThQgnTVnc63RDeIqSjUd0lp5iZS6tMjuRjN+cj8mrVLqqxzi4mW56W\/pTSp8dPHgBJzwuPhDM2k3bR4LPO6QuesVWeVzuPAYaLvsK7Eqn1ZjZe2PPnI\/SpPyI3mcnF9HCD4eQcb8oEhtrAZDM4t\/MsDSxgC+Zs69ni1w0kd5FsvZefaMRHLa9\/UpeDwks9j6e\/PcKXyM3mcj5HbzO9CZKyJrSMO\/yg49tslHUZY2ustosj0ZhJK+wuXvxINVqewsaDwvLY1xzbtOeWWxQuI0XjTd7P0J\/qvBh+4j9S0N2qivjq3WNbRkp4KjGNlFCPxGi8abvZ+hHEaLxpu9n6F0T4tHfbb+IG2T\/Y3vWJgZlnvAJxDoufWjr8Ta+19f4DqKP9v0Rz3iNF403ez9COI0XjTd7P0LoTIGG18jcZYwcuTf1n\/AVqljaG3G2\/jA8+4JPE4hK+175DWHo3tb0ELiNF403ez9Ci6X1Pjh4O3C8tpcblvPbKwC6Cq3Wz\/Q+7P9TlZh8XVk3d933RdRwVGVSKayz9GIPF9nl949iOL7PL7x7FfK2ioojGDi5RaT840XOGU7DssWxeetPX1N50JdH4WOsEJfF9nl949iOL7PL7x7E8NoYMrn6vF+1Zk48GC3+Z5v5PQVGnpIxGSDywG35bDmRHcADMm7nZdG3IhPr6m8gsFhH\/AEfQUOL7PL7x7F5xfj\/3O8fpV+hLtFTeWfDcN\/YiPT6kROhjkLprvL75stk62XIUrReqjKeZk7DKXMJIDi0tNwRnZoOwnemqi\/dYOub+termYvH14VWoyyy\/xTODVw1ONSUUtG\/Vr0MPj0viN7j7UfHpfEb3H2qe+BnPvsOUDlnY9V7f4UcCzLbblXOIbgdnXYJ9pxl7bXu9txT1UNxUVsksrDG4WDtthntvvvzKmk1eaTciTvb+lOIp2XAvvAviFvo39bu5ecCz0+MNmEHf0k9Kl2rGrLb5fwiDw1Fu7jmJvFtv+53j9Khad0MIIWSNx3c8t5WywF8rWzTrK2xIHPz39Kp9df3SH75\/9C0dGY6vVxOxUldWZZTwdFzinEUdGaUlp3l7GtJLcJDg4i1wdzhnkrTjfUfVxeY\/9aowrxmj4LNJNrtjJAlZc34DERfwTy5RYn6HQV6KVu83PB4eH9PvmeHW6p8SLzX\/AK15xsqPq4u1rz\/eszo6DIl4ABu\/9s08kAuIaA0nFySLEXBP0lmNGQNwguxEvLbiVoBbils7zWRm2Xh9NlG8SPUYf+33zNfG+p+ri81\/61Q6bkNVLw0gDXYQ3kCwIBJucROeduwKx0lBG1sbowRiaCbvDsy1ptlnkSRsHoUBSsi2OEovNIvtS4AyKQC+b9\/2QmFUuq3zb\/t\/kFdKDONiYqFWUY6G+m39iEU2\/sQolSNT9p6ysVk\/aesrFMRAqdUqiVxma6MNfm3FIWm2zZh6Fr4k1Pjwfif8U2Uh5Depbk+tksit0IPP7ibxJqfHg\/E\/4o4k1Pjwfif8U5IR10hdRT3CbxJqfHg\/E\/4o4k1Pjw\/if8U5IR10g6inuE3iPUnIPhJ+8P6U1aS0HK5wdiYBgY3N9sw0A7uhb1JrnEvz8VvqVFePXJRmasLU7NJyp66Z5lL8gSfWRfie5HyBJ9ZF+J7lZIWXsVPjzN3xWvuXIrfkCT6yL8Q+xHF+T6yL8T3KyQjsVPiP4rX3LkVvyBJ9ZF+J7kDV+Q5CSL8Q+xWS8R2KnxF8Vr7lyN9Ro55bGCWjDGxhu62YGdslo+T3ePH56k1pJwX8RqjqMuj6MntO\/Mp7dUW7kefJ7vHj89Hye7x4\/PXqFH4bQ48x9vq8OR58nu8ePz0fJ7vHj89eoR8NoceYdvq8OR4NHO8ePz1F09oGWXgi0sGBhacTiM7k5ZKWpFU4lsf2fzt+SnDA0ofLfPiSh0jVjLaVrrh5CtxWl+sh\/EPsXvFaX6yH8Q+xMCFZ2WHEv+NYndHk\/wAi9xWl+sh\/EPsXvFaX6yH8Q+xMCEdlhxD41if28v5F7itL9ZD+IfYveKsv1kP4p9iYEI7LDiHxnEbo8v5MafQ8jaeKNxZdhkucWXKdcWNlj8mHx4\/P9ymTOPBxj7XrUdUVOjaFSTlK9\/HcreiMU8VOUnJ97vzz+5r+TD47PP8Acj5MPjs8\/wBy2IUPhGG3PmR7RM1\/Jh8dnn+5HyYfHZ5\/uWxCPhGG3PmHaJmv5MPjx+f7lD1k1cmnp442GO7ZHPJc8huEtttsrBSXOPBAeWfV71dh8DSw81One+nMccTNO4gcRaj6yn\/GP6V5xFqfrKf8U\/pTuhb9uRb8Qq8OQk8Ran6yn\/FP6V5xFqfHp\/xT+lO6Ebct4\/iFbhyEjiLU\/WU\/4p\/SveItT9ZT\/jH9KdkI25C+IVeHIV6DQ0tKCyUsJccQwOLhbZtsOZSlN0oc29X5qCmnfMyVJupJyerN9Nv7EIpt\/YhBFGp+09ZWKEJiLmj8BvUtyEKDGCEISAEIQgDxSa4cvsb6ghCQdxHQhCYAhCEACEIQBvrB4H3bfzWhCEloDBCEJgCEIQALfUjkx\/Z\/Mr1CQEdCEJgCEIQAIQhAG+Yfs4\/4\/WtCEJAwQhCYAhCEAC3uH7IfbPqC9QkCI6EITAEIQgAQhCAK7Sm0dSgoQprQRvpt\/YhCEDR\/\/9k=\" width=\"492\" height=\"178\" \/><\/h4>\n<h4 style=\"text-align: center;\"><span style=\"font-size: 1.4375em;\">CURS 2025 &#8211; 2026<\/span><\/h4>\n<p>&nbsp;<\/p>\n<table style=\"width: 100%; border-collapse: collapse; background-color: #dee37b;\">\n<tbody>\n<tr>\n<td style=\"width: 33.3333%; text-align: center;\">\n<h2><a href=\"https:\/\/drive.google.com\/file\/d\/1G8BG9kYsGW4CkWUSIc9UkHJkrvep2NmB\/view?usp=drive_link\" target=\"_blank\" rel=\"noopener\">I 3<\/a><\/h2>\n<\/td>\n<td style=\"width: 33.3333%; text-align: center;\">\n<h2><a href=\"https:\/\/drive.google.com\/file\/d\/17rJCEvkID7tNNXobLJDA9SpQJbBHmNLy\/view?usp=drive_link\" target=\"_blank\" rel=\"noopener\">I 4<\/a><\/h2>\n<\/td>\n<td style=\"width: 33.3333%; text-align: center;\">\n<h2><a href=\"https:\/\/drive.google.com\/file\/d\/1H6oaHWqd_drC5FRMl-ViZ8FcveJUt_MR\/view?usp=drive_link\" target=\"_blank\" rel=\"noopener\">I 5<\/a><\/h2>\n<\/td>\n<\/tr>\n<\/tbody>\n<\/table>\n<table style=\"border-collapse: collapse; width: 100%;\">\n<tbody>\n<tr>\n<td style=\"width: 50%; text-align: center; background-color: #99f2ec;\">\n<h2><a href=\"https:\/\/drive.google.com\/file\/d\/1L6vuouK-jW774BqlFjQm2YFukcNxGidL\/view?usp=drive_link\" target=\"_blank\" rel=\"noopener\">1r<\/a><\/h2>\n<\/td>\n<td style=\"width: 50%; text-align: center; background-color: #99f2ec;\">\n<h2><a href=\"https:\/\/drive.google.com\/file\/d\/1hRCpOBzM1k3MEglcetg2-ujd6EA871yS\/view?usp=drive_link\" target=\"_blank\" rel=\"noopener\">2n<\/a><\/h2>\n<\/td>\n<\/tr>\n<\/tbody>\n<\/table>\n<table style=\"width: 100%; border-collapse: collapse; background-color: #bbf0b9;\">\n<tbody>\n<tr>\n<td style=\"width: 50%; text-align: center;\">\n<h2><a href=\"https:\/\/drive.google.com\/file\/d\/1v4yQZGlo464F3gLCKQv6GdRonNY1P5hg\/view?usp=drive_link\" target=\"_blank\" rel=\"noopener\">3r<\/a><\/h2>\n<\/td>\n<td style=\"width: 50%; text-align: center;\"><a href=\"https:\/\/drive.google.com\/file\/d\/1RNlx9FHYwFhh2QyOkj2UiXXae23jdbpD\/view?usp=drive_link\" target=\"_blank\" rel=\"noopener\"><span style=\"font-size: 23.625px;\"><b>4t<\/b><\/span><\/a><\/td>\n<\/tr>\n<\/tbody>\n<\/table>\n<table style=\"width: 100%; border-collapse: collapse; background-color: #eeccf0;\">\n<tbody>\n<tr>\n<td style=\"width: 33.3333%; text-align: center;\">\n<h2><a href=\"https:\/\/drive.google.com\/file\/d\/1c01wtcCwlfkodliH0vcI1MBly7dsXrfL\/view?usp=drive_link\" target=\"_blank\" rel=\"noopener\">5\u00e8 A<\/a><\/h2>\n<\/td>\n<td style=\"width: 33.3333%; text-align: center;\">\n<h2><a href=\"https:\/\/drive.google.com\/file\/d\/1BYbzav1JggKm2ZzbDImJfIevH3OPCa3h\/view?usp=drive_link\" target=\"_blank\" rel=\"noopener\">5\u00e8 B<\/a><\/h2>\n<\/td>\n<td style=\"width: 33.3333%; text-align: center;\">\n<h2><a href=\"https:\/\/drive.google.com\/file\/d\/1_PI7zOnle8G_A_ttTNcxk6piGxuWxV9R\/view?usp=drive_link\" target=\"_blank\" rel=\"noopener\">6\u00e8<\/a><\/h2>\n<\/td>\n<\/tr>\n<\/tbody>\n<\/table>\n","protected":false},"excerpt":{"rendered":"<p>HORARI ESCOLAR HORARI DE TUTORIES Mat\u00ed: de 9:00 a 12:30 Tarda: de 15:00 a 16:30 Cada tutor\/a facilitar\u00e0 l&#8217;horari de tutoria a les fam\u00edlies &nbsp; CURS 2025 &#8211; 2026 &nbsp; I 3 I 4 I 5 1r 2n 3r 4t 5\u00e8 A 5\u00e8 B 6\u00e8<\/p>\n","protected":false},"author":1,"featured_media":0,"parent":22,"menu_order":9,"comment_status":"closed","ping_status":"closed","template":"page-templates\/side-menu.php","meta":{"_bbp_topic_count":0,"_bbp_reply_count":0,"_bbp_total_topic_count":0,"_bbp_total_reply_count":0,"_bbp_voice_count":0,"_bbp_anonymous_reply_count":0,"_bbp_topic_count_hidden":0,"_bbp_reply_count_hidden":0,"_bbp_forum_subforum_count":0,"site-sidebar-layout":"default","site-content-layout":"","ast-site-content-layout":"","site-content-style":"default","site-sidebar-style":"default","ast-global-header-display":"","ast-banner-title-visibility":"","ast-main-header-display":"","ast-hfb-above-header-display":"","ast-hfb-below-header-display":"","ast-hfb-mobile-header-display":"","site-post-title":"","ast-breadcrumbs-content":"","ast-featured-img":"","footer-sml-layout":"","theme-transparent-header-meta":"","adv-header-id-meta":"","stick-header-meta":"","header-above-stick-meta":"","header-main-stick-meta":"","header-below-stick-meta":"","astra-migrate-meta-layouts":"default","ast-page-background-enabled":"default","ast-page-background-meta":{"desktop":{"background-color":"var(--ast-global-color-4)","background-image":"","background-repeat":"repeat","background-position":"center center","background-size":"auto","background-attachment":"scroll","background-type":"","background-media":"","overlay-type":"","overlay-color":"","overlay-opacity":"","overlay-gradient":""},"tablet":{"background-color":"","background-image":"","background-repeat":"repeat","background-position":"center center","background-size":"auto","background-attachment":"scroll","background-type":"","background-media":"","overlay-type":"","overlay-color":"","overlay-opacity":"","overlay-gradient":""},"mobile":{"background-color":"","background-image":"","background-repeat":"repeat","background-position":"center center","background-size":"auto","background-attachment":"scroll","background-type":"","background-media":"","overlay-type":"","overlay-color":"","overlay-opacity":"","overlay-gradient":""}},"ast-content-background-meta":{"desktop":{"background-color":"var(--ast-global-color-5)","background-image":"","background-repeat":"repeat","background-position":"center center","background-size":"auto","background-attachment":"scroll","background-type":"","background-media":"","overlay-type":"","overlay-color":"","overlay-opacity":"","overlay-gradient":""},"tablet":{"background-color":"var(--ast-global-color-5)","background-image":"","background-repeat":"repeat","background-position":"center center","background-size":"auto","background-attachment":"scroll","background-type":"","background-media":"","overlay-type":"","overlay-color":"","overlay-opacity":"","overlay-gradient":""},"mobile":{"background-color":"var(--ast-global-color-5)","background-image":"","background-repeat":"repeat","background-position":"center center","background-size":"auto","background-attachment":"scroll","background-type":"","background-media":"","overlay-type":"","overlay-color":"","overlay-opacity":"","overlay-gradient":""}},"footnotes":""},"class_list":["post-555","page","type-page","status-publish","hentry"],"post_mailing_queue_ids":[],"_links":{"self":[{"href":"https:\/\/agora.xtec.cat\/ceipmiquelbaro\/wp-json\/wp\/v2\/pages\/555","targetHints":{"allow":["GET"]}}],"collection":[{"href":"https:\/\/agora.xtec.cat\/ceipmiquelbaro\/wp-json\/wp\/v2\/pages"}],"about":[{"href":"https:\/\/agora.xtec.cat\/ceipmiquelbaro\/wp-json\/wp\/v2\/types\/page"}],"author":[{"embeddable":true,"href":"https:\/\/agora.xtec.cat\/ceipmiquelbaro\/wp-json\/wp\/v2\/users\/1"}],"replies":[{"embeddable":true,"href":"https:\/\/agora.xtec.cat\/ceipmiquelbaro\/wp-json\/wp\/v2\/comments?post=555"}],"version-history":[{"count":7,"href":"https:\/\/agora.xtec.cat\/ceipmiquelbaro\/wp-json\/wp\/v2\/pages\/555\/revisions"}],"predecessor-version":[{"id":2219,"href":"https:\/\/agora.xtec.cat\/ceipmiquelbaro\/wp-json\/wp\/v2\/pages\/555\/revisions\/2219"}],"up":[{"embeddable":true,"href":"https:\/\/agora.xtec.cat\/ceipmiquelbaro\/wp-json\/wp\/v2\/pages\/22"}],"wp:attachment":[{"href":"https:\/\/agora.xtec.cat\/ceipmiquelbaro\/wp-json\/wp\/v2\/media?parent=555"}],"curies":[{"name":"wp","href":"https:\/\/api.w.org\/{rel}","templated":true}]}}