{"id":5043,"date":"2025-02-15T13:43:53","date_gmt":"2025-02-15T12:43:53","guid":{"rendered":"https:\/\/agora.xtec.cat\/ceipmilagrosconsarnau\/?page_id=5043"},"modified":"2025-02-15T13:43:54","modified_gmt":"2025-02-15T12:43:54","slug":"comunicacio-amb-lescola","status":"publish","type":"page","link":"https:\/\/agora.xtec.cat\/ceipmilagrosconsarnau\/comunicacio-amb-lescola\/","title":{"rendered":"Comunicaci\u00f3 amb l&#8217;escola"},"content":{"rendered":"\n<p><\/p>\n\n\n\n<p>Per garantir una comunicaci\u00f3 \u00e0gil i efectiva, us recordem que l&#8217;agenda escolar \u00e9s el mitj\u00e0 preferent per a missatges urgents. Per a altres comunicacions, tamb\u00e9 disposem dels correus electr\u00f2nics de cada classe. Podeu trobar-los tots en aquesta p\u00e0gina.<\/p>\n\n\n\n<p>Si necessiteu contactar amb nosaltres, us recomanem utilitzar el canal m\u00e9s adequat segons la urg\u00e8ncia del missatge.<\/p>\n\n\n\n<figure class=\"wp-block-table\"><table class=\"has-white-background-color has-background has-border-color has-ast-global-color-0-border-color\"><thead><tr><th><\/th><th><\/th><\/tr><\/thead><tbody><tr><td>CLASSES<\/td><td>CORREUS<\/td><\/tr><tr><td>I3A<\/td><td>promocioa2024-2033@emilagconsar.org<\/td><\/tr><tr><td>I3B<\/td><td>promociob2024-2033@emilagconsar.org<\/td><\/tr><tr><td>I4A<\/td><td>i4amilagrosconsarnau@emilagconsar.org<\/td><\/tr><tr><td>I4B<\/td><td>i4bmilagrosconsarnau@emilagconsar.org<\/td><\/tr><tr><td>I5A<\/td><td>i5amilagrosconsarnau@emilagconsar.org<\/td><\/tr><tr><td>I5B<\/td><td>i5bmilagrosconsarnau@emilagconsar.org<\/td><\/tr><tr><td>1rA<\/td><td>1amilagrosconsarnau@emilagconsar.org<\/td><\/tr><tr><td>1rB<\/td><td>1bmilagrosconsarnau@emilagconsar.org<\/td><\/tr><tr><td>2nA<\/td><td>2amilagrosconsarnau@emilagconsar.org<\/td><\/tr><tr><td>2nB<\/td><td>2bmilagrosconsarnau@emilagconsar.org<\/td><\/tr><tr><td>3rA<\/td><td>3amilagrosconsarnau@emilagconsar.org<\/td><\/tr><tr><td>3rB<\/td><td>3bmilagrosconsarnau@emilagconsar.org<\/td><\/tr><tr><td>3rC<\/td><td>3cmilagrosconsarnau@emilagconsar.org<\/td><\/tr><tr><td>4tA<\/td><td>4amilagrosconsarnau@emilagconsar.org<\/td><\/tr><tr><td>4tB<\/td><td>4bmilagrosconsarnau@emilagconsar.org<\/td><\/tr><tr><td>5\u00e8A<\/td><td>5amilagrosconsarnau@emilagconsar.org<\/td><\/tr><tr><td>5\u00e8B<\/td><td>5bmilagrosconsarnau@emilagconsar.org<\/td><\/tr><tr><td>6\u00e8A<\/td><td>6amilagrosconsarnau@emilagconsar.org<\/td><\/tr><tr><td>6\u00e8B<\/td><td>6bmilagrosconsarnau@emilagconsar.org<\/td><\/tr><\/tbody><\/table><\/figure>\n","protected":false},"excerpt":{"rendered":"<p>Per garantir una comunicaci\u00f3 \u00e0gil i efectiva, us recordem que l&#8217;agenda escolar \u00e9s el mitj\u00e0 preferent per a missatges urgents. [&hellip;]<\/p>\n","protected":false},"author":1,"featured_media":0,"parent":0,"menu_order":0,"comment_status":"closed","ping_status":"close","template":"","meta":{"_bbp_topic_count":0,"_bbp_reply_count":0,"_bbp_total_topic_count":0,"_bbp_total_reply_count":0,"_bbp_voice_count":0,"_bbp_anonymous_reply_count":0,"_bbp_topic_count_hidden":0,"_bbp_reply_count_hidden":0,"_bbp_forum_subforum_count":0,"site-sidebar-layout":"default","site-content-layout":"","ast-site-content-layout":"default","site-content-style":"default","site-sidebar-style":"default","ast-global-header-display":"","ast-banner-title-visibility":"","ast-main-header-display":"","ast-hfb-above-header-display":"","ast-hfb-below-header-display":"","ast-hfb-mobile-header-display":"","site-post-title":"","ast-breadcrumbs-content":"","ast-featured-img":"","footer-sml-layout":"","theme-transparent-header-meta":"","adv-header-id-meta":"","stick-header-meta":"","header-above-stick-meta":"","header-main-stick-meta":"","header-below-stick-meta":"","astra-migrate-meta-layouts":"set","ast-page-background-enabled":"default","ast-page-background-meta":{"desktop":{"background-color":"var(--ast-global-color-4)","background-image":"","background-repeat":"repeat","background-position":"center center","background-size":"auto","background-attachment":"scroll","background-type":"","background-media":"","overlay-type":"","overlay-color":"","overlay-opacity":"","overlay-gradient":""},"tablet":{"background-color":"","background-image":"","background-repeat":"repeat","background-position":"center center","background-size":"auto","background-attachment":"scroll","background-type":"","background-media":"","overlay-type":"","overlay-color":"","overlay-opacity":"","overlay-gradient":""},"mobile":{"background-color":"","background-image":"","background-repeat":"repeat","background-position":"center center","background-size":"auto","background-attachment":"scroll","background-type":"","background-media":"","overlay-type":"","overlay-color":"","overlay-opacity":"","overlay-gradient":""}},"ast-content-background-meta":{"desktop":{"background-color":"var(--ast-global-color-5)","background-image":"","background-repeat":"repeat","background-position":"center center","background-size":"auto","background-attachment":"scroll","background-type":"","background-media":"","overlay-type":"","overlay-color":"","overlay-opacity":"","overlay-gradient":""},"tablet":{"background-color":"var(--ast-global-color-5)","background-image":"","background-repeat":"repeat","background-position":"center center","background-size":"auto","background-attachment":"scroll","background-type":"","background-media":"","overlay-type":"","overlay-color":"","overlay-opacity":"","overlay-gradient":""},"mobile":{"background-color":"var(--ast-global-color-5)","background-image":"","background-repeat":"repeat","background-position":"center center","background-size":"auto","background-attachment":"scroll","background-type":"","background-media":"","overlay-type":"","overlay-color":"","overlay-opacity":"","overlay-gradient":""}},"footnotes":""},"class_list":["post-5043","page","type-page","status-publish","hentry"],"post_mailing_queue_ids":[],"_links":{"self":[{"href":"https:\/\/agora.xtec.cat\/ceipmilagrosconsarnau\/wp-json\/wp\/v2\/pages\/5043","targetHints":{"allow":["GET"]}}],"collection":[{"href":"https:\/\/agora.xtec.cat\/ceipmilagrosconsarnau\/wp-json\/wp\/v2\/pages"}],"about":[{"href":"https:\/\/agora.xtec.cat\/ceipmilagrosconsarnau\/wp-json\/wp\/v2\/types\/page"}],"author":[{"embeddable":true,"href":"https:\/\/agora.xtec.cat\/ceipmilagrosconsarnau\/wp-json\/wp\/v2\/users\/1"}],"replies":[{"embeddable":true,"href":"https:\/\/agora.xtec.cat\/ceipmilagrosconsarnau\/wp-json\/wp\/v2\/comments?post=5043"}],"version-history":[{"count":2,"href":"https:\/\/agora.xtec.cat\/ceipmilagrosconsarnau\/wp-json\/wp\/v2\/pages\/5043\/revisions"}],"predecessor-version":[{"id":5045,"href":"https:\/\/agora.xtec.cat\/ceipmilagrosconsarnau\/wp-json\/wp\/v2\/pages\/5043\/revisions\/5045"}],"wp:attachment":[{"href":"https:\/\/agora.xtec.cat\/ceipmilagrosconsarnau\/wp-json\/wp\/v2\/media?parent=5043"}],"curies":[{"name":"wp","href":"https:\/\/api.w.org\/{rel}","templated":true}]}}

Comunicació amb l&#8217;escola

<p></p>



<p>Per garantir una comunicació àgil i efectiva, us recordem que l&#8217;agenda escolar és el mitjà preferent per a missatges urgents. Per a altres comunicacions, també disposem dels correus electrònics de cada classe. Podeu trobar-los tots en aquesta pàgina.</p>



<p>Si necessiteu contactar amb nosaltres, us recomanem utilitzar el canal més adequat segons la urgència del missatge.</p>



<figure class="wp-block-table"><table class="has-white-background-color has-background has-border-color has-ast-global-color-0-border-color"><thead><tr><th></th><th></th></tr></thead><tbody><tr><td>CLASSES</td><td>CORREUS</td></tr><tr><td>I3A</td><td>promocioa2024-2033@emilagconsar.org</td></tr><tr><td>I3B</td><td>promociob2024-2033@emilagconsar.org</td></tr><tr><td>I4A</td><td>i4amilagrosconsarnau@emilagconsar.org</td></tr><tr><td>I4B</td><td>i4bmilagrosconsarnau@emilagconsar.org</td></tr><tr><td>I5A</td><td>i5amilagrosconsarnau@emilagconsar.org</td></tr><tr><td>I5B</td><td>i5bmilagrosconsarnau@emilagconsar.org</td></tr><tr><td>1rA</td><td>1amilagrosconsarnau@emilagconsar.org</td></tr><tr><td>1rB</td><td>1bmilagrosconsarnau@emilagconsar.org</td></tr><tr><td>2nA</td><td>2amilagrosconsarnau@emilagconsar.org</td></tr><tr><td>2nB</td><td>2bmilagrosconsarnau@emilagconsar.org</td></tr><tr><td>3rA</td><td>3amilagrosconsarnau@emilagconsar.org</td></tr><tr><td>3rB</td><td>3bmilagrosconsarnau@emilagconsar.org</td></tr><tr><td>3rC</td><td>3cmilagrosconsarnau@emilagconsar.org</td></tr><tr><td>4tA</td><td>4amilagrosconsarnau@emilagconsar.org</td></tr><tr><td>4tB</td><td>4bmilagrosconsarnau@emilagconsar.org</td></tr><tr><td>5èA</td><td>5amilagrosconsarnau@emilagconsar.org</td></tr><tr><td>5èB</td><td>5bmilagrosconsarnau@emilagconsar.org</td></tr><tr><td>6èA</td><td>6amilagrosconsarnau@emilagconsar.org</td></tr><tr><td>6èB</td><td>6bmilagrosconsarnau@emilagconsar.org</td></tr></tbody></table></figure>

<p>Per garantir una comunicació àgil i efectiva, us recordem que l&#8217;agenda escolar és el mitjà preferent per a missatges urgents. [&hellip;]</p>
