{"id":4582,"date":"2024-02-05T13:14:35","date_gmt":"2024-02-05T12:14:35","guid":{"rendered":"https:\/\/agora.xtec.cat\/ceipmilagrosconsarnau\/?page_id=4582"},"modified":"2026-04-23T11:07:53","modified_gmt":"2026-04-23T09:07:53","slug":"preinscripcio-i-matricula-curs-2024-2025","status":"publish","type":"page","link":"https:\/\/agora.xtec.cat\/ceipmilagrosconsarnau\/lescola__trashed\/preinscripcio-i-matricula-curs-2024-2025\/","title":{"rendered":"PREINSCRIPCI\u00d3 I PUBLICACIONS 2026-2027"},"content":{"rendered":"\n<h3 class=\"wp-block-heading\">&nbsp;<\/h3>\n\n\n\n<figure class=\"wp-block-table\"><table class=\"has-background has-fixed-layout\" style=\"background-color:#ff6a00a6\"><tbody><tr><td>\n<h3 style=\"text-align: center;\"><span style=\"color: #993300;\">PREINSCRIPCI\u00d3 CURS 2026-2027<\/span><\/h3>\n<\/td><\/tr><\/tbody><\/table><\/figure>\n\n\n\n<figure class=\"wp-block-table\"><table class=\"has-background has-fixed-layout\" style=\"background-color:#fcb9006b\"><tbody><tr><td class=\"has-text-align-left\" data-align=\"left\">\n<p style=\"text-align: center;\"><strong>Educaci\u00f3 Infantil de segon cicle (I3) i Prim\u00e0ria <\/strong>del 4 al 18 de mar\u00e7 de 2026<\/p>\n<p style=\"text-align: center;\"><strong>Educaci\u00f3 Secund\u00e0ria Obligat\u00f2ria&nbsp;<\/strong>del 6 al 18 de mar\u00e7 de 2026<\/p>\n<figure><a href=\"https:\/\/preinscripcio.gencat.cat\/ca\/inici\/index.html\" target=\"_blank\" rel=\"noopener\"><img loading=\"lazy\" decoding=\"async\" class=\"aligncenter  wp-image-5473\" src=\"https:\/\/agora.xtec.cat\/ceipmilagrosconsarnau\/wp-content\/uploads\/usu532\/2026\/02\/image-3.png\" alt=\"\" width=\"266\" height=\"299\" srcset=\"https:\/\/agora.xtec.cat\/ceipmilagrosconsarnau\/wp-content\/uploads\/usu532\/2026\/02\/image-3.png 523w, https:\/\/agora.xtec.cat\/ceipmilagrosconsarnau\/wp-content\/uploads\/usu532\/2026\/02\/image-3-267x300.png 267w\" sizes=\"auto, (max-width: 266px) 100vw, 266px\" \/><\/a><\/figure><p><\/p>\n<p><a href=\"https:\/\/agora.xtec.cat\/ceipmilagrosconsarnau\/wp-content\/uploads\/usu532\/2026\/03\/OFERTA-INICIAL-DE-PLACES.pdf\" target=\"_blank\" rel=\"noopener\">OFERTA INICIAL DE PLACES<\/a><\/p>\n<p><a href=\"https:\/\/mapaescolar.gencat.cat\/\" target=\"_blank\" rel=\"noopener\">Mapa escolar de Catalunya<\/a><\/p>\n<\/td><\/tr><\/tbody><\/table><\/figure>\n\n\n\n<hr class=\"wp-block-separator has-alpha-channel-opacity\"\/>\n\n\n\n<p class=\"has-background has-medium-font-size\" style=\"background-color:#ff6a00a6\"><strong>&nbsp;PUBLICACIONS CURS 2026-2027<\/strong><\/p>\n\n\n\n<h3 class=\"wp-block-heading has-vivid-red-color has-text-color has-background has-link-color wp-elements-d5c1f64fbfa2d20093cc81b0f5125aa0\" style=\"background-color:#fcb9006b;font-size:14px\">\u00a0<br><a href=\"https:\/\/drive.google.com\/file\/d\/1tgZp_RToEBmy9kY8nqpcDpAQcuNFhbbU\/view?usp=sharing\" data-type=\"link\" data-id=\"https:\/\/drive.google.com\/drive\/u\/0\/folders\/1Nn8txDvoaoWCbw3nLLyRyQ-Y6-jLROh8\" target=\"_blank\" rel=\"noreferrer noopener\">Publicaci\u00f3 de la llista de sol\u00b7licituds amb la puntuaci\u00f3 provisional<\/a><br><br><a href=\"https:\/\/documentcloud.adobe.com\/gsuiteintegration\/index.html?state=%7B%22ids%22%3A%5B%221NtOCVEfF_3uwtAwpVR8UGksDbuDI1OKT%22%5D%2C%22action%22%3A%22open%22%2C%22userId%22%3A%22102408263655755667663%22%2C%22resourceKeys%22%3A%7B%7D%7D\">Publicaci\u00f3 de la llista amb la puntuaci\u00f3 resoltes les reclamacions<\/a><br><br><\/h3>\n\n\n\n<div class=\"wp-block-columns has-background is-layout-flex wp-container-core-columns-is-layout-1 wp-block-columns-is-layout-flex\" style=\"background-color:#fcb9006b\">\n<div class=\"wp-block-column is-layout-flow wp-block-column-is-layout-flow\">\n<figure class=\"wp-block-embed is-type-video is-provider-youtube wp-block-embed-youtube wp-embed-aspect-16-9 wp-has-aspect-ratio\"><div class=\"wp-block-embed__wrapper\">\n<div class=\"ast-oembed-container \" style=\"height: 100%;\"><iframe loading=\"lazy\" title=\"Una mica m\u00e9s de li\u0301nia d&#039;escola_Portes obertes 2025-26\" width=\"500\" height=\"281\" src=\"https:\/\/www.youtube.com\/embed\/iZJAb_4mfZ8?feature=oembed\" frameborder=\"0\" allow=\"accelerometer; autoplay; clipboard-write; encrypted-media; gyroscope; picture-in-picture; web-share\" referrerpolicy=\"strict-origin-when-cross-origin\" allowfullscreen><\/iframe><\/div>\n<\/div><\/figure>\n<\/div>\n\n\n\n<div class=\"wp-block-column is-layout-flow wp-block-column-is-layout-flow\">\n<figure class=\"wp-block-embed is-type-video is-provider-youtube wp-block-embed-youtube wp-embed-aspect-16-9 wp-has-aspect-ratio\"><div class=\"wp-block-embed__wrapper\">\n<div class=\"ast-oembed-container \" style=\"height: 100%;\"><iframe loading=\"lazy\" title=\"PORTES OBERTES 2024 25 BO   SD 480p 1\" width=\"500\" height=\"281\" src=\"https:\/\/www.youtube.com\/embed\/wQJOMnzX_T0?feature=oembed\" frameborder=\"0\" allow=\"accelerometer; autoplay; clipboard-write; encrypted-media; gyroscope; picture-in-picture; web-share\" referrerpolicy=\"strict-origin-when-cross-origin\" allowfullscreen><\/iframe><\/div>\n<\/div><\/figure>\n<\/div>\n<\/div>\n\n\n\n<h3 class=\"wp-block-heading\">&nbsp;<\/h3>\n\n\n\n<figure class=\"wp-block-table\"><table class=\"has-background has-fixed-layout\" style=\"background-color:#ff6a00a6\"><tbody><tr><td>\n<h3 style=\"text-align: center;\"><span style=\"color: #993300;\">ATENCI\u00d3 AL CIUTAD\u00c0 A SANTA EUL\u00c0LIA<\/span><\/h3>\n<\/td><\/tr><\/tbody><\/table><\/figure>\n\n\n\n<figure class=\"wp-block-table\"><table class=\"has-background has-fixed-layout\" style=\"background-color:#fcb9006b\"><tbody><tr><td>\n<h6><span style=\"color: #993300;\"><strong>TR\u00c0MITS QUE ES PODEN GESTIONAR:<\/strong><\/span><\/h6>\n<\/td><\/tr><\/tbody><\/table><\/figure>\n\n\n\n<p class=\"has-background\" style=\"background-color:#fcb9006b\"><a href=\"https:\/\/agora.xtec.cat\/ceipmilagrosconsarnau\/wp-content\/uploads\/usu532\/2024\/02\/INFO_ACOMPANYAMENT-DIGITAL.pdf\" target=\"_blank\" rel=\"noopener\"><span style=\"color: #993300;\">INFO_ACOMPANYAMENT DIGITAL:<\/span> <\/a><strong>El servei acompanya els ciutadans a realitzar tr\u00e0mits, cites pr\u00e8vies i gestions i \u00e9s totalment gratu\u00eft<\/strong><strong>.<\/strong><\/p>\n\n\n\n<p class=\"has-background\" style=\"background-color:#fcb9006b\"><span style=\"color: #993300;\">TEL\u00c8FON_ WHATSAPP:<\/span> 673729709<\/p>\n\n\n\n<p class=\"has-background\" style=\"background-color:#fcb9006b\"><span style=\"color: #993300;\">CORREU ELECTR\u00d2NIC:<\/span> lhospitalet60@l-h.cat<\/p>\n\n\n\n<h6 class=\"wp-block-heading\"><span style=\"color: #993300;\"><strong>&nbsp;UBICACI\u00d3 I HORARI&nbsp;<\/strong><\/span><span style=\"color: #993300;\"><strong><figure><a href=\"https:\/\/agora.xtec.cat\/ceipmilagrosconsarnau\/wp-content\/uploads\/usu532\/2026\/02\/12345.png\"><img loading=\"lazy\" decoding=\"async\" class=\"aligncenter  wp-image-5445\" src=\"https:\/\/agora.xtec.cat\/ceipmilagrosconsarnau\/wp-content\/uploads\/usu532\/2026\/02\/12345.png\" alt=\"\" width=\"649\" height=\"331\" srcset=\"https:\/\/agora.xtec.cat\/ceipmilagrosconsarnau\/wp-content\/uploads\/usu532\/2026\/02\/12345.png 972w, https:\/\/agora.xtec.cat\/ceipmilagrosconsarnau\/wp-content\/uploads\/usu532\/2026\/02\/12345-300x153.png 300w, https:\/\/agora.xtec.cat\/ceipmilagrosconsarnau\/wp-content\/uploads\/usu532\/2026\/02\/12345-768x392.png 768w\" sizes=\"auto, (max-width: 649px) 100vw, 649px\" \/><\/a><\/figure><\/strong><\/span><\/h6>\n\n\n\n<figure class=\"wp-block-table\"><table class=\"has-background has-fixed-layout\" style=\"background-color:#ff6a00a6\"><tbody><tr><td>\n<h3 style=\"text-align: center;\"><span style=\"color: #993300;\">PUNTS TIC AJUNTAMENT L&#8217;HOSPITALET CURS 2026-2027<\/span><\/h3>\n<\/td><\/tr><\/tbody><\/table><\/figure>\n\n\n\n<figure class=\"wp-block-table\"><table class=\"has-fixed-layout\"><tbody><tr><td><figure><a href=\"https:\/\/agora.xtec.cat\/ceipmilagrosconsarnau\/wp-content\/uploads\/usu532\/2026\/02\/67890.png\"><img loading=\"lazy\" decoding=\"async\" class=\"aligncenter  wp-image-5446\" src=\"https:\/\/agora.xtec.cat\/ceipmilagrosconsarnau\/wp-content\/uploads\/usu532\/2026\/02\/67890.png\" alt=\"\" width=\"626\" height=\"378\" srcset=\"https:\/\/agora.xtec.cat\/ceipmilagrosconsarnau\/wp-content\/uploads\/usu532\/2026\/02\/67890.png 1024w, https:\/\/agora.xtec.cat\/ceipmilagrosconsarnau\/wp-content\/uploads\/usu532\/2026\/02\/67890-300x181.png 300w, https:\/\/agora.xtec.cat\/ceipmilagrosconsarnau\/wp-content\/uploads\/usu532\/2026\/02\/67890-768x464.png 768w\" sizes=\"auto, (max-width: 626px) 100vw, 626px\" \/><\/a><\/figure><\/td><\/tr><\/tbody><\/table><\/figure>\n","protected":false},"excerpt":{"rendered":"<p>&nbsp; PREINSCRIPCI\u00d3 CURS 2026-2027 Educaci\u00f3 Infantil de segon cicle (I3) i Prim\u00e0ria del 4 al 18 de mar\u00e7 de 2026 [&hellip;]<\/p>\n","protected":false},"author":1,"featured_media":0,"parent":22,"menu_order":12,"comment_status":"closed","ping_status":"closed","template":"","meta":{"_bbp_topic_count":0,"_bbp_reply_count":0,"_bbp_total_topic_count":0,"_bbp_total_reply_count":0,"_bbp_voice_count":0,"_bbp_anonymous_reply_count":0,"_bbp_topic_count_hidden":0,"_bbp_reply_count_hidden":0,"_bbp_forum_subforum_count":0,"site-sidebar-layout":"default","site-content-layout":"","ast-site-content-layout":"default","site-content-style":"default","site-sidebar-style":"default","ast-global-header-display":"","ast-banner-title-visibility":"","ast-main-header-display":"","ast-hfb-above-header-display":"","ast-hfb-below-header-display":"","ast-hfb-mobile-header-display":"","site-post-title":"","ast-breadcrumbs-content":"","ast-featured-img":"","footer-sml-layout":"","theme-transparent-header-meta":"","adv-header-id-meta":"","stick-header-meta":"","header-above-stick-meta":"","header-main-stick-meta":"","header-below-stick-meta":"","astra-migrate-meta-layouts":"set","ast-page-background-enabled":"default","ast-page-background-meta":{"desktop":{"background-color":"var(--ast-global-color-4)","background-image":"","background-repeat":"repeat","background-position":"center center","background-size":"auto","background-attachment":"scroll","background-type":"","background-media":"","overlay-type":"","overlay-color":"","overlay-opacity":"","overlay-gradient":""},"tablet":{"background-color":"","background-image":"","background-repeat":"repeat","background-position":"center center","background-size":"auto","background-attachment":"scroll","background-type":"","background-media":"","overlay-type":"","overlay-color":"","overlay-opacity":"","overlay-gradient":""},"mobile":{"background-color":"","background-image":"","background-repeat":"repeat","background-position":"center center","background-size":"auto","background-attachment":"scroll","background-type":"","background-media":"","overlay-type":"","overlay-color":"","overlay-opacity":"","overlay-gradient":""}},"ast-content-background-meta":{"desktop":{"background-color":"var(--ast-global-color-5)","background-image":"","background-repeat":"repeat","background-position":"center center","background-size":"auto","background-attachment":"scroll","background-type":"","background-media":"","overlay-type":"","overlay-color":"","overlay-opacity":"","overlay-gradient":""},"tablet":{"background-color":"var(--ast-global-color-5)","background-image":"","background-repeat":"repeat","background-position":"center center","background-size":"auto","background-attachment":"scroll","background-type":"","background-media":"","overlay-type":"","overlay-color":"","overlay-opacity":"","overlay-gradient":""},"mobile":{"background-color":"var(--ast-global-color-5)","background-image":"","background-repeat":"repeat","background-position":"center center","background-size":"auto","background-attachment":"scroll","background-type":"","background-media":"","overlay-type":"","overlay-color":"","overlay-opacity":"","overlay-gradient":""}},"footnotes":""},"class_list":["post-4582","page","type-page","status-publish","hentry"],"post_mailing_queue_ids":[],"_links":{"self":[{"href":"https:\/\/agora.xtec.cat\/ceipmilagrosconsarnau\/wp-json\/wp\/v2\/pages\/4582","targetHints":{"allow":["GET"]}}],"collection":[{"href":"https:\/\/agora.xtec.cat\/ceipmilagrosconsarnau\/wp-json\/wp\/v2\/pages"}],"about":[{"href":"https:\/\/agora.xtec.cat\/ceipmilagrosconsarnau\/wp-json\/wp\/v2\/types\/page"}],"author":[{"embeddable":true,"href":"https:\/\/agora.xtec.cat\/ceipmilagrosconsarnau\/wp-json\/wp\/v2\/users\/1"}],"replies":[{"embeddable":true,"href":"https:\/\/agora.xtec.cat\/ceipmilagrosconsarnau\/wp-json\/wp\/v2\/comments?post=4582"}],"version-history":[{"count":5,"href":"https:\/\/agora.xtec.cat\/ceipmilagrosconsarnau\/wp-json\/wp\/v2\/pages\/4582\/revisions"}],"predecessor-version":[{"id":5536,"href":"https:\/\/agora.xtec.cat\/ceipmilagrosconsarnau\/wp-json\/wp\/v2\/pages\/4582\/revisions\/5536"}],"up":[{"embeddable":true,"href":"https:\/\/agora.xtec.cat\/ceipmilagrosconsarnau\/wp-json\/wp\/v2\/pages\/22"}],"wp:attachment":[{"href":"https:\/\/agora.xtec.cat\/ceipmilagrosconsarnau\/wp-json\/wp\/v2\/media?parent=4582"}],"curies":[{"name":"wp","href":"https:\/\/api.w.org\/{rel}","templated":true}]}}

PREINSCRIPCIÓ I PUBLICACIONS 2026-2027

<h3 class="wp-block-heading">&nbsp;</h3>



<figure class="wp-block-table"><table class="has-background has-fixed-layout" style="background-color:#ff6a00a6"><tbody><tr><td>
<h3 style="text-align: center;"><span style="color: #993300;">PREINSCRIPCIÓ CURS 2026-2027</span></h3>
</td></tr></tbody></table></figure>



<figure class="wp-block-table"><table class="has-background has-fixed-layout" style="background-color:#fcb9006b"><tbody><tr><td class="has-text-align-left" data-align="left">
<p style="text-align: center;"><strong>Educació Infantil de segon cicle (I3) i Primària </strong>del 4 al 18 de març de 2026</p>
<p style="text-align: center;"><strong>Educació Secundària Obligatòria&nbsp;</strong>del 6 al 18 de març de 2026</p>
<figure><a href="https://preinscripcio.gencat.cat/ca/inici/index.html" target="_blank" rel="noopener"><img loading="lazy" decoding="async" class="aligncenter  wp-image-5473" src="https://agora.xtec.cat/ceipmilagrosconsarnau/wp-content/uploads/usu532/2026/02/image-3.png" alt="" width="266" height="299" srcset="https://agora.xtec.cat/ceipmilagrosconsarnau/wp-content/uploads/usu532/2026/02/image-3.png 523w, https://agora.xtec.cat/ceipmilagrosconsarnau/wp-content/uploads/usu532/2026/02/image-3-267x300.png 267w" sizes="auto, (max-width: 266px) 100vw, 266px" /></a></figure><p></p>
<p><a href="https://agora.xtec.cat/ceipmilagrosconsarnau/wp-content/uploads/usu532/2026/03/OFERTA-INICIAL-DE-PLACES.pdf" target="_blank" rel="noopener">OFERTA INICIAL DE PLACES</a></p>
<p><a href="https://mapaescolar.gencat.cat/" target="_blank" rel="noopener">Mapa escolar de Catalunya</a></p>
</td></tr></tbody></table></figure>



<hr class="wp-block-separator has-alpha-channel-opacity"/>



<p class="has-background has-medium-font-size" style="background-color:#ff6a00a6"><strong>&nbsp;PUBLICACIONS CURS 2026-2027</strong></p>



<h3 class="wp-block-heading has-vivid-red-color has-text-color has-background has-link-color wp-elements-d5c1f64fbfa2d20093cc81b0f5125aa0" style="background-color:#fcb9006b;font-size:14px"> <br><a href="https://drive.google.com/file/d/1tgZp_RToEBmy9kY8nqpcDpAQcuNFhbbU/view?usp=sharing" data-type="link" data-id="https://drive.google.com/drive/u/0/folders/1Nn8txDvoaoWCbw3nLLyRyQ-Y6-jLROh8" target="_blank" rel="noreferrer noopener">Publicació de la llista de sol·licituds amb la puntuació provisional</a><br><br><a href="https://documentcloud.adobe.com/gsuiteintegration/index.html?state=%7B%22ids%22%3A%5B%221NtOCVEfF_3uwtAwpVR8UGksDbuDI1OKT%22%5D%2C%22action%22%3A%22open%22%2C%22userId%22%3A%22102408263655755667663%22%2C%22resourceKeys%22%3A%7B%7D%7D">Publicació de la llista amb la puntuació resoltes les reclamacions</a><br><br></h3>



<div class="wp-block-columns has-background is-layout-flex wp-container-core-columns-is-layout-1 wp-block-columns-is-layout-flex" style="background-color:#fcb9006b">
<div class="wp-block-column is-layout-flow wp-block-column-is-layout-flow">
<figure class="wp-block-embed is-type-video is-provider-youtube wp-block-embed-youtube wp-embed-aspect-16-9 wp-has-aspect-ratio"><div class="wp-block-embed__wrapper">
<div class="ast-oembed-container " style="height: 100%;"><iframe loading="lazy" title="Una mica més de línia d&#039;escola_Portes obertes 2025-26" width="500" height="281" src="https://www.youtube.com/embed/iZJAb_4mfZ8?feature=oembed" frameborder="0" allow="accelerometer; autoplay; clipboard-write; encrypted-media; gyroscope; picture-in-picture; web-share" referrerpolicy="strict-origin-when-cross-origin" allowfullscreen></iframe></div>
</div></figure>
</div>



<div class="wp-block-column is-layout-flow wp-block-column-is-layout-flow">
<figure class="wp-block-embed is-type-video is-provider-youtube wp-block-embed-youtube wp-embed-aspect-16-9 wp-has-aspect-ratio"><div class="wp-block-embed__wrapper">
<div class="ast-oembed-container " style="height: 100%;"><iframe loading="lazy" title="PORTES OBERTES 2024 25 BO   SD 480p 1" width="500" height="281" src="https://www.youtube.com/embed/wQJOMnzX_T0?feature=oembed" frameborder="0" allow="accelerometer; autoplay; clipboard-write; encrypted-media; gyroscope; picture-in-picture; web-share" referrerpolicy="strict-origin-when-cross-origin" allowfullscreen></iframe></div>
</div></figure>
</div>
</div>



<h3 class="wp-block-heading">&nbsp;</h3>



<figure class="wp-block-table"><table class="has-background has-fixed-layout" style="background-color:#ff6a00a6"><tbody><tr><td>
<h3 style="text-align: center;"><span style="color: #993300;">ATENCIÓ AL CIUTADÀ A SANTA EULÀLIA</span></h3>
</td></tr></tbody></table></figure>



<figure class="wp-block-table"><table class="has-background has-fixed-layout" style="background-color:#fcb9006b"><tbody><tr><td>
<h6><span style="color: #993300;"><strong>TRÀMITS QUE ES PODEN GESTIONAR:</strong></span></h6>
</td></tr></tbody></table></figure>



<p class="has-background" style="background-color:#fcb9006b"><a href="https://agora.xtec.cat/ceipmilagrosconsarnau/wp-content/uploads/usu532/2024/02/INFO_ACOMPANYAMENT-DIGITAL.pdf" target="_blank" rel="noopener"><span style="color: #993300;">INFO_ACOMPANYAMENT DIGITAL:</span> </a><strong>El servei acompanya els ciutadans a realitzar tràmits, cites prèvies i gestions i és totalment gratuït</strong><strong>.</strong></p>



<p class="has-background" style="background-color:#fcb9006b"><span style="color: #993300;">TELÈFON_ WHATSAPP:</span> 673729709</p>



<p class="has-background" style="background-color:#fcb9006b"><span style="color: #993300;">CORREU ELECTRÒNIC:</span> lhospitalet60@l-h.cat</p>



<h6 class="wp-block-heading"><span style="color: #993300;"><strong>&nbsp;UBICACIÓ I HORARI&nbsp;</strong></span><span style="color: #993300;"><strong><figure><a href="https://agora.xtec.cat/ceipmilagrosconsarnau/wp-content/uploads/usu532/2026/02/12345.png"><img loading="lazy" decoding="async" class="aligncenter  wp-image-5445" src="https://agora.xtec.cat/ceipmilagrosconsarnau/wp-content/uploads/usu532/2026/02/12345.png" alt="" width="649" height="331" srcset="https://agora.xtec.cat/ceipmilagrosconsarnau/wp-content/uploads/usu532/2026/02/12345.png 972w, https://agora.xtec.cat/ceipmilagrosconsarnau/wp-content/uploads/usu532/2026/02/12345-300x153.png 300w, https://agora.xtec.cat/ceipmilagrosconsarnau/wp-content/uploads/usu532/2026/02/12345-768x392.png 768w" sizes="auto, (max-width: 649px) 100vw, 649px" /></a></figure></strong></span></h6>



<figure class="wp-block-table"><table class="has-background has-fixed-layout" style="background-color:#ff6a00a6"><tbody><tr><td>
<h3 style="text-align: center;"><span style="color: #993300;">PUNTS TIC AJUNTAMENT L&#8217;HOSPITALET CURS 2026-2027</span></h3>
</td></tr></tbody></table></figure>



<figure class="wp-block-table"><table class="has-fixed-layout"><tbody><tr><td><figure><a href="https://agora.xtec.cat/ceipmilagrosconsarnau/wp-content/uploads/usu532/2026/02/67890.png"><img loading="lazy" decoding="async" class="aligncenter  wp-image-5446" src="https://agora.xtec.cat/ceipmilagrosconsarnau/wp-content/uploads/usu532/2026/02/67890.png" alt="" width="626" height="378" srcset="https://agora.xtec.cat/ceipmilagrosconsarnau/wp-content/uploads/usu532/2026/02/67890.png 1024w, https://agora.xtec.cat/ceipmilagrosconsarnau/wp-content/uploads/usu532/2026/02/67890-300x181.png 300w, https://agora.xtec.cat/ceipmilagrosconsarnau/wp-content/uploads/usu532/2026/02/67890-768x464.png 768w" sizes="auto, (max-width: 626px) 100vw, 626px" /></a></figure></td></tr></tbody></table></figure>

<p>&nbsp; PREINSCRIPCIÓ CURS 2026-2027 Educació Infantil de segon cicle (I3) i Primària del 4 al 18 de març de 2026 [&hellip;]</p>
