{"id":34,"date":"2014-09-18T12:32:18","date_gmt":"2014-09-18T10:32:18","guid":{"rendered":"http:\/\/agora.xtec.cat\/ceipmilagrosconsarnau\/?page_id=34"},"modified":"2025-04-25T12:12:27","modified_gmt":"2025-04-25T10:12:27","slug":"oferta-educativa","status":"publish","type":"page","link":"https:\/\/agora.xtec.cat\/ceipmilagrosconsarnau\/lescola__trashed\/oferta-educativa\/","title":{"rendered":"Oferta educativa"},"content":{"rendered":"<p>\u00c9s una escola de doble l\u00ednia, 50 alumnes per nivell.<\/p>\n<ul>\n<li>Educaci\u00f3 infantil: I3, I4 i I5<\/li>\n<li>Educaci\u00f3 prim\u00e0ria<\/li>\n<li>Aula\u00a0 SIEI<\/li>\n<\/ul>\n<h4><strong><span style=\"color: #800080;\">LA NOSTRA ESCOLA PARTICIPA I FORMA PART DE:<\/span><\/strong><\/h4>\n<table style=\"height: 461px; width: 98.8051%; background-color: #afe3be; border-color: #540d0d;\">\n<tbody>\n<tr style=\"height: 148px;\">\n<td style=\"width: 301px; border-color: #fcfafa; background-color: #b7d7f7; height: 148px;\">\n<h5 style=\"text-align: center;\"><strong>NOVA ORDRE\u00a0<\/strong><strong>D&#8217; AVALUACI\u00d3<\/strong><\/h5>\n<h5 style=\"text-align: center;\"><strong>EDUCACI\u00d3 PRIM\u00c0RIA<\/strong><\/h5>\n<\/td>\n<td style=\"width: 319px; border-color: #f7f7f7; background-color: #c9e2f5; height: 148px;\"><a href=\"http:\/\/ensenyament.gencat.cat\/web\/.content\/home\/departament\/publicacions\/a-cop-ull\/info-primaria.pdf\" target=\"_blank\" rel=\"noopener noreferrer\"><img loading=\"lazy\" decoding=\"async\" class=\"wp-image-603 aligncenter\" src=\"http:\/\/agora.xtec.cat\/ceipmilagrosconsarnau\/wp-content\/uploads\/usu532\/2014\/09\/Imatge-document-resum-fam\u00edlies.jpg\" alt=\"Imatge document resum fam\u00edlies\" width=\"165\" height=\"131\" srcset=\"https:\/\/agora.xtec.cat\/ceipmilagrosconsarnau\/wp-content\/uploads\/usu532\/2014\/09\/Imatge-document-resum-fam\u00edlies.jpg 592w, https:\/\/agora.xtec.cat\/ceipmilagrosconsarnau\/wp-content\/uploads\/usu532\/2014\/09\/Imatge-document-resum-fam\u00edlies-300x238.jpg 300w\" sizes=\"auto, (max-width: 165px) 100vw, 165px\" \/><\/a><\/td>\n<td style=\"width: 378px; border-color: #f7f5f5; background-color: #c9e2f5; height: 148px;\">\n<h4 style=\"text-align: center;\"><a href=\"http:\/\/agora.xtec.cat\/ceipmilagrosconsarnau\/wp-content\/uploads\/usu532\/2014\/09\/Circular-per-a-les-fam\u00edlies-Juny-2017_-Decret-avaluaci\u00f3.pdf\">\u00a02017_ Decret avaluaci\u00f3<\/a><\/h4>\n<\/td>\n<\/tr>\n<\/tbody>\n<tbody>\n<tr>\n<td style=\"width: 305px; text-align: center;\"><a href=\"http:\/\/xtec.gencat.cat\/ca\/curriculum\/xarxacb\" target=\"_blank\" rel=\"noopener noreferrer\"><img loading=\"lazy\" decoding=\"async\" class=\"wp-image-371 aligncenter\" src=\"http:\/\/agora.xtec.cat\/ceipmilagrosconsarnau\/wp-content\/uploads\/usu532\/2014\/09\/Logo_XarxaCb.png\" alt=\"logo_xarxacb\" width=\"322\" height=\"108\" srcset=\"https:\/\/agora.xtec.cat\/ceipmilagrosconsarnau\/wp-content\/uploads\/usu532\/2014\/09\/Logo_XarxaCb.png 373w, https:\/\/agora.xtec.cat\/ceipmilagrosconsarnau\/wp-content\/uploads\/usu532\/2014\/09\/Logo_XarxaCb-300x101.png 300w\" sizes=\"auto, (max-width: 322px) 100vw, 322px\" \/><\/a><\/td>\n<td style=\"width: 245px; text-align: center;\"><a href=\"http:\/\/www.l-h.cat\/gdocs\/d2635464.pdf\" target=\"_blank\" rel=\"noopener noreferrer\"><img loading=\"lazy\" decoding=\"async\" class=\"wp-image-252 aligncenter\" src=\"http:\/\/agora.xtec.cat\/ceipmilagrosconsarnau\/wp-content\/uploads\/usu532\/2014\/09\/logo-tandem-1024x674.jpg\" alt=\"logo-tandem\" width=\"151\" height=\"99\" srcset=\"https:\/\/agora.xtec.cat\/ceipmilagrosconsarnau\/wp-content\/uploads\/usu532\/2014\/09\/logo-tandem-1024x674.jpg 1024w, https:\/\/agora.xtec.cat\/ceipmilagrosconsarnau\/wp-content\/uploads\/usu532\/2014\/09\/logo-tandem-300x197.jpg 300w, https:\/\/agora.xtec.cat\/ceipmilagrosconsarnau\/wp-content\/uploads\/usu532\/2014\/09\/logo-tandem-768x505.jpg 768w, https:\/\/agora.xtec.cat\/ceipmilagrosconsarnau\/wp-content\/uploads\/usu532\/2014\/09\/logo-tandem.jpg 1166w\" sizes=\"auto, (max-width: 151px) 100vw, 151px\" \/><\/a><\/td>\n<td style=\"width: 267px; text-align: center;\"><a href=\"http:\/\/www.l-h.cat\/educacio\/847453_1.aspx?id=1\" target=\"_blank\" rel=\"noopener noreferrer\"><img loading=\"lazy\" decoding=\"async\" class=\"wp-image-372 aligncenter\" src=\"http:\/\/agora.xtec.cat\/ceipmilagrosconsarnau\/wp-content\/uploads\/usu532\/2014\/09\/obreFitxer.ashx_.jpg\" alt=\"obrefitxer-ashx\" width=\"125\" height=\"125\" srcset=\"https:\/\/agora.xtec.cat\/ceipmilagrosconsarnau\/wp-content\/uploads\/usu532\/2014\/09\/obreFitxer.ashx_.jpg 700w, https:\/\/agora.xtec.cat\/ceipmilagrosconsarnau\/wp-content\/uploads\/usu532\/2014\/09\/obreFitxer.ashx_-150x150.jpg 150w, https:\/\/agora.xtec.cat\/ceipmilagrosconsarnau\/wp-content\/uploads\/usu532\/2014\/09\/obreFitxer.ashx_-300x300.jpg 300w\" sizes=\"auto, (max-width: 125px) 100vw, 125px\" \/><\/a><\/td>\n<\/tr>\n<tr>\n<td style=\"width: 305px; text-align: center;\"><a href=\"http:\/\/www.diba.cat\/web\/economieslocals\/cultura-emprenedora-a-l-escola\" target=\"_blank\" rel=\"noopener noreferrer\"><img loading=\"lazy\" decoding=\"async\" class=\"wp-image-257 aligncenter\" src=\"http:\/\/agora.xtec.cat\/ceipmilagrosconsarnau\/wp-content\/uploads\/usu532\/2014\/09\/logo-cooperativa.jpg\" alt=\"logo-cooperativa\" width=\"114\" height=\"113\" \/><\/a><\/td>\n<td style=\"width: 245px; text-align: center;\"><a href=\"http:\/\/www.teatrecomunitari.plaudite.org\/category\/tandem-teatre\/\" target=\"_blank\" rel=\"noopener noreferrer\"><img loading=\"lazy\" decoding=\"async\" class=\"wp-image-370 aligncenter\" src=\"http:\/\/agora.xtec.cat\/ceipmilagrosconsarnau\/wp-content\/uploads\/usu532\/2014\/09\/cropped-PlauditeTeatre-EspaidArtsEsceniques-150x150.jpg\" alt=\"cropped-plauditeteatre-espaidartsesceniques-150x150\" width=\"124\" height=\"124\" \/><\/a><\/td>\n<td style=\"width: 267px; text-align: center;\"><a href=\"https:\/\/sites.google.com\/a\/xtec.cat\/crp-hospitalet\/home\/comunitat-educativa\/pla-educatiu-d-entorn\" target=\"_blank\" rel=\"noopener noreferrer\"><img loading=\"lazy\" decoding=\"async\" class=\"wp-image-373 aligncenter\" src=\"http:\/\/agora.xtec.cat\/ceipmilagrosconsarnau\/wp-content\/uploads\/usu532\/2014\/09\/pla-educatiu-dentorn.jpg\" alt=\"pla-educatiu-dentorn\" width=\"190\" height=\"116\" srcset=\"https:\/\/agora.xtec.cat\/ceipmilagrosconsarnau\/wp-content\/uploads\/usu532\/2014\/09\/pla-educatiu-dentorn.jpg 700w, https:\/\/agora.xtec.cat\/ceipmilagrosconsarnau\/wp-content\/uploads\/usu532\/2014\/09\/pla-educatiu-dentorn-300x183.jpg 300w\" sizes=\"auto, (max-width: 190px) 100vw, 190px\" \/><\/a><\/td>\n<\/tr>\n<\/tbody>\n<\/table>\n","protected":false},"excerpt":{"rendered":"<p>\u00c9s una escola de doble l\u00ednia, 50 alumnes per nivell. Educaci\u00f3 infantil: I3, I4 i I5 Educaci\u00f3 prim\u00e0ria Aula\u00a0 SIEI [&hellip;]<\/p>\n","protected":false},"author":2,"featured_media":0,"parent":22,"menu_order":60,"comment_status":"closed","ping_status":"closed","template":"","meta":{"_bbp_topic_count":0,"_bbp_reply_count":0,"_bbp_total_topic_count":0,"_bbp_total_reply_count":0,"_bbp_voice_count":0,"_bbp_anonymous_reply_count":0,"_bbp_topic_count_hidden":0,"_bbp_reply_count_hidden":0,"_bbp_forum_subforum_count":0,"site-sidebar-layout":"default","site-content-layout":"","ast-site-content-layout":"default","site-content-style":"default","site-sidebar-style":"default","ast-global-header-display":"","ast-banner-title-visibility":"","ast-main-header-display":"","ast-hfb-above-header-display":"","ast-hfb-below-header-display":"","ast-hfb-mobile-header-display":"","site-post-title":"","ast-breadcrumbs-content":"","ast-featured-img":"","footer-sml-layout":"","theme-transparent-header-meta":"","adv-header-id-meta":"","stick-header-meta":"","header-above-stick-meta":"","header-main-stick-meta":"","header-below-stick-meta":"","astra-migrate-meta-layouts":"set","ast-page-background-enabled":"default","ast-page-background-meta":{"desktop":{"background-color":"var(--ast-global-color-4)","background-image":"","background-repeat":"repeat","background-position":"center center","background-size":"auto","background-attachment":"scroll","background-type":"","background-media":"","overlay-type":"","overlay-color":"","overlay-opacity":"","overlay-gradient":""},"tablet":{"background-color":"","background-image":"","background-repeat":"repeat","background-position":"center center","background-size":"auto","background-attachment":"scroll","background-type":"","background-media":"","overlay-type":"","overlay-color":"","overlay-opacity":"","overlay-gradient":""},"mobile":{"background-color":"","background-image":"","background-repeat":"repeat","background-position":"center center","background-size":"auto","background-attachment":"scroll","background-type":"","background-media":"","overlay-type":"","overlay-color":"","overlay-opacity":"","overlay-gradient":""}},"ast-content-background-meta":{"desktop":{"background-color":"var(--ast-global-color-5)","background-image":"","background-repeat":"repeat","background-position":"center center","background-size":"auto","background-attachment":"scroll","background-type":"","background-media":"","overlay-type":"","overlay-color":"","overlay-opacity":"","overlay-gradient":""},"tablet":{"background-color":"var(--ast-global-color-5)","background-image":"","background-repeat":"repeat","background-position":"center center","background-size":"auto","background-attachment":"scroll","background-type":"","background-media":"","overlay-type":"","overlay-color":"","overlay-opacity":"","overlay-gradient":""},"mobile":{"background-color":"var(--ast-global-color-5)","background-image":"","background-repeat":"repeat","background-position":"center center","background-size":"auto","background-attachment":"scroll","background-type":"","background-media":"","overlay-type":"","overlay-color":"","overlay-opacity":"","overlay-gradient":""}},"footnotes":""},"class_list":["post-34","page","type-page","status-publish","hentry"],"post_mailing_queue_ids":[],"_links":{"self":[{"href":"https:\/\/agora.xtec.cat\/ceipmilagrosconsarnau\/wp-json\/wp\/v2\/pages\/34","targetHints":{"allow":["GET"]}}],"collection":[{"href":"https:\/\/agora.xtec.cat\/ceipmilagrosconsarnau\/wp-json\/wp\/v2\/pages"}],"about":[{"href":"https:\/\/agora.xtec.cat\/ceipmilagrosconsarnau\/wp-json\/wp\/v2\/types\/page"}],"author":[{"embeddable":true,"href":"https:\/\/agora.xtec.cat\/ceipmilagrosconsarnau\/wp-json\/wp\/v2\/users\/2"}],"replies":[{"embeddable":true,"href":"https:\/\/agora.xtec.cat\/ceipmilagrosconsarnau\/wp-json\/wp\/v2\/comments?post=34"}],"version-history":[{"count":5,"href":"https:\/\/agora.xtec.cat\/ceipmilagrosconsarnau\/wp-json\/wp\/v2\/pages\/34\/revisions"}],"predecessor-version":[{"id":5184,"href":"https:\/\/agora.xtec.cat\/ceipmilagrosconsarnau\/wp-json\/wp\/v2\/pages\/34\/revisions\/5184"}],"up":[{"embeddable":true,"href":"https:\/\/agora.xtec.cat\/ceipmilagrosconsarnau\/wp-json\/wp\/v2\/pages\/22"}],"wp:attachment":[{"href":"https:\/\/agora.xtec.cat\/ceipmilagrosconsarnau\/wp-json\/wp\/v2\/media?parent=34"}],"curies":[{"name":"wp","href":"https:\/\/api.w.org\/{rel}","templated":true}]}}

<p>És una escola de doble línia, 50 alumnes per nivell.</p>
<ul>
<li>Educació infantil: I3, I4 i I5</li>
<li>Educació primària</li>
<li>Aula  SIEI</li>
</ul>
<h4><strong><span style="color: #800080;">LA NOSTRA ESCOLA PARTICIPA I FORMA PART DE:</span></strong></h4>
<table style="height: 461px; width: 98.8051%; background-color: #afe3be; border-color: #540d0d;">
<tbody>
<tr style="height: 148px;">
<td style="width: 301px; border-color: #fcfafa; background-color: #b7d7f7; height: 148px;">
<h5 style="text-align: center;"><strong>NOVA ORDRE </strong><strong>D&#8217; AVALUACIÓ</strong></h5>
<h5 style="text-align: center;"><strong>EDUCACIÓ PRIMÀRIA</strong></h5>
</td>
<td style="width: 319px; border-color: #f7f7f7; background-color: #c9e2f5; height: 148px;"><a href="http://ensenyament.gencat.cat/web/.content/home/departament/publicacions/a-cop-ull/info-primaria.pdf" target="_blank" rel="noopener noreferrer"><img loading="lazy" decoding="async" class="wp-image-603 aligncenter" src="http://agora.xtec.cat/ceipmilagrosconsarnau/wp-content/uploads/usu532/2014/09/Imatge-document-resum-famílies.jpg" alt="Imatge document resum famílies" width="165" height="131" srcset="https://agora.xtec.cat/ceipmilagrosconsarnau/wp-content/uploads/usu532/2014/09/Imatge-document-resum-famílies.jpg 592w, https://agora.xtec.cat/ceipmilagrosconsarnau/wp-content/uploads/usu532/2014/09/Imatge-document-resum-famílies-300x238.jpg 300w" sizes="auto, (max-width: 165px) 100vw, 165px" /></a></td>
<td style="width: 378px; border-color: #f7f5f5; background-color: #c9e2f5; height: 148px;">
<h4 style="text-align: center;"><a href="http://agora.xtec.cat/ceipmilagrosconsarnau/wp-content/uploads/usu532/2014/09/Circular-per-a-les-famílies-Juny-2017_-Decret-avaluació.pdf"> 2017_ Decret avaluació</a></h4>
</td>
</tr>
</tbody>
<tbody>
<tr>
<td style="width: 305px; text-align: center;"><a href="http://xtec.gencat.cat/ca/curriculum/xarxacb" target="_blank" rel="noopener noreferrer"><img loading="lazy" decoding="async" class="wp-image-371 aligncenter" src="http://agora.xtec.cat/ceipmilagrosconsarnau/wp-content/uploads/usu532/2014/09/Logo_XarxaCb.png" alt="logo_xarxacb" width="322" height="108" srcset="https://agora.xtec.cat/ceipmilagrosconsarnau/wp-content/uploads/usu532/2014/09/Logo_XarxaCb.png 373w, https://agora.xtec.cat/ceipmilagrosconsarnau/wp-content/uploads/usu532/2014/09/Logo_XarxaCb-300x101.png 300w" sizes="auto, (max-width: 322px) 100vw, 322px" /></a></td>
<td style="width: 245px; text-align: center;"><a href="http://www.l-h.cat/gdocs/d2635464.pdf" target="_blank" rel="noopener noreferrer"><img loading="lazy" decoding="async" class="wp-image-252 aligncenter" src="http://agora.xtec.cat/ceipmilagrosconsarnau/wp-content/uploads/usu532/2014/09/logo-tandem-1024x674.jpg" alt="logo-tandem" width="151" height="99" srcset="https://agora.xtec.cat/ceipmilagrosconsarnau/wp-content/uploads/usu532/2014/09/logo-tandem-1024x674.jpg 1024w, https://agora.xtec.cat/ceipmilagrosconsarnau/wp-content/uploads/usu532/2014/09/logo-tandem-300x197.jpg 300w, https://agora.xtec.cat/ceipmilagrosconsarnau/wp-content/uploads/usu532/2014/09/logo-tandem-768x505.jpg 768w, https://agora.xtec.cat/ceipmilagrosconsarnau/wp-content/uploads/usu532/2014/09/logo-tandem.jpg 1166w" sizes="auto, (max-width: 151px) 100vw, 151px" /></a></td>
<td style="width: 267px; text-align: center;"><a href="http://www.l-h.cat/educacio/847453_1.aspx?id=1" target="_blank" rel="noopener noreferrer"><img loading="lazy" decoding="async" class="wp-image-372 aligncenter" src="http://agora.xtec.cat/ceipmilagrosconsarnau/wp-content/uploads/usu532/2014/09/obreFitxer.ashx_.jpg" alt="obrefitxer-ashx" width="125" height="125" srcset="https://agora.xtec.cat/ceipmilagrosconsarnau/wp-content/uploads/usu532/2014/09/obreFitxer.ashx_.jpg 700w, https://agora.xtec.cat/ceipmilagrosconsarnau/wp-content/uploads/usu532/2014/09/obreFitxer.ashx_-150x150.jpg 150w, https://agora.xtec.cat/ceipmilagrosconsarnau/wp-content/uploads/usu532/2014/09/obreFitxer.ashx_-300x300.jpg 300w" sizes="auto, (max-width: 125px) 100vw, 125px" /></a></td>
</tr>
<tr>
<td style="width: 305px; text-align: center;"><a href="http://www.diba.cat/web/economieslocals/cultura-emprenedora-a-l-escola" target="_blank" rel="noopener noreferrer"><img loading="lazy" decoding="async" class="wp-image-257 aligncenter" src="http://agora.xtec.cat/ceipmilagrosconsarnau/wp-content/uploads/usu532/2014/09/logo-cooperativa.jpg" alt="logo-cooperativa" width="114" height="113" /></a></td>
<td style="width: 245px; text-align: center;"><a href="http://www.teatrecomunitari.plaudite.org/category/tandem-teatre/" target="_blank" rel="noopener noreferrer"><img loading="lazy" decoding="async" class="wp-image-370 aligncenter" src="http://agora.xtec.cat/ceipmilagrosconsarnau/wp-content/uploads/usu532/2014/09/cropped-PlauditeTeatre-EspaidArtsEsceniques-150x150.jpg" alt="cropped-plauditeteatre-espaidartsesceniques-150x150" width="124" height="124" /></a></td>
<td style="width: 267px; text-align: center;"><a href="https://sites.google.com/a/xtec.cat/crp-hospitalet/home/comunitat-educativa/pla-educatiu-d-entorn" target="_blank" rel="noopener noreferrer"><img loading="lazy" decoding="async" class="wp-image-373 aligncenter" src="http://agora.xtec.cat/ceipmilagrosconsarnau/wp-content/uploads/usu532/2014/09/pla-educatiu-dentorn.jpg" alt="pla-educatiu-dentorn" width="190" height="116" srcset="https://agora.xtec.cat/ceipmilagrosconsarnau/wp-content/uploads/usu532/2014/09/pla-educatiu-dentorn.jpg 700w, https://agora.xtec.cat/ceipmilagrosconsarnau/wp-content/uploads/usu532/2014/09/pla-educatiu-dentorn-300x183.jpg 300w" sizes="auto, (max-width: 190px) 100vw, 190px" /></a></td>
</tr>
</tbody>
</table>

<p>És una escola de doble línia, 50 alumnes per nivell. Educació infantil: I3, I4 i I5 Educació primària Aula  SIEI [&hellip;]</p>
