{"id":32,"date":"2014-09-18T12:31:33","date_gmt":"2014-09-18T12:31:33","guid":{"rendered":"http:\/\/agora.xtec.cat\/ceipmilagrosconsarnau\/?page_id=32"},"modified":"2025-06-29T17:53:45","modified_gmt":"2025-06-29T15:53:45","slug":"calendari-del-curs","status":"publish","type":"page","link":"https:\/\/agora.xtec.cat\/ceipmilagrosconsarnau\/lescola__trashed\/calendari-del-curs\/","title":{"rendered":"Calendari"},"content":{"rendered":"<h4><a href=\"https:\/\/agora.xtec.cat\/ceipmilagrosconsarnau\/wp-content\/uploads\/usu532\/2025\/06\/Calendari-2025-2026.pdf\">Calendari 2025-2026<\/a><\/h4>\n<h4><strong>Inici de curs:<\/strong><\/h4>\n<p>8 de setembre de 2025<\/p>\n<p><span style=\"color: #0000ff;\"><strong><u>HORARI<\/u><\/strong><\/span><\/p>\n<p><strong>\u00a0\u00a0\u00a0\u00a0\u00a0\u00a0\u00a0\u00a0 Educaci\u00f3 Infantil i Prim\u00e0ria:\u00a0 de 9h-12:30h \/ de 15h-16:30h<\/strong><\/p>\n<p><span style=\"color: #0000ff;\"><strong><u>HORARI INTENSIU<\/u><\/strong><strong><u>: de les 9h a les 13h<\/u><\/strong><\/span><\/p>\n<p><strong>\u00a0\u00a0\u00a0\u00a0\u00a0\u00a0\u00a0\u00a0 El 19<\/strong><strong> de desembre i del\u00a0 8 al 19 de juny <\/strong><\/p>\n<p><span style=\"color: #0000ff;\"><strong><u>FESTES LOCALS<\/u><\/strong><strong><u>:<\/u><\/strong><\/span><\/p>\n<p><strong>\u00a0\u00a0\u00a0\u00a0\u00a0\u00a0\u00a0\u00a0\u00a0\u00a0 <\/strong><strong>24 de setembre i 25 de maig<\/strong><\/p>\n<p><span style=\"color: #0000ff;\"><strong><u>FESTES DE LLIURE DISPOSICI\u00d3<\/u><\/strong><\/span><\/p>\n<p><strong>\u00a0 \u00a0 \u00a0 \u00a0 \u00a0 \u00a03 de novembre<\/strong><strong>, 5 de desembre, 16 de febrer i\u00a0 22 de maig<\/strong><\/p>\n<p><span style=\"color: #0000ff;\"><strong><u>VACANCES<\/u><\/strong><strong>:<\/strong><\/span><\/p>\n<ul>\n<li><strong>Nadal: <\/strong>Del 20 de desembre al 7 de gener.<\/li>\n<li><strong>Setmana Santa: <\/strong>Del 28 de mar\u00e7 al 6 d\u2019abril.<\/li>\n<\/ul>\n<p><strong>Estiu: <\/strong>S\u2019inicien el 20 de juny<\/p>\n<p>Per als alumnes que inicien l\u2019escolaritzaci\u00f3 a I3 s\u2019organitza un per\u00edode d\u2019adaptaci\u00f3 que suposa una certa modificaci\u00f3 dels horaris dels primers dies de classe, i que es fa saber a les fam\u00edlies en les reunions pr\u00e8vies corresponents.<\/p>\n<h6><a href=\"https:\/\/treball.gencat.cat\/ca\/ambits\/relacions_laborals\/ci\/calendari_laboral\/calendari-festes-2025\/\" target=\"_blank\" rel=\"noopener\">Calendari laboral Gencat-2025<\/a><\/h6>\n<p><a href=\"https:\/\/seuelectronica.l-h.cat\/185914_2.aspx?id=2\" target=\"_blank\" rel=\"noopener\"><strong>Calendari laboral L&#8217;Hospitalet- 2025<\/strong><\/a><\/p>\n","protected":false},"excerpt":{"rendered":"<p>Calendari 2025-2026 Inici de curs: 8 de setembre de 2025 HORARI \u00a0\u00a0\u00a0\u00a0\u00a0\u00a0\u00a0\u00a0 Educaci\u00f3 Infantil i Prim\u00e0ria:\u00a0 de 9h-12:30h \/ de [&hellip;]<\/p>\n","protected":false},"author":2,"featured_media":0,"parent":22,"menu_order":50,"comment_status":"closed","ping_status":"closed","template":"","meta":{"_bbp_topic_count":0,"_bbp_reply_count":0,"_bbp_total_topic_count":0,"_bbp_total_reply_count":0,"_bbp_voice_count":0,"_bbp_anonymous_reply_count":0,"_bbp_topic_count_hidden":0,"_bbp_reply_count_hidden":0,"_bbp_forum_subforum_count":0,"site-sidebar-layout":"default","site-content-layout":"","ast-site-content-layout":"default","site-content-style":"default","site-sidebar-style":"default","ast-global-header-display":"","ast-banner-title-visibility":"","ast-main-header-display":"","ast-hfb-above-header-display":"","ast-hfb-below-header-display":"","ast-hfb-mobile-header-display":"","site-post-title":"","ast-breadcrumbs-content":"","ast-featured-img":"","footer-sml-layout":"","theme-transparent-header-meta":"","adv-header-id-meta":"","stick-header-meta":"","header-above-stick-meta":"","header-main-stick-meta":"","header-below-stick-meta":"","astra-migrate-meta-layouts":"set","ast-page-background-enabled":"default","ast-page-background-meta":{"desktop":{"background-color":"var(--ast-global-color-4)","background-image":"","background-repeat":"repeat","background-position":"center center","background-size":"auto","background-attachment":"scroll","background-type":"","background-media":"","overlay-type":"","overlay-color":"","overlay-opacity":"","overlay-gradient":""},"tablet":{"background-color":"","background-image":"","background-repeat":"repeat","background-position":"center center","background-size":"auto","background-attachment":"scroll","background-type":"","background-media":"","overlay-type":"","overlay-color":"","overlay-opacity":"","overlay-gradient":""},"mobile":{"background-color":"","background-image":"","background-repeat":"repeat","background-position":"center center","background-size":"auto","background-attachment":"scroll","background-type":"","background-media":"","overlay-type":"","overlay-color":"","overlay-opacity":"","overlay-gradient":""}},"ast-content-background-meta":{"desktop":{"background-color":"var(--ast-global-color-5)","background-image":"","background-repeat":"repeat","background-position":"center center","background-size":"auto","background-attachment":"scroll","background-type":"","background-media":"","overlay-type":"","overlay-color":"","overlay-opacity":"","overlay-gradient":""},"tablet":{"background-color":"var(--ast-global-color-5)","background-image":"","background-repeat":"repeat","background-position":"center center","background-size":"auto","background-attachment":"scroll","background-type":"","background-media":"","overlay-type":"","overlay-color":"","overlay-opacity":"","overlay-gradient":""},"mobile":{"background-color":"var(--ast-global-color-5)","background-image":"","background-repeat":"repeat","background-position":"center center","background-size":"auto","background-attachment":"scroll","background-type":"","background-media":"","overlay-type":"","overlay-color":"","overlay-opacity":"","overlay-gradient":""}},"footnotes":""},"class_list":["post-32","page","type-page","status-publish","hentry"],"post_mailing_queue_ids":[],"_links":{"self":[{"href":"https:\/\/agora.xtec.cat\/ceipmilagrosconsarnau\/wp-json\/wp\/v2\/pages\/32","targetHints":{"allow":["GET"]}}],"collection":[{"href":"https:\/\/agora.xtec.cat\/ceipmilagrosconsarnau\/wp-json\/wp\/v2\/pages"}],"about":[{"href":"https:\/\/agora.xtec.cat\/ceipmilagrosconsarnau\/wp-json\/wp\/v2\/types\/page"}],"author":[{"embeddable":true,"href":"https:\/\/agora.xtec.cat\/ceipmilagrosconsarnau\/wp-json\/wp\/v2\/users\/2"}],"replies":[{"embeddable":true,"href":"https:\/\/agora.xtec.cat\/ceipmilagrosconsarnau\/wp-json\/wp\/v2\/comments?post=32"}],"version-history":[{"count":5,"href":"https:\/\/agora.xtec.cat\/ceipmilagrosconsarnau\/wp-json\/wp\/v2\/pages\/32\/revisions"}],"predecessor-version":[{"id":5311,"href":"https:\/\/agora.xtec.cat\/ceipmilagrosconsarnau\/wp-json\/wp\/v2\/pages\/32\/revisions\/5311"}],"up":[{"embeddable":true,"href":"https:\/\/agora.xtec.cat\/ceipmilagrosconsarnau\/wp-json\/wp\/v2\/pages\/22"}],"wp:attachment":[{"href":"https:\/\/agora.xtec.cat\/ceipmilagrosconsarnau\/wp-json\/wp\/v2\/media?parent=32"}],"curies":[{"name":"wp","href":"https:\/\/api.w.org\/{rel}","templated":true}]}}

<h4><a href="https://agora.xtec.cat/ceipmilagrosconsarnau/wp-content/uploads/usu532/2025/06/Calendari-2025-2026.pdf">Calendari 2025-2026</a></h4>
<h4><strong>Inici de curs:</strong></h4>
<p>8 de setembre de 2025</p>
<p><span style="color: #0000ff;"><strong><u>HORARI</u></strong></span></p>
<p><strong>         Educació Infantil i Primària:  de 9h-12:30h / de 15h-16:30h</strong></p>
<p><span style="color: #0000ff;"><strong><u>HORARI INTENSIU</u></strong><strong><u>: de les 9h a les 13h</u></strong></span></p>
<p><strong>         El 19</strong><strong> de desembre i del  8 al 19 de juny </strong></p>
<p><span style="color: #0000ff;"><strong><u>FESTES LOCALS</u></strong><strong><u>:</u></strong></span></p>
<p><strong>           </strong><strong>24 de setembre i 25 de maig</strong></p>
<p><span style="color: #0000ff;"><strong><u>FESTES DE LLIURE DISPOSICIÓ</u></strong></span></p>
<p><strong>           3 de novembre</strong><strong>, 5 de desembre, 16 de febrer i  22 de maig</strong></p>
<p><span style="color: #0000ff;"><strong><u>VACANCES</u></strong><strong>:</strong></span></p>
<ul>
<li><strong>Nadal: </strong>Del 20 de desembre al 7 de gener.</li>
<li><strong>Setmana Santa: </strong>Del 28 de març al 6 d’abril.</li>
</ul>
<p><strong>Estiu: </strong>S’inicien el 20 de juny</p>
<p>Per als alumnes que inicien l’escolarització a I3 s’organitza un període d’adaptació que suposa una certa modificació dels horaris dels primers dies de classe, i que es fa saber a les famílies en les reunions prèvies corresponents.</p>
<h6><a href="https://treball.gencat.cat/ca/ambits/relacions_laborals/ci/calendari_laboral/calendari-festes-2025/" target="_blank" rel="noopener">Calendari laboral Gencat-2025</a></h6>
<p><a href="https://seuelectronica.l-h.cat/185914_2.aspx?id=2" target="_blank" rel="noopener"><strong>Calendari laboral L&#8217;Hospitalet- 2025</strong></a></p>

<p>Calendari 2025-2026 Inici de curs: 8 de setembre de 2025 HORARI          Educació Infantil i Primària:  de 9h-12:30h / de [&hellip;]</p>
