{"id":28,"date":"2014-09-18T12:29:35","date_gmt":"2014-09-18T12:29:35","guid":{"rendered":"http:\/\/agora.xtec.cat\/ceipmilagrosconsarnau\/?page_id=28"},"modified":"2025-11-04T13:57:18","modified_gmt":"2025-11-04T12:57:18","slug":"consell-escolar","status":"publish","type":"page","link":"https:\/\/agora.xtec.cat\/ceipmilagrosconsarnau\/lescola__trashed\/consell-escolar\/","title":{"rendered":"Consell escolar"},"content":{"rendered":"<p>La comissi\u00f3 electoral comunica a tots els membres de la comunitat escolar de l\u2019escola que, un cop realitzades les eleccions el dia 30 de novembre de 2018 i designats els representants dels diferents sectors d&#8217;acord amb el que estableixen l\u2019article 28 del Decret 102\/2010, de 3 d\u2019agost i la Resoluci\u00f3 ENS\/2172\/2016, de 13 de setembre (DOGC de 28-9), el Consell Escolar del centre estar\u00e0 format per les persones seg\u00fcents:<\/p>\n<p><strong>Directora (Presidenta del consell): <\/strong>Silvia Rodr\u00edguez<\/p>\n<ul>\n<li><strong>Representants del sector professorat<\/strong> :<\/li>\n<\/ul>\n<p><strong>\u00a0\u00a0\u00a0 Cap d\u2019estudis: <\/strong>Jos\u00e9 Miguel Duque<\/p>\n<p><strong>\u00a0\u00a0\u00a0 Secretari: <\/strong>Carla P\u00e9rez<\/p>\n<p><strong>\u00a0\u00a0\u00a0 Professors\/es: <\/strong>Patricia Ferrero I3 A, Jordi Masnou 1rA, Anna Mu\u00f1oz 1rB, Raquel Rabad\u00e1n 6\u00e8, Jos\u00e9 Duque 6\u00e8 i Carol Pan Atenci\u00f3 a la diversitat<\/p>\n<ul>\n<li><strong>Representants del sector fam\u00edlies: <\/strong>Jordi Liria, <span style=\"font-weight: 400;\">Noem\u00ed Gran, Laura Pe\u00f1as, Paola Dominici i Elena Periba\u00f1ez<\/span><\/li>\n<li><strong>Representant del sector PAS: <\/strong>Ana Ru\u00edz<\/li>\n<li><strong>Representant del sector PAE: <\/strong>Merc\u00e8 Albado<\/li>\n<li><strong>Representant de l&#8217;AFA: <\/strong>Raquel Serrano<\/li>\n<li><strong>Representant Ajuntament: <span style=\"font-weight: 400;\">Im\u00e1n Aisa<\/span><\/strong><\/li>\n<\/ul>\n","protected":false},"excerpt":{"rendered":"<p>La comissi\u00f3 electoral comunica a tots els membres de la comunitat escolar de l\u2019escola que, un cop realitzades les eleccions [&hellip;]<\/p>\n","protected":false},"author":2,"featured_media":0,"parent":22,"menu_order":30,"comment_status":"closed","ping_status":"closed","template":"","meta":{"_bbp_topic_count":0,"_bbp_reply_count":0,"_bbp_total_topic_count":0,"_bbp_total_reply_count":0,"_bbp_voice_count":0,"_bbp_anonymous_reply_count":0,"_bbp_topic_count_hidden":0,"_bbp_reply_count_hidden":0,"_bbp_forum_subforum_count":0,"site-sidebar-layout":"default","site-content-layout":"","ast-site-content-layout":"default","site-content-style":"default","site-sidebar-style":"default","ast-global-header-display":"","ast-banner-title-visibility":"","ast-main-header-display":"","ast-hfb-above-header-display":"","ast-hfb-below-header-display":"","ast-hfb-mobile-header-display":"","site-post-title":"","ast-breadcrumbs-content":"","ast-featured-img":"","footer-sml-layout":"","theme-transparent-header-meta":"","adv-header-id-meta":"","stick-header-meta":"","header-above-stick-meta":"","header-main-stick-meta":"","header-below-stick-meta":"","astra-migrate-meta-layouts":"set","ast-page-background-enabled":"default","ast-page-background-meta":{"desktop":{"background-color":"var(--ast-global-color-4)","background-image":"","background-repeat":"repeat","background-position":"center center","background-size":"auto","background-attachment":"scroll","background-type":"","background-media":"","overlay-type":"","overlay-color":"","overlay-opacity":"","overlay-gradient":""},"tablet":{"background-color":"","background-image":"","background-repeat":"repeat","background-position":"center center","background-size":"auto","background-attachment":"scroll","background-type":"","background-media":"","overlay-type":"","overlay-color":"","overlay-opacity":"","overlay-gradient":""},"mobile":{"background-color":"","background-image":"","background-repeat":"repeat","background-position":"center center","background-size":"auto","background-attachment":"scroll","background-type":"","background-media":"","overlay-type":"","overlay-color":"","overlay-opacity":"","overlay-gradient":""}},"ast-content-background-meta":{"desktop":{"background-color":"var(--ast-global-color-5)","background-image":"","background-repeat":"repeat","background-position":"center center","background-size":"auto","background-attachment":"scroll","background-type":"","background-media":"","overlay-type":"","overlay-color":"","overlay-opacity":"","overlay-gradient":""},"tablet":{"background-color":"var(--ast-global-color-5)","background-image":"","background-repeat":"repeat","background-position":"center center","background-size":"auto","background-attachment":"scroll","background-type":"","background-media":"","overlay-type":"","overlay-color":"","overlay-opacity":"","overlay-gradient":""},"mobile":{"background-color":"var(--ast-global-color-5)","background-image":"","background-repeat":"repeat","background-position":"center center","background-size":"auto","background-attachment":"scroll","background-type":"","background-media":"","overlay-type":"","overlay-color":"","overlay-opacity":"","overlay-gradient":""}},"footnotes":""},"class_list":["post-28","page","type-page","status-publish","hentry"],"post_mailing_queue_ids":[],"_links":{"self":[{"href":"https:\/\/agora.xtec.cat\/ceipmilagrosconsarnau\/wp-json\/wp\/v2\/pages\/28","targetHints":{"allow":["GET"]}}],"collection":[{"href":"https:\/\/agora.xtec.cat\/ceipmilagrosconsarnau\/wp-json\/wp\/v2\/pages"}],"about":[{"href":"https:\/\/agora.xtec.cat\/ceipmilagrosconsarnau\/wp-json\/wp\/v2\/types\/page"}],"author":[{"embeddable":true,"href":"https:\/\/agora.xtec.cat\/ceipmilagrosconsarnau\/wp-json\/wp\/v2\/users\/2"}],"replies":[{"embeddable":true,"href":"https:\/\/agora.xtec.cat\/ceipmilagrosconsarnau\/wp-json\/wp\/v2\/comments?post=28"}],"version-history":[{"count":5,"href":"https:\/\/agora.xtec.cat\/ceipmilagrosconsarnau\/wp-json\/wp\/v2\/pages\/28\/revisions"}],"predecessor-version":[{"id":5360,"href":"https:\/\/agora.xtec.cat\/ceipmilagrosconsarnau\/wp-json\/wp\/v2\/pages\/28\/revisions\/5360"}],"up":[{"embeddable":true,"href":"https:\/\/agora.xtec.cat\/ceipmilagrosconsarnau\/wp-json\/wp\/v2\/pages\/22"}],"wp:attachment":[{"href":"https:\/\/agora.xtec.cat\/ceipmilagrosconsarnau\/wp-json\/wp\/v2\/media?parent=28"}],"curies":[{"name":"wp","href":"https:\/\/api.w.org\/{rel}","templated":true}]}}

<p>La comissió electoral comunica a tots els membres de la comunitat escolar de l’escola que, un cop realitzades les eleccions el dia 30 de novembre de 2018 i designats els representants dels diferents sectors d&#8217;acord amb el que estableixen l’article 28 del Decret 102/2010, de 3 d’agost i la Resolució ENS/2172/2016, de 13 de setembre (DOGC de 28-9), el Consell Escolar del centre estarà format per les persones següents:</p>
<p><strong>Directora (Presidenta del consell): </strong>Silvia Rodríguez</p>
<ul>
<li><strong>Representants del sector professorat</strong> :</li>
</ul>
<p><strong>    Cap d’estudis: </strong>José Miguel Duque</p>
<p><strong>    Secretari: </strong>Carla Pérez</p>
<p><strong>    Professors/es: </strong>Patricia Ferrero I3 A, Jordi Masnou 1rA, Anna Muñoz 1rB, Raquel Rabadán 6è, José Duque 6è i Carol Pan Atenció a la diversitat</p>
<ul>
<li><strong>Representants del sector famílies: </strong>Jordi Liria, <span style="font-weight: 400;">Noemí Gran, Laura Peñas, Paola Dominici i Elena Peribañez</span></li>
<li><strong>Representant del sector PAS: </strong>Ana Ruíz</li>
<li><strong>Representant del sector PAE: </strong>Mercè Albado</li>
<li><strong>Representant de l&#8217;AFA: </strong>Raquel Serrano</li>
<li><strong>Representant Ajuntament: <span style="font-weight: 400;">Imán Aisa</span></strong></li>
</ul>

<p>La comissió electoral comunica a tots els membres de la comunitat escolar de l’escola que, un cop realitzades les eleccions [&hellip;]</p>
