{"id":26,"date":"2014-09-18T12:24:32","date_gmt":"2014-09-18T12:24:32","guid":{"rendered":"http:\/\/agora.xtec.cat\/ceipmilagrosconsarnau\/?page_id=26"},"modified":"2025-01-25T18:33:28","modified_gmt":"2025-01-25T17:33:28","slug":"historia","status":"publish","type":"page","link":"https:\/\/agora.xtec.cat\/ceipmilagrosconsarnau\/lescola__trashed\/historia\/","title":{"rendered":"Hist\u00f2ria"},"content":{"rendered":"\n<p>L&#8217;Escola Milagros Consarnau va ser fundada <strong>l&#8217;any 1974,<\/strong> i des de llavors ha estat un pilar fonamental en l&#8217;educaci\u00f3 del barri de Santa Eul\u00e0lia, a L&#8217;Hospitalet de Llobregat.<\/p>\n\n\n\n<p>Fa cinquanta anys, Santa Eul\u00e0lia era un barri amb una forta pres\u00e8ncia industrial, amb f\u00e0briques emblem\u00e0tiques com Can Trinxet, L&#8217;Aprestadora o Can Pareto, que donaven feina a molts dels seus habitants.<\/p>\n\n\n\n<p>Les seves arrels es remunten a l&#8217;\u00e8poca medieval, amb la pres\u00e8ncia de l&#8217;ermita de Santa Eul\u00e0lia de Proven\u00e7ana, datada al segle XII.<\/p>\n\n\n\n<p>Avui dia, el barri ha experimentat una transformaci\u00f3 significativa. Les antigues f\u00e0briques han donat pas a nous espais urbans, i Santa Eul\u00e0lia s&#8217;ha consolidat com una zona residencial din\u00e0mica, amb una forta identitat comunit\u00e0ria. Malgrat els canvis, el barri ha sabut mantenir la seva ess\u00e8ncia i patrimoni hist\u00f2ric.<\/p>\n\n\n\n<p>Al llarg d&#8217;aquests cinquanta anys, l&#8217;Escola Milagros Consarnau ha evolucionat conjuntament amb la societat, adaptant-se als nous temps i incorporant metodologies educatives innovadores. Tot i aix\u00ed, ha mantingut sempre la seva ess\u00e8ncia: una escola p\u00fablica, catalana, inclusiva, laica i respectuosa amb la pluralitat. Vetlla perqu\u00e8 els seus alumnes assumeixin les responsabilitats personals i socials amb actitud positiva, fomentant valors humans i la cohesi\u00f3.<\/p>\n\n\n\n<div class=\"relative inline-flex items-center\">Aquesta traject\u00f2ria ens recorda la c\u00e8lebre frase d&#8217;Antoine de Saint-Exup\u00e9ry en &#8220;El Petit Pr\u00edncep&#8221;:<\/div>\n\n\n\n<div class=\"relative inline-flex items-center\" style=\"text-align: center;\"><strong>&#8220;L&#8217;essencial \u00e9s invisible als ulls&#8221;<\/strong>.<\/div>\n\n\n<div class=\"relative inline-flex items-center\">Tot i les transformacions visibles, tant l&#8217;escola com el barri hem preservat all\u00f2 essencial que ens defineix i ens dona identitat.<\/div>\n\n","protected":false},"excerpt":{"rendered":"<p>L&#8217;Escola Milagros Consarnau va ser fundada l&#8217;any 1974, i des de llavors ha estat un pilar fonamental en l&#8217;educaci\u00f3 del [&hellip;]<\/p>\n","protected":false},"author":2,"featured_media":0,"parent":22,"menu_order":20,"comment_status":"closed","ping_status":"closed","template":"","meta":{"_bbp_topic_count":0,"_bbp_reply_count":0,"_bbp_total_topic_count":0,"_bbp_total_reply_count":0,"_bbp_voice_count":0,"_bbp_anonymous_reply_count":0,"_bbp_topic_count_hidden":0,"_bbp_reply_count_hidden":0,"_bbp_forum_subforum_count":0,"site-sidebar-layout":"default","site-content-layout":"","ast-site-content-layout":"default","site-content-style":"default","site-sidebar-style":"default","ast-global-header-display":"","ast-banner-title-visibility":"","ast-main-header-display":"","ast-hfb-above-header-display":"","ast-hfb-below-header-display":"","ast-hfb-mobile-header-display":"","site-post-title":"","ast-breadcrumbs-content":"","ast-featured-img":"","footer-sml-layout":"","theme-transparent-header-meta":"","adv-header-id-meta":"","stick-header-meta":"","header-above-stick-meta":"","header-main-stick-meta":"","header-below-stick-meta":"","astra-migrate-meta-layouts":"set","ast-page-background-enabled":"default","ast-page-background-meta":{"desktop":{"background-color":"var(--ast-global-color-4)","background-image":"","background-repeat":"repeat","background-position":"center center","background-size":"auto","background-attachment":"scroll","background-type":"","background-media":"","overlay-type":"","overlay-color":"","overlay-opacity":"","overlay-gradient":""},"tablet":{"background-color":"","background-image":"","background-repeat":"repeat","background-position":"center center","background-size":"auto","background-attachment":"scroll","background-type":"","background-media":"","overlay-type":"","overlay-color":"","overlay-opacity":"","overlay-gradient":""},"mobile":{"background-color":"","background-image":"","background-repeat":"repeat","background-position":"center center","background-size":"auto","background-attachment":"scroll","background-type":"","background-media":"","overlay-type":"","overlay-color":"","overlay-opacity":"","overlay-gradient":""}},"ast-content-background-meta":{"desktop":{"background-color":"var(--ast-global-color-5)","background-image":"","background-repeat":"repeat","background-position":"center center","background-size":"auto","background-attachment":"scroll","background-type":"","background-media":"","overlay-type":"","overlay-color":"","overlay-opacity":"","overlay-gradient":""},"tablet":{"background-color":"var(--ast-global-color-5)","background-image":"","background-repeat":"repeat","background-position":"center center","background-size":"auto","background-attachment":"scroll","background-type":"","background-media":"","overlay-type":"","overlay-color":"","overlay-opacity":"","overlay-gradient":""},"mobile":{"background-color":"var(--ast-global-color-5)","background-image":"","background-repeat":"repeat","background-position":"center center","background-size":"auto","background-attachment":"scroll","background-type":"","background-media":"","overlay-type":"","overlay-color":"","overlay-opacity":"","overlay-gradient":""}},"footnotes":""},"class_list":["post-26","page","type-page","status-publish","hentry"],"post_mailing_queue_ids":[],"_links":{"self":[{"href":"https:\/\/agora.xtec.cat\/ceipmilagrosconsarnau\/wp-json\/wp\/v2\/pages\/26","targetHints":{"allow":["GET"]}}],"collection":[{"href":"https:\/\/agora.xtec.cat\/ceipmilagrosconsarnau\/wp-json\/wp\/v2\/pages"}],"about":[{"href":"https:\/\/agora.xtec.cat\/ceipmilagrosconsarnau\/wp-json\/wp\/v2\/types\/page"}],"author":[{"embeddable":true,"href":"https:\/\/agora.xtec.cat\/ceipmilagrosconsarnau\/wp-json\/wp\/v2\/users\/2"}],"replies":[{"embeddable":true,"href":"https:\/\/agora.xtec.cat\/ceipmilagrosconsarnau\/wp-json\/wp\/v2\/comments?post=26"}],"version-history":[{"count":4,"href":"https:\/\/agora.xtec.cat\/ceipmilagrosconsarnau\/wp-json\/wp\/v2\/pages\/26\/revisions"}],"predecessor-version":[{"id":4941,"href":"https:\/\/agora.xtec.cat\/ceipmilagrosconsarnau\/wp-json\/wp\/v2\/pages\/26\/revisions\/4941"}],"up":[{"embeddable":true,"href":"https:\/\/agora.xtec.cat\/ceipmilagrosconsarnau\/wp-json\/wp\/v2\/pages\/22"}],"wp:attachment":[{"href":"https:\/\/agora.xtec.cat\/ceipmilagrosconsarnau\/wp-json\/wp\/v2\/media?parent=26"}],"curies":[{"name":"wp","href":"https:\/\/api.w.org\/{rel}","templated":true}]}}

Història

<p>L&#8217;Escola Milagros Consarnau va ser fundada <strong>l&#8217;any 1974,</strong> i des de llavors ha estat un pilar fonamental en l&#8217;educació del barri de Santa Eulàlia, a L&#8217;Hospitalet de Llobregat.</p>



<p>Fa cinquanta anys, Santa Eulàlia era un barri amb una forta presència industrial, amb fàbriques emblemàtiques com Can Trinxet, L&#8217;Aprestadora o Can Pareto, que donaven feina a molts dels seus habitants.</p>



<p>Les seves arrels es remunten a l&#8217;època medieval, amb la presència de l&#8217;ermita de Santa Eulàlia de Provençana, datada al segle XII.</p>



<p>Avui dia, el barri ha experimentat una transformació significativa. Les antigues fàbriques han donat pas a nous espais urbans, i Santa Eulàlia s&#8217;ha consolidat com una zona residencial dinàmica, amb una forta identitat comunitària. Malgrat els canvis, el barri ha sabut mantenir la seva essència i patrimoni històric.</p>



<p>Al llarg d&#8217;aquests cinquanta anys, l&#8217;Escola Milagros Consarnau ha evolucionat conjuntament amb la societat, adaptant-se als nous temps i incorporant metodologies educatives innovadores. Tot i així, ha mantingut sempre la seva essència: una escola pública, catalana, inclusiva, laica i respectuosa amb la pluralitat. Vetlla perquè els seus alumnes assumeixin les responsabilitats personals i socials amb actitud positiva, fomentant valors humans i la cohesió.</p>



<div class="relative inline-flex items-center">Aquesta trajectòria ens recorda la cèlebre frase d&#8217;Antoine de Saint-Exupéry en &#8220;El Petit Príncep&#8221;:</div>



<div class="relative inline-flex items-center" style="text-align: center;"><strong>&#8220;L&#8217;essencial és invisible als ulls&#8221;</strong>.</div>


<div class="relative inline-flex items-center">Tot i les transformacions visibles, tant l&#8217;escola com el barri hem preservat allò essencial que ens defineix i ens dona identitat.</div>

<p>L&#8217;Escola Milagros Consarnau va ser fundada l&#8217;any 1974, i des de llavors ha estat un pilar fonamental en l&#8217;educació del [&hellip;]</p>
