{"id":1426,"date":"2019-05-09T22:11:00","date_gmt":"2019-05-09T20:11:00","guid":{"rendered":"http:\/\/agora.xtec.cat\/ceipmilagrosconsarnau\/?page_id=1426"},"modified":"2025-05-07T10:20:02","modified_gmt":"2025-05-07T08:20:02","slug":"beques-i-ajuts","status":"publish","type":"page","link":"https:\/\/agora.xtec.cat\/ceipmilagrosconsarnau\/pagines-dinici\/beques-i-ajuts\/","title":{"rendered":"AJUTS MENJADOR curs 2025-2026"},"content":{"rendered":"<h2 style=\"text-align: center;\"><span style=\"text-decoration: underline;\"> <span style=\"color: #000080; text-decoration: underline;\">Sol\u00b7licitud de la beca de menjador <\/span><\/span><span style=\"text-decoration: underline;\"><span style=\"color: #000080; text-decoration: underline;\">curs 2025-2026<\/span><\/span><\/h2>\n<table style=\"border-collapse: collapse; width: 100%;\">\n<tbody>\n<tr>\n<td style=\"width: 100%;\">\n<h3 style=\"text-align: justify;\"><span style=\"color: #333399;\"><strong>Us comuniquem que s\u2019ha obert la convocat\u00f2ria per demanar l\u2019ajut individual de menjador pel proper curs 2025-2026.<\/strong><\/span><\/h3>\n<h3 style=\"text-align: justify;\"><span style=\"color: #333399;\"><strong>El termini m\u00e0xim de lliurament de la sol\u00b7licitud al centre, afegint la documentaci\u00f3 necess\u00e0ria, \u00e9s el 23 de maig de 2025.<\/strong><\/span><\/h3>\n<h3 style=\"text-align: center;\"><span style=\"text-decoration: underline;\"><span style=\"color: #0000ff;\"><strong>PRESENTACI\u00d3 DE LA SOL\u00b7LICITUD AL CENTRE:<\/strong><\/span><\/span><\/h3>\n<h3 style=\"text-align: center;\"><span style=\"color: #0000ff;\">DEL DIMECRES 7 AL DIVENDRES 23 DE MAIG<\/span><\/h3>\n<h3 style=\"text-align: center;\"><span style=\"color: #0000ff;\">HORARI: DE LES 8.30h A LES 10:30h A LA SECRETARIA DEL CENTRE <\/span><\/h3>\n<h3 style=\"text-align: center;\"><span style=\"color: #0000ff;\">EN EL CAS DE FER NOVA SOL.LICITUD CAL DEMANAR CITA PR\u00c8VIA AL TEL\u00c8FON 933310547<\/span><\/h3>\n<\/td>\n<\/tr>\n<tr>\n<td style=\"width: 100%;\">\n<h3><\/h3>\n<h3 style=\"text-align: center;\"><strong><span style=\"color: #0000ff;\">DOCUMENTS I INFORMACIONS\u00a0<\/span><\/strong><strong><span style=\"color: #0000ff;\">AJUTS MENJADOR\u00a0<\/span><\/strong><strong><span style=\"color: #0000ff;\">2025-2026<\/span><\/strong><\/h3>\n<h3 style=\"text-align: center;\"><a href=\"https:\/\/agora.xtec.cat\/ceipmilagrosconsarnau\/wp-content\/uploads\/usu532\/2025\/05\/BASES-CONVOCATORIA-AIM-2025-2026_CATALA.pdf\">BASES CONVOCAT\u00d2RIA AIM 2025 2026<\/a><\/h3>\n<h3 style=\"text-align: center;\"><strong><span style=\"color: #0000ff;\">NOM\u00c9S HAN D&#8217;OMPLIR\u00a0<\/span><\/strong><strong><span style=\"color: #0000ff;\">EL FULL NOU\u00a0<\/span><\/strong><strong><span style=\"color: #0000ff;\">DE SOL\u00b7LICITUD\u00a0 LES FAM\u00cdLIES:<\/span><\/strong><span style=\"color: #0000ff;\">\u00a0<\/span><\/h3>\n<ul style=\"list-style-type: square; text-align: center;\">\n<li style=\"text-align: justify;\">\n<h4 style=\"text-align: justify;\"><strong><span style=\"color: #000080;\">QUE NO VAN PRESENTAR SOL\u00b7LICITUD\u00a0 EL CURS \u00a0PASSAT.<\/span><\/strong><\/h4>\n<\/li>\n<\/ul>\n<ul style=\"list-style-type: square; text-align: justify;\">\n<li style=\"text-align: justify;\">\n<h4><strong><span style=\"color: #000080;\">LES FAM\u00cdLIES QUE\u00a0 VAN\u00a0 PRESENTAR LA SOL\u00b7LICITUD EL CURS PASSAT PER\u00d2 HA CANVIAT EL N\u00daMERO DE MEMBRES DE LA UNITAT FAMILIAR.<\/span><\/strong><\/h4>\n<\/li>\n<\/ul>\n<ul style=\"list-style-type: square; text-align: center;\">\n<li>\n<h4 style=\"text-align: justify;\"><strong><span style=\"color: #000080;\">LES FAM\u00cdLIES NOVES QUE HAN FET LA PREINSCRIPCI\u00d3 D&#8217; I3.<\/span><\/strong><\/h4>\n<\/li>\n<\/ul>\n<p><a href=\"https:\/\/agora.xtec.cat\/ceipmilagrosconsarnau\/wp-content\/uploads\/usu532\/2025\/05\/SOL\u00b7LICITUD-AJUT-INDIVIDUAL-DE-MENJADOR-CURS-2025-2026.pdf\">SOL\u00b7LICITUD AJUT INDIVIDUAL DE MENJADOR CURS 2025-2026<\/a><\/p>\n<p><a href=\"https:\/\/agora.xtec.cat\/ceipmilagrosconsarnau\/wp-content\/uploads\/usu532\/2025\/05\/DOCUMENTACIO-QUE-SHA-DE-LLIURAR-PER-LAJUT-INDIVIDUAL-DE-MENJADOR-CURS-2025-2026.pdf\">DOCUMENTACI\u00d3 QUE S&#8217;HA DE LLIURAR PER L&#8217;AJUT INDIVIDUAL DE MENJADOR CURS 2025-2026<\/a><\/td>\n<\/tr>\n<\/tbody>\n<\/table>\n","protected":false},"excerpt":{"rendered":"<p>Sol\u00b7licitud de la beca de menjador curs 2025-2026 Us comuniquem que s\u2019ha obert la convocat\u00f2ria per demanar l\u2019ajut individual de [&hellip;]<\/p>\n","protected":false},"author":1,"featured_media":0,"parent":7,"menu_order":0,"comment_status":"closed","ping_status":"closed","template":"","meta":{"_bbp_topic_count":0,"_bbp_reply_count":0,"_bbp_total_topic_count":0,"_bbp_total_reply_count":0,"_bbp_voice_count":0,"_bbp_anonymous_reply_count":0,"_bbp_topic_count_hidden":0,"_bbp_reply_count_hidden":0,"_bbp_forum_subforum_count":0,"site-sidebar-layout":"default","site-content-layout":"","ast-site-content-layout":"default","site-content-style":"default","site-sidebar-style":"default","ast-global-header-display":"","ast-banner-title-visibility":"","ast-main-header-display":"","ast-hfb-above-header-display":"","ast-hfb-below-header-display":"","ast-hfb-mobile-header-display":"","site-post-title":"","ast-breadcrumbs-content":"","ast-featured-img":"","footer-sml-layout":"","theme-transparent-header-meta":"","adv-header-id-meta":"","stick-header-meta":"","header-above-stick-meta":"","header-main-stick-meta":"","header-below-stick-meta":"","astra-migrate-meta-layouts":"set","ast-page-background-enabled":"default","ast-page-background-meta":{"desktop":{"background-color":"var(--ast-global-color-4)","background-image":"","background-repeat":"repeat","background-position":"center center","background-size":"auto","background-attachment":"scroll","background-type":"","background-media":"","overlay-type":"","overlay-color":"","overlay-opacity":"","overlay-gradient":""},"tablet":{"background-color":"","background-image":"","background-repeat":"repeat","background-position":"center center","background-size":"auto","background-attachment":"scroll","background-type":"","background-media":"","overlay-type":"","overlay-color":"","overlay-opacity":"","overlay-gradient":""},"mobile":{"background-color":"","background-image":"","background-repeat":"repeat","background-position":"center center","background-size":"auto","background-attachment":"scroll","background-type":"","background-media":"","overlay-type":"","overlay-color":"","overlay-opacity":"","overlay-gradient":""}},"ast-content-background-meta":{"desktop":{"background-color":"var(--ast-global-color-5)","background-image":"","background-repeat":"repeat","background-position":"center center","background-size":"auto","background-attachment":"scroll","background-type":"","background-media":"","overlay-type":"","overlay-color":"","overlay-opacity":"","overlay-gradient":""},"tablet":{"background-color":"var(--ast-global-color-5)","background-image":"","background-repeat":"repeat","background-position":"center center","background-size":"auto","background-attachment":"scroll","background-type":"","background-media":"","overlay-type":"","overlay-color":"","overlay-opacity":"","overlay-gradient":""},"mobile":{"background-color":"var(--ast-global-color-5)","background-image":"","background-repeat":"repeat","background-position":"center center","background-size":"auto","background-attachment":"scroll","background-type":"","background-media":"","overlay-type":"","overlay-color":"","overlay-opacity":"","overlay-gradient":""}},"footnotes":""},"class_list":["post-1426","page","type-page","status-publish","hentry"],"post_mailing_queue_ids":[],"_links":{"self":[{"href":"https:\/\/agora.xtec.cat\/ceipmilagrosconsarnau\/wp-json\/wp\/v2\/pages\/1426","targetHints":{"allow":["GET"]}}],"collection":[{"href":"https:\/\/agora.xtec.cat\/ceipmilagrosconsarnau\/wp-json\/wp\/v2\/pages"}],"about":[{"href":"https:\/\/agora.xtec.cat\/ceipmilagrosconsarnau\/wp-json\/wp\/v2\/types\/page"}],"author":[{"embeddable":true,"href":"https:\/\/agora.xtec.cat\/ceipmilagrosconsarnau\/wp-json\/wp\/v2\/users\/1"}],"replies":[{"embeddable":true,"href":"https:\/\/agora.xtec.cat\/ceipmilagrosconsarnau\/wp-json\/wp\/v2\/comments?post=1426"}],"version-history":[{"count":6,"href":"https:\/\/agora.xtec.cat\/ceipmilagrosconsarnau\/wp-json\/wp\/v2\/pages\/1426\/revisions"}],"predecessor-version":[{"id":5230,"href":"https:\/\/agora.xtec.cat\/ceipmilagrosconsarnau\/wp-json\/wp\/v2\/pages\/1426\/revisions\/5230"}],"up":[{"embeddable":true,"href":"https:\/\/agora.xtec.cat\/ceipmilagrosconsarnau\/wp-json\/wp\/v2\/pages\/7"}],"wp:attachment":[{"href":"https:\/\/agora.xtec.cat\/ceipmilagrosconsarnau\/wp-json\/wp\/v2\/media?parent=1426"}],"curies":[{"name":"wp","href":"https:\/\/api.w.org\/{rel}","templated":true}]}}

<h2 style="text-align: center;"><span style="text-decoration: underline;"> <span style="color: #000080; text-decoration: underline;">Sol·licitud de la beca de menjador </span></span><span style="text-decoration: underline;"><span style="color: #000080; text-decoration: underline;">curs 2025-2026</span></span></h2>
<table style="border-collapse: collapse; width: 100%;">
<tbody>
<tr>
<td style="width: 100%;">
<h3 style="text-align: justify;"><span style="color: #333399;"><strong>Us comuniquem que s’ha obert la convocatòria per demanar l’ajut individual de menjador pel proper curs 2025-2026.</strong></span></h3>
<h3 style="text-align: justify;"><span style="color: #333399;"><strong>El termini màxim de lliurament de la sol·licitud al centre, afegint la documentació necessària, és el 23 de maig de 2025.</strong></span></h3>
<h3 style="text-align: center;"><span style="text-decoration: underline;"><span style="color: #0000ff;"><strong>PRESENTACIÓ DE LA SOL·LICITUD AL CENTRE:</strong></span></span></h3>
<h3 style="text-align: center;"><span style="color: #0000ff;">DEL DIMECRES 7 AL DIVENDRES 23 DE MAIG</span></h3>
<h3 style="text-align: center;"><span style="color: #0000ff;">HORARI: DE LES 8.30h A LES 10:30h A LA SECRETARIA DEL CENTRE </span></h3>
<h3 style="text-align: center;"><span style="color: #0000ff;">EN EL CAS DE FER NOVA SOL.LICITUD CAL DEMANAR CITA PRÈVIA AL TELÈFON 933310547</span></h3>
</td>
</tr>
<tr>
<td style="width: 100%;">
<h3></h3>
<h3 style="text-align: center;"><strong><span style="color: #0000ff;">DOCUMENTS I INFORMACIONS </span></strong><strong><span style="color: #0000ff;">AJUTS MENJADOR </span></strong><strong><span style="color: #0000ff;">2025-2026</span></strong></h3>
<h3 style="text-align: center;"><a href="https://agora.xtec.cat/ceipmilagrosconsarnau/wp-content/uploads/usu532/2025/05/BASES-CONVOCATORIA-AIM-2025-2026_CATALA.pdf">BASES CONVOCATÒRIA AIM 2025 2026</a></h3>
<h3 style="text-align: center;"><strong><span style="color: #0000ff;">NOMÉS HAN D&#8217;OMPLIR </span></strong><strong><span style="color: #0000ff;">EL FULL NOU </span></strong><strong><span style="color: #0000ff;">DE SOL·LICITUD  LES FAMÍLIES:</span></strong><span style="color: #0000ff;"> </span></h3>
<ul style="list-style-type: square; text-align: center;">
<li style="text-align: justify;">
<h4 style="text-align: justify;"><strong><span style="color: #000080;">QUE NO VAN PRESENTAR SOL·LICITUD  EL CURS  PASSAT.</span></strong></h4>
</li>
</ul>
<ul style="list-style-type: square; text-align: justify;">
<li style="text-align: justify;">
<h4><strong><span style="color: #000080;">LES FAMÍLIES QUE  VAN  PRESENTAR LA SOL·LICITUD EL CURS PASSAT PERÒ HA CANVIAT EL NÚMERO DE MEMBRES DE LA UNITAT FAMILIAR.</span></strong></h4>
</li>
</ul>
<ul style="list-style-type: square; text-align: center;">
<li>
<h4 style="text-align: justify;"><strong><span style="color: #000080;">LES FAMÍLIES NOVES QUE HAN FET LA PREINSCRIPCIÓ D&#8217; I3.</span></strong></h4>
</li>
</ul>
<p><a href="https://agora.xtec.cat/ceipmilagrosconsarnau/wp-content/uploads/usu532/2025/05/SOL·LICITUD-AJUT-INDIVIDUAL-DE-MENJADOR-CURS-2025-2026.pdf">SOL·LICITUD AJUT INDIVIDUAL DE MENJADOR CURS 2025-2026</a></p>
<p><a href="https://agora.xtec.cat/ceipmilagrosconsarnau/wp-content/uploads/usu532/2025/05/DOCUMENTACIO-QUE-SHA-DE-LLIURAR-PER-LAJUT-INDIVIDUAL-DE-MENJADOR-CURS-2025-2026.pdf">DOCUMENTACIÓ QUE S&#8217;HA DE LLIURAR PER L&#8217;AJUT INDIVIDUAL DE MENJADOR CURS 2025-2026</a></td>
</tr>
</tbody>
</table>

<p>Sol·licitud de la beca de menjador curs 2025-2026 Us comuniquem que s’ha obert la convocatòria per demanar l’ajut individual de [&hellip;]</p>
