{"id":9963,"date":"2025-04-03T13:13:06","date_gmt":"2025-04-03T11:13:06","guid":{"rendered":"http:\/\/agora.xtec.cat\/ceipmil-lenari\/?page_id=9963"},"modified":"2025-04-03T13:13:29","modified_gmt":"2025-04-03T11:13:29","slug":"projectes","status":"publish","type":"page","link":"https:\/\/agora.xtec.cat\/ceipmil-lenari\/projectes\/","title":{"rendered":"PROJECTES"},"content":{"rendered":"<p>(En renovaci\u00f3&#8230;)<\/p>\n<p><span style=\"color: #000000;\"><span style=\"font-family: inherit;\"><span style=\"font-size: medium;\">Per poder completar la formaci\u00f3 marcada al Curr\u00edculum i seguint el nostre Projecte Educatiu, l&#8217;escola ofereix compet\u00e8ncies en <\/span><\/span>l&#8217;\u00c0mbit Ling\u00fc\u00edstic, en l&#8217;\u00c0mbit Matem\u00e0tic, en l&#8217;\u00c0mbit de Coneixement del medi, en l&#8217;\u00c0mbit d&#8217;Educaci\u00f3 F\u00edsica, en l&#8217;\u00c0mbit Art\u00edstic, en Aprendre a aprendre, en Autonomia i iniciativa personal, en Educaci\u00f3 en Valors, i en Compet\u00e8ncia Digital. Per a aconseguir-ho, es treballa amb el desenvolupament dels seg\u00fcents projectes:\u00a0<\/span><\/p>\n<ul>\n<li><a href=\"http:\/\/agora.xtec.cat\/ceipmil-lenari\/robotica-2\/\" target=\"_blank\" rel=\"noopener noreferrer\">ROB\u00d2TICA<\/a><\/li>\n<li>ERASMUS<\/li>\n<li>GUST PER LA LECTURA<\/li>\n<li>APADRINAMENT LECTOR<\/li>\n<li>CLUB LECTOR<\/li>\n<li>PROJECTE MATEM\u00c0TIC<\/li>\n<li>ESCACS A L&#8217;ESCOLA<\/li>\n<li>COMPOSTATGE<\/li>\n<li>SOSTENIBILITAT<\/li>\n<li>EXPERIMENTACI\u00d3 I LABORATORI<\/li>\n<li>ART\u00cdSTIC<\/li>\n<li>SANTA CEC\u00cdLIA<\/li>\n<li>CANT\u00c0NIA<\/li>\n<li>INSTITUT DEL TEATRE<\/li>\n<li>TEATRE<\/li>\n<li>CREACI\u00d3 LITER\u00c0RIA<\/li>\n<li>ESCAMOTS<\/li>\n<li>AMBIENTS\/RACONS<\/li>\n<li>ESPAIS<\/li>\n<li>PROES<\/li>\n<li>SORTIDES D&#8217;ENTORN<\/li>\n<li>COL\u00d2NIES<\/li>\n<li>SUPORT VITAL B\u00c0SIC<\/li>\n<li>APADRINEM UN PATRIMONI<\/li>\n<li>DIA MUNDIAL DE LA PAU<\/li>\n<li>JORNADES LITER\u00c0RIES<\/li>\n<li>JOCS FLORALS<\/li>\n<\/ul>\n<p>RECONEIXEMENTS I MENCIONS<\/p>\n<ul>\n<li>RECICLATGE<\/li>\n<li>ROB\u00d2TICA. ESPAVILA<\/li>\n<\/ul>\n","protected":false},"excerpt":{"rendered":"<p>(En renovaci\u00f3&#8230;)<br \/>\nPer poder completar la formaci\u00f3 marcada al Curr\u00edculum i seguint el nostre Projecte Educatiu, l&#8217;escola ofereix compet\u00e8ncies en l&#8217;\u00c0mbit Ling\u00fc\u00edstic, en l&#8217;\u00c0mbit Matem\u00e0tic, en l&#8217;\u00c0mbit de Coneixement del medi, en l&#8217;\u00c0mbit d&#8217;Educaci\u00f3 F\u00edsica, en l&#8217;\u00c0mbit Art\u00edstic, en Aprendre a aprendre, en Autonomia i iniciativa&hellip;  <a href=\"https:\/\/agora.xtec.cat\/ceipmil-lenari\/projectes\/\" title=\"Read PROJECTES\">Llegeix m\u00e9s\u00bb<\/a><\/p>\n","protected":false},"author":1,"featured_media":0,"parent":0,"menu_order":0,"comment_status":"closed","ping_status":"closed","template":"","meta":{"_bbp_topic_count":0,"_bbp_reply_count":0,"_bbp_total_topic_count":0,"_bbp_total_reply_count":0,"_bbp_voice_count":0,"_bbp_anonymous_reply_count":0,"_bbp_topic_count_hidden":0,"_bbp_reply_count_hidden":0,"_bbp_forum_subforum_count":0,"footnotes":""},"class_list":["post-9963","page","type-page","status-publish","hentry"],"post_mailing_queue_ids":[],"_links":{"self":[{"href":"https:\/\/agora.xtec.cat\/ceipmil-lenari\/wp-json\/wp\/v2\/pages\/9963","targetHints":{"allow":["GET"]}}],"collection":[{"href":"https:\/\/agora.xtec.cat\/ceipmil-lenari\/wp-json\/wp\/v2\/pages"}],"about":[{"href":"https:\/\/agora.xtec.cat\/ceipmil-lenari\/wp-json\/wp\/v2\/types\/page"}],"author":[{"embeddable":true,"href":"https:\/\/agora.xtec.cat\/ceipmil-lenari\/wp-json\/wp\/v2\/users\/1"}],"replies":[{"embeddable":true,"href":"https:\/\/agora.xtec.cat\/ceipmil-lenari\/wp-json\/wp\/v2\/comments?post=9963"}],"version-history":[{"count":4,"href":"https:\/\/agora.xtec.cat\/ceipmil-lenari\/wp-json\/wp\/v2\/pages\/9963\/revisions"}],"predecessor-version":[{"id":9975,"href":"https:\/\/agora.xtec.cat\/ceipmil-lenari\/wp-json\/wp\/v2\/pages\/9963\/revisions\/9975"}],"wp:attachment":[{"href":"https:\/\/agora.xtec.cat\/ceipmil-lenari\/wp-json\/wp\/v2\/media?parent=9963"}],"curies":[{"name":"wp","href":"https:\/\/api.w.org\/{rel}","templated":true}]}}