{"id":678,"date":"2025-04-03T13:46:10","date_gmt":"2025-04-03T11:46:10","guid":{"rendered":"http:\/\/agora.xtec.cat\/ceipmil-lenari\/?page_id=678"},"modified":"2025-04-03T13:46:34","modified_gmt":"2025-04-03T11:46:34","slug":"robotica","status":"publish","type":"page","link":"https:\/\/agora.xtec.cat\/ceipmil-lenari\/robotica\/","title":{"rendered":"Creaci\u00f3 d&#8217;una empresa per construir un robot pigall"},"content":{"rendered":"<p style=\"text-align: justify;\">Els\/Les alumnes de 6\u00e8 realitzen un projecte a trav\u00e9s de la Rob\u00f2tica, per entendre l&#8217;aplicaci\u00f3 de les matem\u00e0tiques a la vida real, al mateix temps treballant l&#8217;expressi\u00f3 escrita i oral, tot presentant en p\u00fablic el seu projecte i, per \u00faltim, saber treballar en equip per millorar els resultats. Tot aix\u00f2 utilitzant els robots de Lego Mindstorm. Per iniciar aquest projecte, els\/les alumnes creen &#8220;una empresa&#8221; on aplicar els diferents objectius, construint i programant. Alguns dels objectius proposats pels diferents grups d&#8217;alumnes han estat:<\/p>\n<p>Crear un robot pigall que acompanyi a una persona cega a diferents punts del poble.<\/p>\n<p>Crear un robot, anomenat SEFELI, que ajudi a fer la neteja.<\/p>\n<p>Crear un robot amb plataforma que transporti, per dins de l&#8217;escola, objectes i retorni al seu punt d&#8217;origen.<\/p>\n<p>A continuaci\u00f3 us presentem alguns dels projectes:<\/p>\n<p><a href=\"https:\/\/drive.google.com\/file\/d\/0B_DfR8li3DqcVU8ya1k0VFdkUkU\/view?usp=sharing\" target=\"_blank\" rel=\"noopener noreferrer\">1. Presentaci\u00f3.<\/a><\/p>\n<p><a href=\"https:\/\/drive.google.com\/file\/d\/0B_DfR8li3Dqcdi1Ic1NjekJoc2M\/view?usp=sharing\" target=\"_blank\" rel=\"noopener noreferrer\">2. Rob\u00f2tica.<\/a><\/p>\n<p><a href=\"https:\/\/drive.google.com\/file\/d\/0B_DfR8li3DqcSjlBOXliVHFQSXc\/view?usp=sharing\" target=\"_blank\" rel=\"noopener noreferrer\">3. Rodes.<\/a><\/p>\n<p><a href=\"https:\/\/drive.google.com\/file\/d\/0B_DfR8li3DqcX2g5dFNLNkRYcE0\/view?usp=sharing\" target=\"_blank\" rel=\"noopener noreferrer\">4. <\/a><a href=\"https:\/\/drive.google.com\/file\/d\/0B_DfR8li3DqcOHRVZHZNa1Ixajg\/view?usp=sharing\" target=\"_blank\" rel=\"noopener noreferrer\">Sensors.<\/a><\/p>\n<p><a href=\"https:\/\/drive.google.com\/file\/d\/0B_DfR8li3DqcdHp0am4tSGFrMFk\/view?usp=sharing\" target=\"_blank\" rel=\"noopener noreferrer\">5. WaitRutesCefelin.<\/a><\/p>\n<p><a href=\"https:\/\/drive.google.com\/file\/d\/0B_DfR8li3DqcUkJPVDduWWNxSDQ\/view?usp=sharing\" target=\"_blank\" rel=\"noopener noreferrer\">6. Girs i rodes.<\/a><\/p>\n<p><a href=\"https:\/\/drive.google.com\/file\/d\/0B_DfR8li3DqcQllBaGpSQzJBRk0\/view?usp=sharing\" target=\"_blank\" rel=\"noopener noreferrer\">7. If.<\/a><\/p>\n<p><a href=\"https:\/\/drive.google.com\/file\/d\/0B_DfR8li3DqcRFc5dFN2S2M0UW8\/view?usp=sharing\" target=\"_blank\" rel=\"noopener noreferrer\">8. Publicitat.<\/a><\/p>\n<p><a href=\"https:\/\/drive.google.com\/file\/d\/0B_DfR8li3DqcSXFiV0phU0RiYUU\/view?usp=sharing\" target=\"_blank\" rel=\"noopener noreferrer\">12. Premi Espavila.\u00a0<\/a><\/p>\n","protected":false},"excerpt":{"rendered":"<p>Els\/Les alumnes de 6\u00e8 realitzen un projecte a trav\u00e9s de la Rob\u00f2tica, per entendre l&#8217;aplicaci\u00f3 de les matem\u00e0tiques a la vida real, al mateix temps treballant l&#8217;expressi\u00f3 escrita i oral, tot presentant en p\u00fablic el seu projecte i, per \u00faltim, saber treballar en equip per&hellip;  <a href=\"https:\/\/agora.xtec.cat\/ceipmil-lenari\/robotica\/\" title=\"Read Creaci\u00f3 d&#8217;una empresa per construir un robot pigall\">Llegeix m\u00e9s\u00bb<\/a><\/p>\n","protected":false},"author":1,"featured_media":0,"parent":0,"menu_order":0,"comment_status":"closed","ping_status":"closed","template":"","meta":{"_bbp_topic_count":0,"_bbp_reply_count":0,"_bbp_total_topic_count":0,"_bbp_total_reply_count":0,"_bbp_voice_count":0,"_bbp_anonymous_reply_count":0,"_bbp_topic_count_hidden":0,"_bbp_reply_count_hidden":0,"_bbp_forum_subforum_count":0,"footnotes":""},"class_list":["post-678","page","type-page","status-publish","hentry"],"post_mailing_queue_ids":[],"_links":{"self":[{"href":"https:\/\/agora.xtec.cat\/ceipmil-lenari\/wp-json\/wp\/v2\/pages\/678","targetHints":{"allow":["GET"]}}],"collection":[{"href":"https:\/\/agora.xtec.cat\/ceipmil-lenari\/wp-json\/wp\/v2\/pages"}],"about":[{"href":"https:\/\/agora.xtec.cat\/ceipmil-lenari\/wp-json\/wp\/v2\/types\/page"}],"author":[{"embeddable":true,"href":"https:\/\/agora.xtec.cat\/ceipmil-lenari\/wp-json\/wp\/v2\/users\/1"}],"replies":[{"embeddable":true,"href":"https:\/\/agora.xtec.cat\/ceipmil-lenari\/wp-json\/wp\/v2\/comments?post=678"}],"version-history":[{"count":5,"href":"https:\/\/agora.xtec.cat\/ceipmil-lenari\/wp-json\/wp\/v2\/pages\/678\/revisions"}],"predecessor-version":[{"id":11311,"href":"https:\/\/agora.xtec.cat\/ceipmil-lenari\/wp-json\/wp\/v2\/pages\/678\/revisions\/11311"}],"wp:attachment":[{"href":"https:\/\/agora.xtec.cat\/ceipmil-lenari\/wp-json\/wp\/v2\/media?parent=678"}],"curies":[{"name":"wp","href":"https:\/\/api.w.org\/{rel}","templated":true}]}}