{"id":7053,"date":"2020-03-24T18:55:42","date_gmt":"2020-03-24T17:55:42","guid":{"rendered":"http:\/\/agora.xtec.cat\/ceipmestregibert\/?page_id=7053"},"modified":"2020-03-24T20:41:09","modified_gmt":"2020-03-24T19:41:09","slug":"atencio-emocional","status":"publish","type":"page","link":"https:\/\/agora.xtec.cat\/ceipmestregibert\/projectes\/atencio-emocional\/","title":{"rendered":"Atenci\u00f3 emocional"},"content":{"rendered":"<p><span style=\"font-weight: 400;\">A l\u2019escola, a part de treballar dia a dia l\u2019educaci\u00f3 emocional a les tutories, les assemblees de classe, amb el Bosc de Lem\u2026 tamb\u00e9 la treballem amb les sessions d\u2019atenci\u00f3 emocional en petit grup.\u00a0<\/span><\/p>\n<p><span style=\"font-weight: 400;\">En aquestes sessions d\u2019atenci\u00f3 emocional, l\u2019alumnat que per un fet puntual o una necessitat m\u00e9s duradera, necessiten treballar les seves emocions de manera m\u00e9s espec\u00edfica, compten amb unes sessions, a l\u2019aula d\u2019atenci\u00f3 a la diversitat, on ha partir de petits grups de 3 o 4 alumnes i amb la supervisi\u00f3 i guia de la mestra d\u2019atenci\u00f3 a la diversitat, es realitzen jocs, es visualitzen curtmetratges, s\u2019estableixen di\u00e0legs entre iguals, es realitzen prop\u00f2sits a aconseguir\u2026 Activitats totes elles encaminades al treball de saber identificar i saber gestionar les pr\u00f2pies emocions.<\/span><\/p>\n<p>&nbsp;<\/p>\n<p><span style=\"font-weight: 400;\">Identificant, expressant i treballant les emocions sorgides, l\u2019infant va incorporant recursos que a poc a poc pot anar generalitzant a situacions de la seva vida quotidiana.<\/span><\/p>\n<p>&nbsp;<\/p>\n<p><span style=\"font-weight: 400;\">L\u2019infant amb intel\u00b7lig\u00e8ncia emocional confia en les seves capacitats, crea i mant\u00e9 relacions satisfact\u00f2ries, sap comunicar el que necessita, el que pensa i el que sent,\u00a0 est\u00e0 motivat per explorar, per afrontar desafiaments i per aprendre, aix\u00ed com tamb\u00e9 t\u00e9 en compte sentiments i les necessitats dels altres.<\/span><\/p>\n<p>&nbsp;<\/p>\n<p><span style=\"font-weight: 400;\">Habilitats que influeixen positivament en totes les \u00e0rees de la seva vida i en el seu desenvolupament escolar.\u00a0<\/span><\/p>\n<p>&nbsp;<\/p>\n<p><span style=\"font-weight: 400;\">Tenir bones habilitats emocionals influeix positivament en la capacitat reflexiva, l\u2019atenci\u00f3 i la flexibilitat cognitiva. En definitiva, en el bon rendiment escolar.<\/span><\/p>\n<p>&nbsp;<\/p>\n","protected":false},"excerpt":{"rendered":"<p>A l\u2019escola, a part de treballar dia a dia l\u2019educaci\u00f3 emocional a les tutories, les assemblees de classe, amb el Bosc de Lem\u2026 tamb\u00e9 la treballem amb les sessions d\u2019atenci\u00f3 emocional en petit grup.\u00a0<br \/>\nEn aquestes sessions d\u2019atenci\u00f3 emocional, l\u2019alumnat que per un fet puntual o&hellip;  <a href=\"https:\/\/agora.xtec.cat\/ceipmestregibert\/projectes\/atencio-emocional\/\" title=\"Read Atenci\u00f3 emocional\">Llegeix m\u00e9s\u00bb<\/a><\/p>\n","protected":false},"author":9,"featured_media":0,"parent":1025,"menu_order":0,"comment_status":"closed","ping_status":"closed","template":"page-templates\/side-menu.php","meta":{"_bbp_topic_count":0,"_bbp_reply_count":0,"_bbp_total_topic_count":0,"_bbp_total_reply_count":0,"_bbp_voice_count":0,"_bbp_anonymous_reply_count":0,"_bbp_topic_count_hidden":0,"_bbp_reply_count_hidden":0,"_bbp_forum_subforum_count":0,"footnotes":""},"class_list":["post-7053","page","type-page","status-publish","hentry"],"post_mailing_queue_ids":[],"_links":{"self":[{"href":"https:\/\/agora.xtec.cat\/ceipmestregibert\/wp-json\/wp\/v2\/pages\/7053","targetHints":{"allow":["GET"]}}],"collection":[{"href":"https:\/\/agora.xtec.cat\/ceipmestregibert\/wp-json\/wp\/v2\/pages"}],"about":[{"href":"https:\/\/agora.xtec.cat\/ceipmestregibert\/wp-json\/wp\/v2\/types\/page"}],"author":[{"embeddable":true,"href":"https:\/\/agora.xtec.cat\/ceipmestregibert\/wp-json\/wp\/v2\/users\/9"}],"replies":[{"embeddable":true,"href":"https:\/\/agora.xtec.cat\/ceipmestregibert\/wp-json\/wp\/v2\/comments?post=7053"}],"version-history":[{"count":1,"href":"https:\/\/agora.xtec.cat\/ceipmestregibert\/wp-json\/wp\/v2\/pages\/7053\/revisions"}],"predecessor-version":[{"id":7054,"href":"https:\/\/agora.xtec.cat\/ceipmestregibert\/wp-json\/wp\/v2\/pages\/7053\/revisions\/7054"}],"up":[{"embeddable":true,"href":"https:\/\/agora.xtec.cat\/ceipmestregibert\/wp-json\/wp\/v2\/pages\/1025"}],"wp:attachment":[{"href":"https:\/\/agora.xtec.cat\/ceipmestregibert\/wp-json\/wp\/v2\/media?parent=7053"}],"curies":[{"name":"wp","href":"https:\/\/api.w.org\/{rel}","templated":true}]}}