{"id":24,"date":"2014-09-18T12:23:15","date_gmt":"2014-09-18T11:23:15","guid":{"rendered":"http:\/\/agora.xtec.cat\/ceipmestregibert\/?page_id=24"},"modified":"2025-06-19T07:19:51","modified_gmt":"2025-06-19T05:19:51","slug":"on-som","status":"publish","type":"page","link":"https:\/\/agora.xtec.cat\/ceipmestregibert\/lescola\/on-som\/","title":{"rendered":"On som"},"content":{"rendered":"<p style=\"color: #666666;\"><strong>Escola\u00a0Mestre Enric Gibert i Camins<\/strong><br \/>\nCarrer Irlanda 15<br \/>\n08030\u00a0Barcelona<\/p>\n<p><b>Direcci\u00f3 i Cap d\u2019estudis: \u00a0 <\/b><span style=\"font-weight: 400;\">Horari concertat<\/span><\/p>\n<p><b>Comunicaci\u00f3 amb tutors\/es: <\/b><span style=\"font-weight: 400;\">Dinantia o l\u2019agenda dels vostres fills\/es<\/span><\/p>\n<p><b>Q\u00fcestions administratives<\/b><span style=\"font-weight: 400;\"> (canvis d\u2019adreces, tel\u00e8fons, dades banc\u00e0ries, sol.licitud de certificats, informaci\u00f3 sobre beques, gesti\u00f3 cita pr\u00e8via\u2026):<\/span><\/p>\n<ul>\n<li><span style=\"font-weight: 400;\">tel\u00e8fon: 933458649<\/span><\/li>\n<li>mail: <a style=\"font-family: inherit; font-size: 1em;\" href=\"mailto:secretaria@escolamestregibert.cat\">secretaria@escolamestregibert.cat<\/a><span style=\"font-weight: 400;\">\u00a0<\/span><\/li>\n<\/ul>\n<p><b>Menjador:<\/b><span style=\"font-weight: 400;\"> tots els dies de 9:00 a 10:30 h <\/span><\/p>\n<ul>\n<li><span style=\"font-weight: 400;\">tel\u00e8fon: 933117213 (podeu deixar el missatge al contestador autom\u00e0tic)<\/span><\/li>\n<li><span style=\"font-weight: 400;\">tel\u00e8fon: 691610323 (truqueu o envieu whatsapp)<\/span><\/li>\n<li>mail: <a style=\"font-family: inherit; font-size: 1em;\" href=\"mailto:mestregibertmenjadors@gmail.com\">mestregibertmenjadors@gmail.com<\/a><\/li>\n<\/ul>\n<p><b>AFA <\/b><span style=\"font-weight: 400;\">(informaci\u00f3 general, administrativa, activitats&#8230;): Dilluns, dimarts, dijous i divendres de 16:00 a 18:00 h<\/span><\/p>\n<ul>\n<li><span style=\"font-weight: 400;\">tel\u00e8fon: 933117213<\/span><\/li>\n<li>mail:\u00a0 <b><a href=\"mailto:administracio@mestregibert.cat\" target=\"_blank\" rel=\"noopener\">administracio@mestregibert.cat<\/a><wbr \/>\u00a0<\/b><\/li>\n<\/ul>\n<p><iframe loading=\"lazy\" src=\"https:\/\/www.google.com\/maps\/embed?pb=!1m18!1m12!1m3!1d2991.3624593028003!2d2.1834818154271476!3d41.431356279260086!2m3!1f0!2f0!3f0!3m2!1i1024!2i768!4f13.1!3m3!1m2!1s0x12a4bcd83c91e451%3A0x3dbd4124ce8ae5e4!2sEscola+Mestre+Enric+Gibert+i+Camins!5e0!3m2!1sca!2sus!4v1453656538976\" width=\"400\" height=\"300\" frameborder=\"0\"><\/iframe><\/p>\n<p><strong>Com arribar-hi:<\/strong><\/p>\n<p><strong>Metro:<\/strong> Estaci\u00f3 <strong>FABRA I PUIG<\/strong>\u00a0de la <strong><span style=\"color: #ff0000;\">L\u00ednia 1<\/span><\/strong><br \/>\n<b>Tren:\u00a0<\/b>Estaci\u00f3 SANT ANDREU ARENAL <strong><span style=\"color: #ff0000;\">R3<\/span><\/strong> &#8211; <strong><span style=\"color: #ff9900;\">R4<\/span><\/strong> &#8211; <strong><span style=\"color: #ff00ff;\">R7<\/span><\/strong><\/p>\n<p>&nbsp;<\/p>\n","protected":false},"excerpt":{"rendered":"<p>Escola\u00a0Mestre Enric Gibert i Camins<br \/>\nCarrer Irlanda 15<br \/>\n08030\u00a0Barcelona<br \/>\nDirecci\u00f3 i Cap d\u2019estudis: \u00a0 Horari concertat<br \/>\nComunicaci\u00f3 amb tutors\/es: Dinantia o l\u2019agenda dels vostres fills\/es<br \/>\nQ\u00fcestions administratives (canvis d\u2019adreces, tel\u00e8fons, dades banc\u00e0ries, sol.licitud de certificats, informaci\u00f3 sobre beques, gesti\u00f3 cita pr\u00e8via\u2026):<\/p>\n<ul>\n<li>tel\u00e8fon: 933458649<\/li>\n<li>mail: <a style=\"font-family: inherit; font-size: 1em;\" href=\"mailto:secretaria@escolamestregibert.cat\">secretaria@escolamestregibert.cat<\/a>\u00a0<\/li>\n<\/ul>\n<p>Menjador: tots els&hellip;  <a href=\"https:\/\/agora.xtec.cat\/ceipmestregibert\/lescola\/on-som\/\" title=\"Read On som\">Llegeix m\u00e9s\u00bb<\/a><\/p>\n","protected":false},"author":1,"featured_media":0,"parent":22,"menu_order":10,"comment_status":"closed","ping_status":"closed","template":"page-templates\/side-menu.php","meta":{"_bbp_topic_count":0,"_bbp_reply_count":0,"_bbp_total_topic_count":0,"_bbp_total_reply_count":0,"_bbp_voice_count":0,"_bbp_anonymous_reply_count":0,"_bbp_topic_count_hidden":0,"_bbp_reply_count_hidden":0,"_bbp_forum_subforum_count":0,"footnotes":""},"class_list":["post-24","page","type-page","status-publish","hentry"],"post_mailing_queue_ids":[],"_links":{"self":[{"href":"https:\/\/agora.xtec.cat\/ceipmestregibert\/wp-json\/wp\/v2\/pages\/24","targetHints":{"allow":["GET"]}}],"collection":[{"href":"https:\/\/agora.xtec.cat\/ceipmestregibert\/wp-json\/wp\/v2\/pages"}],"about":[{"href":"https:\/\/agora.xtec.cat\/ceipmestregibert\/wp-json\/wp\/v2\/types\/page"}],"author":[{"embeddable":true,"href":"https:\/\/agora.xtec.cat\/ceipmestregibert\/wp-json\/wp\/v2\/users\/1"}],"replies":[{"embeddable":true,"href":"https:\/\/agora.xtec.cat\/ceipmestregibert\/wp-json\/wp\/v2\/comments?post=24"}],"version-history":[{"count":5,"href":"https:\/\/agora.xtec.cat\/ceipmestregibert\/wp-json\/wp\/v2\/pages\/24\/revisions"}],"predecessor-version":[{"id":12014,"href":"https:\/\/agora.xtec.cat\/ceipmestregibert\/wp-json\/wp\/v2\/pages\/24\/revisions\/12014"}],"up":[{"embeddable":true,"href":"https:\/\/agora.xtec.cat\/ceipmestregibert\/wp-json\/wp\/v2\/pages\/22"}],"wp:attachment":[{"href":"https:\/\/agora.xtec.cat\/ceipmestregibert\/wp-json\/wp\/v2\/media?parent=24"}],"curies":[{"name":"wp","href":"https:\/\/api.w.org\/{rel}","templated":true}]}}