{"id":6013,"date":"2020-05-07T19:55:43","date_gmt":"2020-05-07T17:55:43","guid":{"rendered":"http:\/\/agora.xtec.cat\/ceipmestral\/?page_id=6013"},"modified":"2025-02-19T10:01:01","modified_gmt":"2025-02-19T09:01:01","slug":"funcionament","status":"publish","type":"page","link":"https:\/\/agora.xtec.cat\/ceipmestral\/funcionament\/","title":{"rendered":"Organitzaci\u00f3 i gesti\u00f3 del centre"},"content":{"rendered":"<p>Els documents d&#8217;organitzaci\u00f3 i gesti\u00f3 del centre s\u00f3n els seg\u00fcents:<\/p>\n<ul>\n<li>Projecte Educatiu de Centre (PEC)<\/li>\n<li>Normes d&#8217;organitzaci\u00f3 i Funcionament (NOFC)<\/li>\n<li>Projecte Ling\u00fc\u00edstic<\/li>\n<li>Projecte de conviv\u00e8ncia<\/li>\n<li>Estrat\u00e8gia digital de centre (EDC)<\/li>\n<li>Pla de comunicaci\u00f3<\/li>\n<\/ul>\n","protected":false},"excerpt":{"rendered":"<p>Els documents d&#8217;organitzaci\u00f3 i gesti\u00f3 del centre s\u00f3n els seg\u00fcents:<\/p>\n<ul>\n<li>Projecte Educatiu de Centre (PEC)<\/li>\n<li>Normes d&#8217;organitzaci\u00f3 i Funcionament (NOFC)<\/li>\n<li>Projecte Ling\u00fc\u00edstic<\/li>\n<li>Projecte de conviv\u00e8ncia<\/li>\n<li>Estrat\u00e8gia digital de centre (EDC)<\/li>\n<li>Pla de comunicaci\u00f3<\/li>\n<\/ul>\n","protected":false},"author":1,"featured_media":0,"parent":0,"menu_order":2,"comment_status":"closed","ping_status":"closed","template":"","meta":{"_bbp_topic_count":0,"_bbp_reply_count":0,"_bbp_total_topic_count":0,"_bbp_total_reply_count":0,"_bbp_voice_count":0,"_bbp_anonymous_reply_count":0,"_bbp_topic_count_hidden":0,"_bbp_reply_count_hidden":0,"_bbp_forum_subforum_count":0,"footnotes":""},"class_list":["post-6013","page","type-page","status-publish","hentry"],"post_mailing_queue_ids":[],"_links":{"self":[{"href":"https:\/\/agora.xtec.cat\/ceipmestral\/wp-json\/wp\/v2\/pages\/6013","targetHints":{"allow":["GET"]}}],"collection":[{"href":"https:\/\/agora.xtec.cat\/ceipmestral\/wp-json\/wp\/v2\/pages"}],"about":[{"href":"https:\/\/agora.xtec.cat\/ceipmestral\/wp-json\/wp\/v2\/types\/page"}],"author":[{"embeddable":true,"href":"https:\/\/agora.xtec.cat\/ceipmestral\/wp-json\/wp\/v2\/users\/1"}],"replies":[{"embeddable":true,"href":"https:\/\/agora.xtec.cat\/ceipmestral\/wp-json\/wp\/v2\/comments?post=6013"}],"version-history":[{"count":6,"href":"https:\/\/agora.xtec.cat\/ceipmestral\/wp-json\/wp\/v2\/pages\/6013\/revisions"}],"predecessor-version":[{"id":8606,"href":"https:\/\/agora.xtec.cat\/ceipmestral\/wp-json\/wp\/v2\/pages\/6013\/revisions\/8606"}],"wp:attachment":[{"href":"https:\/\/agora.xtec.cat\/ceipmestral\/wp-json\/wp\/v2\/media?parent=6013"}],"curies":[{"name":"wp","href":"https:\/\/api.w.org\/{rel}","templated":true}]}}