{"id":5528,"date":"2020-03-15T21:43:52","date_gmt":"2020-03-15T20:43:52","guid":{"rendered":"https:\/\/agora.xtec.cat\/ceipmescolacasas\/?page_id=5528"},"modified":"2026-04-09T12:56:35","modified_gmt":"2026-04-09T10:56:35","slug":"equip-huma-2019-2020","status":"publish","type":"page","link":"https:\/\/agora.xtec.cat\/ceipmescolacasas\/curs-actual\/equip-huma-2019-2020\/","title":{"rendered":"Equip hum\u00e0 2025-2026"},"content":{"rendered":"<p><strong>Equip directiu:<\/strong><\/p>\n<ul>\n<li>Directora: Laura Rodr\u00edguez<\/li>\n<li>Cap d&#8217;estudis: Roser Gonz\u00e1lez<\/li>\n<li>Secret\u00e0ria: Laura Muncunill<\/li>\n<\/ul>\n<p><strong>Educaci\u00f3 Infantil:<\/strong><\/p>\n<ul>\n<li>Tutora d&#8217;I3: Sergio Bern\u00e1rdez<\/li>\n<li>T\u00e8cnica d&#8217;Educaci\u00f3 Infantil: Pepi S\u00e1nchez<\/li>\n<li>Tutora d&#8217;I4: N\u00faria Luna<\/li>\n<li>Tutora d&#8217;I5: Laura Fern\u00e1ndez<\/li>\n<li>Mestres de suport d&#8217;Educaci\u00f3 Infantil: Anabel Valenzuela i Pilar Prieto<\/li>\n<li>Coordinadora: N\u00faria Luna<\/li>\n<\/ul>\n<p><strong>Educaci\u00f3 Prim\u00e0ria<\/strong><\/p>\n<ul>\n<li>Tutor de 1r Prim\u00e0ria: Ferran Serra<\/li>\n<li>Tutora de 2n Prim\u00e0ria: Andrea Alba<\/li>\n<li>Tutores de 3r Prim\u00e0ria: S\u00edlvia Ma\u00f1ach<\/li>\n<li>Tutora de 4t Prim\u00e0ria: Anna Barbancho<\/li>\n<li>Tutora de 5\u00e8 Prim\u00e0ria: N\u00faria Marco<\/li>\n<li>Tutora de 6\u00e8 Prim\u00e0ria: Laura Muncunill<\/li>\n<li>Mestre d\u2019Angl\u00e8s: Juan Carlos Medina<\/li>\n<li>Mestre d\u2019Educaci\u00f3 F\u00edsica i psicomotricitat: Miquel \u00c0. de la Torre<\/li>\n<li>Mestra M\u00fasica: Cl\u00e0udia Cantero<\/li>\n<li>Mestres d&#8217;atenci\u00f3 a la diversitat: Anna Lacambra (I4 a 5\u00e8) i Roser Gonz\u00e1lez (I3 i 6\u00e8)<\/li>\n<li>Coordinadores: Anna Lacambra i Anna Barbancho<\/li>\n<\/ul>\n<p>Col\u00b7laboradora al centre de l\u2019Equip d\u2019Assessorament Psicopedag\u00f2gic del Districte: Ricard Flores<\/p>\n<p><strong>Personal no docent<\/strong><\/p>\n<ul>\n<li>Administrativa: Marta Porras<\/li>\n<li>Conserge: Judith Soldevila<\/li>\n<\/ul>\n","protected":false},"excerpt":{"rendered":"<p>Equip directiu: Directora: Laura Rodr\u00edguez Cap d&#8217;estudis: Roser Gonz\u00e1lez Secret\u00e0ria: Laura Muncunill Educaci\u00f3 Infantil: Tutora d&#8217;I3: Sergio Bern\u00e1rdez T\u00e8cnica d&#8217;Educaci\u00f3 Infantil: Pepi S\u00e1nchez Tutora d&#8217;I4: N\u00faria Luna Tutora d&#8217;I5: Laura Fern\u00e1ndez Mestres de suport d&#8217;Educaci\u00f3 Infantil: Anabel Valenzuela i Pilar Prieto Coordinadora: N\u00faria Luna Educaci\u00f3 Prim\u00e0ria Tutor de 1r Prim\u00e0ria: Ferran Serra Tutora de 2n [&hellip;]<\/p>\n","protected":false},"author":1,"featured_media":0,"parent":20117,"menu_order":0,"comment_status":"closed","ping_status":"closed","template":"","meta":{"_bbp_topic_count":0,"_bbp_reply_count":0,"_bbp_total_topic_count":0,"_bbp_total_reply_count":0,"_bbp_voice_count":0,"_bbp_anonymous_reply_count":0,"_bbp_topic_count_hidden":0,"_bbp_reply_count_hidden":0,"_bbp_forum_subforum_count":0,"site-sidebar-layout":"left-sidebar","site-content-layout":"","ast-site-content-layout":"default","site-content-style":"default","site-sidebar-style":"default","ast-global-header-display":"","ast-banner-title-visibility":"","ast-main-header-display":"","ast-hfb-above-header-display":"","ast-hfb-below-header-display":"","ast-hfb-mobile-header-display":"","site-post-title":"","ast-breadcrumbs-content":"","ast-featured-img":"","footer-sml-layout":"","theme-transparent-header-meta":"","adv-header-id-meta":"","stick-header-meta":"","header-above-stick-meta":"","header-main-stick-meta":"","header-below-stick-meta":"","astra-migrate-meta-layouts":"set","ast-page-background-enabled":"default","ast-page-background-meta":{"desktop":{"background-color":"var(--ast-global-color-4)","background-image":"","background-repeat":"repeat","background-position":"center center","background-size":"auto","background-attachment":"scroll","background-type":"","background-media":"","overlay-type":"","overlay-color":"","overlay-opacity":"","overlay-gradient":""},"tablet":{"background-color":"","background-image":"","background-repeat":"repeat","background-position":"center center","background-size":"auto","background-attachment":"scroll","background-type":"","background-media":"","overlay-type":"","overlay-color":"","overlay-opacity":"","overlay-gradient":""},"mobile":{"background-color":"","background-image":"","background-repeat":"repeat","background-position":"center center","background-size":"auto","background-attachment":"scroll","background-type":"","background-media":"","overlay-type":"","overlay-color":"","overlay-opacity":"","overlay-gradient":""}},"ast-content-background-meta":{"desktop":{"background-color":"var(--ast-global-color-5)","background-image":"","background-repeat":"repeat","background-position":"center center","background-size":"auto","background-attachment":"scroll","background-type":"","background-media":"","overlay-type":"","overlay-color":"","overlay-opacity":"","overlay-gradient":""},"tablet":{"background-color":"var(--ast-global-color-5)","background-image":"","background-repeat":"repeat","background-position":"center center","background-size":"auto","background-attachment":"scroll","background-type":"","background-media":"","overlay-type":"","overlay-color":"","overlay-opacity":"","overlay-gradient":""},"mobile":{"background-color":"var(--ast-global-color-5)","background-image":"","background-repeat":"repeat","background-position":"center center","background-size":"auto","background-attachment":"scroll","background-type":"","background-media":"","overlay-type":"","overlay-color":"","overlay-opacity":"","overlay-gradient":""}},"footnotes":""},"class_list":["post-5528","page","type-page","status-publish","hentry"],"post_mailing_queue_ids":[],"_links":{"self":[{"href":"https:\/\/agora.xtec.cat\/ceipmescolacasas\/wp-json\/wp\/v2\/pages\/5528","targetHints":{"allow":["GET"]}}],"collection":[{"href":"https:\/\/agora.xtec.cat\/ceipmescolacasas\/wp-json\/wp\/v2\/pages"}],"about":[{"href":"https:\/\/agora.xtec.cat\/ceipmescolacasas\/wp-json\/wp\/v2\/types\/page"}],"author":[{"embeddable":true,"href":"https:\/\/agora.xtec.cat\/ceipmescolacasas\/wp-json\/wp\/v2\/users\/1"}],"replies":[{"embeddable":true,"href":"https:\/\/agora.xtec.cat\/ceipmescolacasas\/wp-json\/wp\/v2\/comments?post=5528"}],"version-history":[{"count":6,"href":"https:\/\/agora.xtec.cat\/ceipmescolacasas\/wp-json\/wp\/v2\/pages\/5528\/revisions"}],"predecessor-version":[{"id":20213,"href":"https:\/\/agora.xtec.cat\/ceipmescolacasas\/wp-json\/wp\/v2\/pages\/5528\/revisions\/20213"}],"up":[{"embeddable":true,"href":"https:\/\/agora.xtec.cat\/ceipmescolacasas\/wp-json\/wp\/v2\/pages\/20117"}],"wp:attachment":[{"href":"https:\/\/agora.xtec.cat\/ceipmescolacasas\/wp-json\/wp\/v2\/media?parent=5528"}],"curies":[{"name":"wp","href":"https:\/\/api.w.org\/{rel}","templated":true}]}}