{"id":34,"date":"2014-09-18T12:32:18","date_gmt":"2014-09-18T11:32:18","guid":{"rendered":"http:\/\/agora.xtec.cat\/ceipmelspins\/?page_id=34"},"modified":"2020-05-12T16:19:06","modified_gmt":"2020-05-12T14:19:06","slug":"oferta-educativa","status":"publish","type":"page","link":"https:\/\/agora.xtec.cat\/ceipmelspins\/lescola\/oferta-educativa\/","title":{"rendered":"Oferta educativa"},"content":{"rendered":"<p>A\u00a0l&#8217;escola Els Pins us oferim l&#8217;escolaritzaci\u00f3 des d&#8217;educaci\u00f3 infantil fins a prim\u00e0ria (de 3 a 12 anys):<\/p>\n<p><strong>Eduaci\u00f3 infantil:<\/strong> P3, P4 i P5<\/p>\n<p><strong>Educaci\u00f3 prim\u00e0ria:<\/strong> 1r, 2n, 3r, 4t, 5\u00e8, 6\u00e8<\/p>\n<p><strong>Educaci\u00f3 secund\u00e0ria<\/strong>: Despr\u00e9s de la prim\u00e0ria, els nostre alumnat pot accedir als instituts adscrits al nostre centre.<\/p>\n<ul>\n<li>Narc\u00eds Monturiol<\/li>\n<li>Anna Gironella de Mundet<\/li>\n<\/ul>\n","protected":false},"excerpt":{"rendered":"<p>A\u00a0l&#8217;escola Els Pins us oferim l&#8217;escolaritzaci\u00f3 des d&#8217;educaci\u00f3 infantil fins a prim\u00e0ria (de 3 a 12 anys):<br \/>\nEduaci\u00f3 infantil: P3, P4 i P5<br \/>\nEducaci\u00f3 prim\u00e0ria: 1r, 2n, 3r, 4t, 5\u00e8, 6\u00e8<br \/>\nEducaci\u00f3 secund\u00e0ria: Despr\u00e9s de la prim\u00e0ria, els nostre alumnat pot accedir als instituts adscrits al nostre centre.<\/p>\n<ul>\n<li>Narc\u00eds&hellip;  <a href=\"https:\/\/agora.xtec.cat\/ceipmelspins\/lescola\/oferta-educativa\/\" title=\"Read Oferta educativa\">Llegeix m\u00e9s\u00bb<\/a><br \/>\n","protected":false},"author":1,"featured_media":0,"parent":22,"menu_order":15,"comment_status":"closed","ping_status":"closed","template":"page-templates\/side-menu.php","meta":{"_bbp_topic_count":0,"_bbp_reply_count":0,"_bbp_total_topic_count":0,"_bbp_total_reply_count":0,"_bbp_voice_count":0,"_bbp_anonymous_reply_count":0,"_bbp_topic_count_hidden":0,"_bbp_reply_count_hidden":0,"_bbp_forum_subforum_count":0,"footnotes":""},"class_list":["post-34","page","type-page","status-publish","hentry"],"post_mailing_queue_ids":[],"_links":{"self":[{"href":"https:\/\/agora.xtec.cat\/ceipmelspins\/wp-json\/wp\/v2\/pages\/34","targetHints":{"allow":["GET"]}}],"collection":[{"href":"https:\/\/agora.xtec.cat\/ceipmelspins\/wp-json\/wp\/v2\/pages"}],"about":[{"href":"https:\/\/agora.xtec.cat\/ceipmelspins\/wp-json\/wp\/v2\/types\/page"}],"author":[{"embeddable":true,"href":"https:\/\/agora.xtec.cat\/ceipmelspins\/wp-json\/wp\/v2\/users\/1"}],"replies":[{"embeddable":true,"href":"https:\/\/agora.xtec.cat\/ceipmelspins\/wp-json\/wp\/v2\/comments?post=34"}],"version-history":[{"count":4,"href":"https:\/\/agora.xtec.cat\/ceipmelspins\/wp-json\/wp\/v2\/pages\/34\/revisions"}],"predecessor-version":[{"id":13302,"href":"https:\/\/agora.xtec.cat\/ceipmelspins\/wp-json\/wp\/v2\/pages\/34\/revisions\/13302"}],"up":[{"embeddable":true,"href":"https:\/\/agora.xtec.cat\/ceipmelspins\/wp-json\/wp\/v2\/pages\/22"}],"wp:attachment":[{"href":"https:\/\/agora.xtec.cat\/ceipmelspins\/wp-json\/wp\/v2\/media?parent=34"}],"curies":[{"name":"wp","href":"https:\/\/api.w.org\/{rel}","templated":true}]}}