{"id":22,"date":"2014-09-18T12:19:57","date_gmt":"2014-09-18T11:19:57","guid":{"rendered":"http:\/\/agora.xtec.cat\/ceipmelspins\/?page_id=22"},"modified":"2018-02-01T10:30:36","modified_gmt":"2018-02-01T09:30:36","slug":"lescola","status":"publish","type":"page","link":"https:\/\/agora.xtec.cat\/ceipmelspins\/lescola\/","title":{"rendered":"L&#8217;escola"},"content":{"rendered":"<p style=\"text-align: justify;\">L&#8217;escola Els Pins \u00e9s un centre municipal d&#8217;educaci\u00f3 infantil i de prim\u00e0ria d&#8217;una sola l\u00ednia amb 220 alumnes. Est\u00e0 ubicada en un indret amb un entorn privilegiat de Barcelona, dins el recinte de les Llars Mundet del districte municipal Horta-Guinard\u00f3 i del barri de Montbau, amb parcs i boscos que permeten gaudir d&#8217;un espai \u00fanic dins de la ciutat.<\/p>\n<p style=\"text-align: justify;\">Dins el mateix recinte tamb\u00e9 hi ha l&#8217;Institut Anna Gironella Mundet, l&#8217;escola Bressol l&#8217;Arbo\u00e7 i el centre d&#8217;educaci\u00f3 espacial La Ginesta que, juntament amb la nostra escola Els Pins, completen una zona educativa amb una oferta de 0 a 18 anys. Des de l&#8217;escola intercanviem experi\u00e8ncies, compartim espais i col\u00b7laborem en activitats per ajudar-nos entre els centres de la zona. Fem aix\u00ed una zona educativa de totes les edats.<\/p>\n<p style=\"text-align: justify;\">L&#8217;escola Els Pins actualment ofereix un projecte educatiu per a les etapes de segon cicle d&#8217;educaci\u00f3 infantil i de prim\u00e0ria, per a 75 infants a infantil i 150 a prim\u00e0ria.<\/p>\n<p style=\"text-align: justify;\">El centre es va iniciar l&#8217;any 1983 despr\u00e9s de la fusi\u00f3 de les escoles Pins, Oliveres i l&#8217;Alzina del mateix recinte Mundet. L&#8217;escola ha estat gestionada per diferents administracions: la Diputaci\u00f3 de Barcelona, Ajuntament de Barcelona i actualment forma part del conjunt d&#8217;escoles p\u00fabliques del Consorci d&#8217;Educaci\u00f3 de la ciutat de Barcelona.<\/p>\n<p style=\"text-align: justify;\"><a href=\"http:\/\/agora.xtec.cat\/ceipmelspins\/wp-content\/uploads\/usu704\/2014\/09\/DSC_0066.jpg\"><img loading=\"lazy\" decoding=\"async\" class=\"aligncenter size-full wp-image-1396\" src=\"http:\/\/agora.xtec.cat\/ceipmelspins\/wp-content\/uploads\/usu704\/2014\/09\/DSC_0066.jpg\" alt=\"Cercle a la placeta\" width=\"640\" height=\"426\" srcset=\"https:\/\/agora.xtec.cat\/ceipmelspins\/wp-content\/uploads\/usu704\/2014\/09\/DSC_0066.jpg 640w, https:\/\/agora.xtec.cat\/ceipmelspins\/wp-content\/uploads\/usu704\/2014\/09\/DSC_0066-300x200.jpg 300w\" sizes=\"auto, (max-width: 640px) 100vw, 640px\" \/><\/a><\/p>\n","protected":false},"excerpt":{"rendered":"<p>L&#8217;escola Els Pins \u00e9s un centre municipal d&#8217;educaci\u00f3 infantil i de prim\u00e0ria d&#8217;una sola l\u00ednia amb 220 alumnes. Est\u00e0 ubicada en un indret amb un entorn privilegiat de Barcelona, dins el recinte de les Llars Mundet del districte municipal Horta-Guinard\u00f3 i del barri de Montbau,&hellip;  <a href=\"https:\/\/agora.xtec.cat\/ceipmelspins\/lescola\/\" title=\"Read L&#8217;escola\">Llegeix m\u00e9s\u00bb<\/a><\/p>\n","protected":false},"author":1,"featured_media":0,"parent":0,"menu_order":0,"comment_status":"closed","ping_status":"closed","template":"page-templates\/side-menu.php","meta":{"_bbp_topic_count":0,"_bbp_reply_count":0,"_bbp_total_topic_count":0,"_bbp_total_reply_count":0,"_bbp_voice_count":0,"_bbp_anonymous_reply_count":0,"_bbp_topic_count_hidden":0,"_bbp_reply_count_hidden":0,"_bbp_forum_subforum_count":0,"footnotes":""},"class_list":["post-22","page","type-page","status-publish","hentry"],"post_mailing_queue_ids":[],"_links":{"self":[{"href":"https:\/\/agora.xtec.cat\/ceipmelspins\/wp-json\/wp\/v2\/pages\/22","targetHints":{"allow":["GET"]}}],"collection":[{"href":"https:\/\/agora.xtec.cat\/ceipmelspins\/wp-json\/wp\/v2\/pages"}],"about":[{"href":"https:\/\/agora.xtec.cat\/ceipmelspins\/wp-json\/wp\/v2\/types\/page"}],"author":[{"embeddable":true,"href":"https:\/\/agora.xtec.cat\/ceipmelspins\/wp-json\/wp\/v2\/users\/1"}],"replies":[{"embeddable":true,"href":"https:\/\/agora.xtec.cat\/ceipmelspins\/wp-json\/wp\/v2\/comments?post=22"}],"version-history":[{"count":3,"href":"https:\/\/agora.xtec.cat\/ceipmelspins\/wp-json\/wp\/v2\/pages\/22\/revisions"}],"predecessor-version":[{"id":7186,"href":"https:\/\/agora.xtec.cat\/ceipmelspins\/wp-json\/wp\/v2\/pages\/22\/revisions\/7186"}],"wp:attachment":[{"href":"https:\/\/agora.xtec.cat\/ceipmelspins\/wp-json\/wp\/v2\/media?parent=22"}],"curies":[{"name":"wp","href":"https:\/\/api.w.org\/{rel}","templated":true}]}}