{"id":4657,"date":"2023-02-16T15:54:22","date_gmt":"2023-02-16T14:54:22","guid":{"rendered":"https:\/\/agora.xtec.cat\/ceipmediterraniacornella\/?page_id=4657"},"modified":"2023-04-19T15:48:08","modified_gmt":"2023-04-19T13:48:08","slug":"linia-educativa","status":"publish","type":"page","link":"https:\/\/agora.xtec.cat\/ceipmediterraniacornella\/documents-escola\/linia-educativa\/","title":{"rendered":"Convenis"},"content":{"rendered":"<ul>\n<li><a href=\"https:\/\/drive.google.com\/file\/d\/1PzKyhsfzf1kyNVBLV912KkzAPXwlhufg\/view?usp=share_link\" target=\"_blank\" rel=\"noopener\">Conveni Ajuntament Projecte Euronet 50&#215;50<\/a><\/li>\n<li><a href=\"https:\/\/drive.google.com\/file\/d\/1EwZTCa-XdyXCzORGAiTVKY0ULmb8GIvd\/view?usp=share_link\" target=\"_blank\" rel=\"noopener\">Conveni pr\u00e0ctiques IES Esteve Terradas<\/a><\/li>\n<li><a href=\"https:\/\/drive.google.com\/file\/d\/11Ic-KbrqvL5U6nDnDQnDl9qRhKz-CWOn\/view?usp=share_link\" target=\"_blank\" rel=\"noopener\">Conveni pr\u00e0ctiques IES Severo Ochoa (1)<\/a><\/li>\n<li><a href=\"https:\/\/drive.google.com\/file\/d\/1W7XXxR24BopjqxS6AuDi_0uIlqwLCWeo\/view?usp=share_link\" target=\"_blank\" rel=\"noopener\">Conveni pr\u00e0ctiques IES Severo Ochoa (2)<\/a><\/li>\n<li><a href=\"https:\/\/drive.google.com\/file\/d\/1ePXgNwyNByDrcFisstrkXFOkBU9JgLO8\/view?usp=share_link\" target=\"_blank\" rel=\"noopener\">Conveni pr\u00e0ctiques UB (1)<\/a><\/li>\n<li><a href=\"https:\/\/drive.google.com\/file\/d\/1sEacCpDaPNgIK0fPL2GtUvP7d9uW0m-x\/view?usp=share_link\" target=\"_blank\" rel=\"noopener\">Conveni pr\u00e0ctiques UB (2)<\/a><\/li>\n<\/ul>\n","protected":false},"excerpt":{"rendered":"<p>Conveni Ajuntament Projecte Euronet 50&#215;50 Conveni pr\u00e0ctiques IES Esteve Terradas Conveni pr\u00e0ctiques IES Severo Ochoa (1) Conveni pr\u00e0ctiques IES Severo Ochoa (2) Conveni pr\u00e0ctiques UB (1) Conveni pr\u00e0ctiques UB (2)<\/p>\n","protected":false},"author":1,"featured_media":0,"parent":4633,"menu_order":6,"comment_status":"closed","ping_status":"closed","template":"page-templates\/side-menu.php","meta":{"_bbp_topic_count":0,"_bbp_reply_count":0,"_bbp_total_topic_count":0,"_bbp_total_reply_count":0,"_bbp_voice_count":0,"_bbp_anonymous_reply_count":0,"_bbp_topic_count_hidden":0,"_bbp_reply_count_hidden":0,"_bbp_forum_subforum_count":0,"site-sidebar-layout":"default","site-content-layout":"","ast-site-content-layout":"","site-content-style":"default","site-sidebar-style":"default","ast-global-header-display":"","ast-banner-title-visibility":"","ast-main-header-display":"","ast-hfb-above-header-display":"","ast-hfb-below-header-display":"","ast-hfb-mobile-header-display":"","site-post-title":"","ast-breadcrumbs-content":"","ast-featured-img":"","footer-sml-layout":"","theme-transparent-header-meta":"","adv-header-id-meta":"","stick-header-meta":"","header-above-stick-meta":"","header-main-stick-meta":"","header-below-stick-meta":"","astra-migrate-meta-layouts":"default","ast-page-background-enabled":"default","ast-page-background-meta":{"desktop":{"background-color":"var(--ast-global-color-4)","background-image":"","background-repeat":"repeat","background-position":"center center","background-size":"auto","background-attachment":"scroll","background-type":"","background-media":"","overlay-type":"","overlay-color":"","overlay-opacity":"","overlay-gradient":""},"tablet":{"background-color":"","background-image":"","background-repeat":"repeat","background-position":"center center","background-size":"auto","background-attachment":"scroll","background-type":"","background-media":"","overlay-type":"","overlay-color":"","overlay-opacity":"","overlay-gradient":""},"mobile":{"background-color":"","background-image":"","background-repeat":"repeat","background-position":"center center","background-size":"auto","background-attachment":"scroll","background-type":"","background-media":"","overlay-type":"","overlay-color":"","overlay-opacity":"","overlay-gradient":""}},"ast-content-background-meta":{"desktop":{"background-color":"var(--ast-global-color-5)","background-image":"","background-repeat":"repeat","background-position":"center center","background-size":"auto","background-attachment":"scroll","background-type":"","background-media":"","overlay-type":"","overlay-color":"","overlay-opacity":"","overlay-gradient":""},"tablet":{"background-color":"var(--ast-global-color-5)","background-image":"","background-repeat":"repeat","background-position":"center center","background-size":"auto","background-attachment":"scroll","background-type":"","background-media":"","overlay-type":"","overlay-color":"","overlay-opacity":"","overlay-gradient":""},"mobile":{"background-color":"var(--ast-global-color-5)","background-image":"","background-repeat":"repeat","background-position":"center center","background-size":"auto","background-attachment":"scroll","background-type":"","background-media":"","overlay-type":"","overlay-color":"","overlay-opacity":"","overlay-gradient":""}},"footnotes":""},"class_list":["post-4657","page","type-page","status-publish","hentry"],"post_mailing_queue_ids":[],"_links":{"self":[{"href":"https:\/\/agora.xtec.cat\/ceipmediterraniacornella\/wp-json\/wp\/v2\/pages\/4657","targetHints":{"allow":["GET"]}}],"collection":[{"href":"https:\/\/agora.xtec.cat\/ceipmediterraniacornella\/wp-json\/wp\/v2\/pages"}],"about":[{"href":"https:\/\/agora.xtec.cat\/ceipmediterraniacornella\/wp-json\/wp\/v2\/types\/page"}],"author":[{"embeddable":true,"href":"https:\/\/agora.xtec.cat\/ceipmediterraniacornella\/wp-json\/wp\/v2\/users\/1"}],"replies":[{"embeddable":true,"href":"https:\/\/agora.xtec.cat\/ceipmediterraniacornella\/wp-json\/wp\/v2\/comments?post=4657"}],"version-history":[{"count":3,"href":"https:\/\/agora.xtec.cat\/ceipmediterraniacornella\/wp-json\/wp\/v2\/pages\/4657\/revisions"}],"predecessor-version":[{"id":4828,"href":"https:\/\/agora.xtec.cat\/ceipmediterraniacornella\/wp-json\/wp\/v2\/pages\/4657\/revisions\/4828"}],"up":[{"embeddable":true,"href":"https:\/\/agora.xtec.cat\/ceipmediterraniacornella\/wp-json\/wp\/v2\/pages\/4633"}],"wp:attachment":[{"href":"https:\/\/agora.xtec.cat\/ceipmediterraniacornella\/wp-json\/wp\/v2\/media?parent=4657"}],"curies":[{"name":"wp","href":"https:\/\/api.w.org\/{rel}","templated":true}]}}