{"id":4309,"date":"2024-11-13T14:27:24","date_gmt":"2024-11-13T13:27:24","guid":{"rendered":"https:\/\/agora.xtec.cat\/ceipmediterrania\/?page_id=4309"},"modified":"2025-09-03T09:31:36","modified_gmt":"2025-09-03T07:31:36","slug":"calendari-2024-2025","status":"publish","type":"page","link":"https:\/\/agora.xtec.cat\/ceipmediterrania\/calendari-2024-2025\/","title":{"rendered":"Calendari 2025-2026"},"content":{"rendered":"\n<figure class=\"wp-block-image size-full\"><a href=\"https:\/\/agora.xtec.cat\/ceipmediterrania\/wp-content\/uploads\/usu1771\/2023\/06\/claendari.jpg\"><img loading=\"lazy\" decoding=\"async\" width=\"960\" height=\"230\" src=\"https:\/\/agora.xtec.cat\/ceipmediterrania\/wp-content\/uploads\/usu1771\/2023\/06\/claendari.jpg\" alt=\"\" class=\"wp-image-3073\" srcset=\"https:\/\/agora.xtec.cat\/ceipmediterrania\/wp-content\/uploads\/usu1771\/2023\/06\/claendari.jpg 960w, https:\/\/agora.xtec.cat\/ceipmediterrania\/wp-content\/uploads\/usu1771\/2023\/06\/claendari-300x72.jpg 300w, https:\/\/agora.xtec.cat\/ceipmediterrania\/wp-content\/uploads\/usu1771\/2023\/06\/claendari-768x184.jpg 768w\" sizes=\"auto, (max-width: 960px) 100vw, 960px\" \/><\/a><\/figure>\n\n\n\n<div class=\"wp-block-getwid-tabs\" data-active-tab=\"0\"><ul class=\"wp-block-getwid-tabs__nav-links\"><\/ul>\n<div class=\"wp-block-getwid-tabs__nav-link\"><span class=\"wp-block-getwid-tabs__title-wrapper\"><a href=\"#\"><span class=\"wp-block-getwid-tabs__title\">Horari del centre.<\/span><\/a><\/span><\/div><div class=\"wp-block-getwid-tabs__tab-content-wrapper\"><div class=\"wp-block-getwid-tabs__tab-content\">\n<p>L&#8217;horari lectiu \u00e9s de 9 a 12:30h i de 15h a 16:30h.<\/p>\n<\/div><\/div>\n\n\n\n<div class=\"wp-block-getwid-tabs__nav-link\"><span class=\"wp-block-getwid-tabs__title-wrapper\"><a href=\"#\"><span class=\"wp-block-getwid-tabs__title\">Horari jornada compactada.<\/span><\/a><\/span><\/div><div class=\"wp-block-getwid-tabs__tab-content-wrapper\"><div class=\"wp-block-getwid-tabs__tab-content\">\n<p>Els dies d&#8217;horari compactat l\u00b4horari \u00e9s de 9h a 13h. Els alumnes que utilitzen el servei de menjador surten a les 15h.<\/p>\n<\/div><\/div>\n\n\n\n<div class=\"wp-block-getwid-tabs__nav-link\"><span class=\"wp-block-getwid-tabs__title-wrapper\"><a href=\"#\"><span class=\"wp-block-getwid-tabs__title\">Adaptaci\u00f3 Educaci\u00f3 Infantil.<\/span><\/a><\/span><\/div><div class=\"wp-block-getwid-tabs__tab-content-wrapper\"><div class=\"wp-block-getwid-tabs__tab-content\">\n<p>Per l&#8217;alumnat que inicia l&#8217;escolaritzaci\u00f3 a I3 s&#8217;organitza un breu per\u00edode d&#8217;adaptaci\u00f3 que suposa una certa modificaci\u00f3 dels horaris la primera setmana de classes, i que es fa saber a les fam\u00edlies en les reunions pr\u00e8vies corresponents.<\/p>\n<\/div><\/div>\n\n\n\n<div class=\"wp-block-getwid-tabs__nav-link\"><span class=\"wp-block-getwid-tabs__title-wrapper\"><a href=\"#\"><span class=\"wp-block-getwid-tabs__title\">Inici de curs<\/span><\/a><\/span><\/div><div class=\"wp-block-getwid-tabs__tab-content-wrapper\"><div class=\"wp-block-getwid-tabs__tab-content\">\n<p>Dilluns 8 de setembre de 2025<\/p>\n<\/div><\/div>\n\n\n\n<div class=\"wp-block-getwid-tabs__nav-link\"><span class=\"wp-block-getwid-tabs__title-wrapper\"><a href=\"#\"><span class=\"wp-block-getwid-tabs__title\">Jornada compactada<\/span><\/a><\/span><\/div><div class=\"wp-block-getwid-tabs__tab-content-wrapper\"><div class=\"wp-block-getwid-tabs__tab-content\">\n<p><strong>Desembre<\/strong>, divendres 19.<\/p>\n\n\n\n<p><strong>Febrer<\/strong>.<\/p>\n\n\n\n<p><strong>Juny <\/strong>del dilluns 8 a divendres 19.<\/p>\n<\/div><\/div>\n\n\n\n<div class=\"wp-block-getwid-tabs__nav-link\"><span class=\"wp-block-getwid-tabs__title-wrapper\"><a href=\"#\"><span class=\"wp-block-getwid-tabs__title\">Vacances<\/span><\/a><\/span><\/div><div class=\"wp-block-getwid-tabs__tab-content-wrapper\"><div class=\"wp-block-getwid-tabs__tab-content\">\n<p><strong>Nadal<\/strong>: 20 de desembre a  7 de gener de 2025.<\/p>\n\n\n\n<p><strong>Setmana Santa<\/strong>: del 28 de mar\u00e7 al  6 d&#8217;abril.<\/p>\n\n\n\n<p><strong>Estiu<\/strong>: divendres 19 de juny.<\/p>\n<\/div><\/div>\n\n\n\n<div class=\"wp-block-getwid-tabs__nav-link\"><span class=\"wp-block-getwid-tabs__title-wrapper\"><a href=\"#\"><span class=\"wp-block-getwid-tabs__title\">Dies festius i lliure disposici\u00f3.<\/span><\/a><\/span><\/div><div class=\"wp-block-getwid-tabs__tab-content-wrapper\"><div class=\"wp-block-getwid-tabs__tab-content\">\n<p><strong>Setembre<\/strong>: dijous 11<\/p>\n\n\n\n<p><strong>Novembre<\/strong>: dilluns 3<\/p>\n\n\n\n<p><strong>Desembre<\/strong>: dilluns 8<\/p>\n\n\n\n<p><strong>Febrer<\/strong>: dijous 12(St.Eul\u00e0lia)  divendres 13 ,dilluns 16 i dimarts 17  (Carnaval)<\/p>\n\n\n\n<p><strong>Maig<\/strong>: divendres 1 i dilluns 4<\/p>\n<\/div><\/div>\n<\/div>\n\n\n\n<div data-wp-interactive=\"core\/file\" class=\"wp-block-file\"><object data-wp-bind--hidden=\"!state.hasPdfPreview\" hidden class=\"wp-block-file__embed\" data=\"https:\/\/agora.xtec.cat\/ceipmediterrania\/wp-content\/uploads\/usu1771\/2025\/09\/CALENDARI-25-26-ESCOLA-MEDITERRANIA.pdf\" type=\"application\/pdf\" style=\"width:100%;height:600px\" aria-label=\"Incrustaci\u00f3 del fitxer CALENDARI 25-26 ESCOLA MEDITERR\u00c0NIA.\"><\/object><a id=\"wp-block-file--media-72e25ae6-cb0e-4d33-b36c-77c8186d6a28\" href=\"https:\/\/agora.xtec.cat\/ceipmediterrania\/wp-content\/uploads\/usu1771\/2025\/09\/CALENDARI-25-26-ESCOLA-MEDITERRANIA.pdf\">CALENDARI 25-26 ESCOLA MEDITERR\u00c0NIA<\/a><a href=\"https:\/\/agora.xtec.cat\/ceipmediterrania\/wp-content\/uploads\/usu1771\/2025\/09\/CALENDARI-25-26-ESCOLA-MEDITERRANIA.pdf\" class=\"wp-block-file__button wp-element-button\" download aria-describedby=\"wp-block-file--media-72e25ae6-cb0e-4d33-b36c-77c8186d6a28\">Baixa<\/a><\/div>\n","protected":false},"excerpt":{"rendered":"","protected":false},"author":1,"featured_media":0,"parent":0,"menu_order":0,"comment_status":"closed","ping_status":"close","template":"","meta":{"_bbp_topic_count":0,"_bbp_reply_count":0,"_bbp_total_topic_count":0,"_bbp_total_reply_count":0,"_bbp_voice_count":0,"_bbp_anonymous_reply_count":0,"_bbp_topic_count_hidden":0,"_bbp_reply_count_hidden":0,"_bbp_forum_subforum_count":0,"site-sidebar-layout":"default","site-content-layout":"","ast-site-content-layout":"default","site-content-style":"default","site-sidebar-style":"default","ast-global-header-display":"","ast-banner-title-visibility":"","ast-main-header-display":"","ast-hfb-above-header-display":"","ast-hfb-below-header-display":"","ast-hfb-mobile-header-display":"","site-post-title":"","ast-breadcrumbs-content":"","ast-featured-img":"","footer-sml-layout":"","theme-transparent-header-meta":"","adv-header-id-meta":"","stick-header-meta":"","header-above-stick-meta":"","header-main-stick-meta":"","header-below-stick-meta":"","astra-migrate-meta-layouts":"set","ast-page-background-enabled":"default","ast-page-background-meta":{"desktop":{"background-color":"var(--ast-global-color-4)","background-image":"","background-repeat":"repeat","background-position":"center center","background-size":"auto","background-attachment":"scroll","background-type":"","background-media":"","overlay-type":"","overlay-color":"","overlay-opacity":"","overlay-gradient":""},"tablet":{"background-color":"","background-image":"","background-repeat":"repeat","background-position":"center center","background-size":"auto","background-attachment":"scroll","background-type":"","background-media":"","overlay-type":"","overlay-color":"","overlay-opacity":"","overlay-gradient":""},"mobile":{"background-color":"","background-image":"","background-repeat":"repeat","background-position":"center center","background-size":"auto","background-attachment":"scroll","background-type":"","background-media":"","overlay-type":"","overlay-color":"","overlay-opacity":"","overlay-gradient":""}},"ast-content-background-meta":{"desktop":{"background-color":"var(--ast-global-color-5)","background-image":"","background-repeat":"repeat","background-position":"center center","background-size":"auto","background-attachment":"scroll","background-type":"","background-media":"","overlay-type":"","overlay-color":"","overlay-opacity":"","overlay-gradient":""},"tablet":{"background-color":"var(--ast-global-color-5)","background-image":"","background-repeat":"repeat","background-position":"center center","background-size":"auto","background-attachment":"scroll","background-type":"","background-media":"","overlay-type":"","overlay-color":"","overlay-opacity":"","overlay-gradient":""},"mobile":{"background-color":"var(--ast-global-color-5)","background-image":"","background-repeat":"repeat","background-position":"center center","background-size":"auto","background-attachment":"scroll","background-type":"","background-media":"","overlay-type":"","overlay-color":"","overlay-opacity":"","overlay-gradient":""}},"footnotes":""},"class_list":["post-4309","page","type-page","status-publish","hentry"],"post_mailing_queue_ids":[],"_links":{"self":[{"href":"https:\/\/agora.xtec.cat\/ceipmediterrania\/wp-json\/wp\/v2\/pages\/4309","targetHints":{"allow":["GET"]}}],"collection":[{"href":"https:\/\/agora.xtec.cat\/ceipmediterrania\/wp-json\/wp\/v2\/pages"}],"about":[{"href":"https:\/\/agora.xtec.cat\/ceipmediterrania\/wp-json\/wp\/v2\/types\/page"}],"author":[{"embeddable":true,"href":"https:\/\/agora.xtec.cat\/ceipmediterrania\/wp-json\/wp\/v2\/users\/1"}],"replies":[{"embeddable":true,"href":"https:\/\/agora.xtec.cat\/ceipmediterrania\/wp-json\/wp\/v2\/comments?post=4309"}],"version-history":[{"count":6,"href":"https:\/\/agora.xtec.cat\/ceipmediterrania\/wp-json\/wp\/v2\/pages\/4309\/revisions"}],"predecessor-version":[{"id":5576,"href":"https:\/\/agora.xtec.cat\/ceipmediterrania\/wp-json\/wp\/v2\/pages\/4309\/revisions\/5576"}],"wp:attachment":[{"href":"https:\/\/agora.xtec.cat\/ceipmediterrania\/wp-json\/wp\/v2\/media?parent=4309"}],"curies":[{"name":"wp","href":"https:\/\/api.w.org\/{rel}","templated":true}]}}

<figure class="wp-block-image size-full"><a href="https://agora.xtec.cat/ceipmediterrania/wp-content/uploads/usu1771/2023/06/claendari.jpg"><img loading="lazy" decoding="async" width="960" height="230" src="https://agora.xtec.cat/ceipmediterrania/wp-content/uploads/usu1771/2023/06/claendari.jpg" alt="" class="wp-image-3073" srcset="https://agora.xtec.cat/ceipmediterrania/wp-content/uploads/usu1771/2023/06/claendari.jpg 960w, https://agora.xtec.cat/ceipmediterrania/wp-content/uploads/usu1771/2023/06/claendari-300x72.jpg 300w, https://agora.xtec.cat/ceipmediterrania/wp-content/uploads/usu1771/2023/06/claendari-768x184.jpg 768w" sizes="auto, (max-width: 960px) 100vw, 960px" /></a></figure>



<div class="wp-block-getwid-tabs" data-active-tab="0"><ul class="wp-block-getwid-tabs__nav-links"></ul>
<div class="wp-block-getwid-tabs__nav-link"><span class="wp-block-getwid-tabs__title-wrapper"><a href="#"><span class="wp-block-getwid-tabs__title">Horari del centre.</span></a></span></div><div class="wp-block-getwid-tabs__tab-content-wrapper"><div class="wp-block-getwid-tabs__tab-content">
<p>L&#8217;horari lectiu és de 9 a 12:30h i de 15h a 16:30h.</p>
</div></div>



<div class="wp-block-getwid-tabs__nav-link"><span class="wp-block-getwid-tabs__title-wrapper"><a href="#"><span class="wp-block-getwid-tabs__title">Horari jornada compactada.</span></a></span></div><div class="wp-block-getwid-tabs__tab-content-wrapper"><div class="wp-block-getwid-tabs__tab-content">
<p>Els dies d&#8217;horari compactat l´horari és de 9h a 13h. Els alumnes que utilitzen el servei de menjador surten a les 15h.</p>
</div></div>



<div class="wp-block-getwid-tabs__nav-link"><span class="wp-block-getwid-tabs__title-wrapper"><a href="#"><span class="wp-block-getwid-tabs__title">Adaptació Educació Infantil.</span></a></span></div><div class="wp-block-getwid-tabs__tab-content-wrapper"><div class="wp-block-getwid-tabs__tab-content">
<p>Per l&#8217;alumnat que inicia l&#8217;escolarització a I3 s&#8217;organitza un breu període d&#8217;adaptació que suposa una certa modificació dels horaris la primera setmana de classes, i que es fa saber a les famílies en les reunions prèvies corresponents.</p>
</div></div>



<div class="wp-block-getwid-tabs__nav-link"><span class="wp-block-getwid-tabs__title-wrapper"><a href="#"><span class="wp-block-getwid-tabs__title">Inici de curs</span></a></span></div><div class="wp-block-getwid-tabs__tab-content-wrapper"><div class="wp-block-getwid-tabs__tab-content">
<p>Dilluns 8 de setembre de 2025</p>
</div></div>



<div class="wp-block-getwid-tabs__nav-link"><span class="wp-block-getwid-tabs__title-wrapper"><a href="#"><span class="wp-block-getwid-tabs__title">Jornada compactada</span></a></span></div><div class="wp-block-getwid-tabs__tab-content-wrapper"><div class="wp-block-getwid-tabs__tab-content">
<p><strong>Desembre</strong>, divendres 19.</p>



<p><strong>Febrer</strong>.</p>



<p><strong>Juny </strong>del dilluns 8 a divendres 19.</p>
</div></div>



<div class="wp-block-getwid-tabs__nav-link"><span class="wp-block-getwid-tabs__title-wrapper"><a href="#"><span class="wp-block-getwid-tabs__title">Vacances</span></a></span></div><div class="wp-block-getwid-tabs__tab-content-wrapper"><div class="wp-block-getwid-tabs__tab-content">
<p><strong>Nadal</strong>: 20 de desembre a  7 de gener de 2025.</p>



<p><strong>Setmana Santa</strong>: del 28 de març al  6 d&#8217;abril.</p>



<p><strong>Estiu</strong>: divendres 19 de juny.</p>
</div></div>



<div class="wp-block-getwid-tabs__nav-link"><span class="wp-block-getwid-tabs__title-wrapper"><a href="#"><span class="wp-block-getwid-tabs__title">Dies festius i lliure disposició.</span></a></span></div><div class="wp-block-getwid-tabs__tab-content-wrapper"><div class="wp-block-getwid-tabs__tab-content">
<p><strong>Setembre</strong>: dijous 11</p>



<p><strong>Novembre</strong>: dilluns 3</p>



<p><strong>Desembre</strong>: dilluns 8</p>



<p><strong>Febrer</strong>: dijous 12(St.Eulàlia)  divendres 13 ,dilluns 16 i dimarts 17  (Carnaval)</p>



<p><strong>Maig</strong>: divendres 1 i dilluns 4</p>
</div></div>
</div>



<div data-wp-interactive="core/file" class="wp-block-file"><object data-wp-bind--hidden="!state.hasPdfPreview" hidden class="wp-block-file__embed" data="https://agora.xtec.cat/ceipmediterrania/wp-content/uploads/usu1771/2025/09/CALENDARI-25-26-ESCOLA-MEDITERRANIA.pdf" type="application/pdf" style="width:100%;height:600px" aria-label="Incrustació del fitxer CALENDARI 25-26 ESCOLA MEDITERRÀNIA."></object><a id="wp-block-file--media-72e25ae6-cb0e-4d33-b36c-77c8186d6a28" href="https://agora.xtec.cat/ceipmediterrania/wp-content/uploads/usu1771/2025/09/CALENDARI-25-26-ESCOLA-MEDITERRANIA.pdf">CALENDARI 25-26 ESCOLA MEDITERRÀNIA</a><a href="https://agora.xtec.cat/ceipmediterrania/wp-content/uploads/usu1771/2025/09/CALENDARI-25-26-ESCOLA-MEDITERRANIA.pdf" class="wp-block-file__button wp-element-button" download aria-describedby="wp-block-file--media-72e25ae6-cb0e-4d33-b36c-77c8186d6a28">Baixa</a></div>
